000
CXUS51 KRNK 011230
CF6LYH
PRELIMINARY LOCAL CLIMATOLOGICAL DATA (WS FORM: F-6)
STATION: LYNCHBURG VA
MONTH: JANUARY
YEAR: 2023
LATITUDE: 37 19 N
LONGITUDE: 79 12 W
TEMPERATURE IN F: :PCPN: SNOW: WIND :SUNSHINE: SKY :PK WND
================================================================================
1 2 3 4 5 6A 6B 7 8 9 10 11 12 13 14 15 16 17 18
12Z AVG MX 2MIN
DY MAX MIN AVG DEP HDD CDD WTR SNW DPTH SPD SPD DIR MIN PSBL S-S WX SPD DR
================================================================================
1 67 41 54 18 11 0 0.00 0.0 0 3.2 10 230 M M 3 12 14 280
2 67 38 53 17 12 0 0.00 0.0 0 3.8 9 180 M M 1 12 13 230
3 68 49 59 23 6 0 0.00 0.0 0 9.9 21 200 M M 3 1 28 190
4 64 54 59 23 6 0 0.22 0.0 0 7.8 18 190 M M 4 1 22 200
5 64 38 51 15 14 0 0.00 0.0 0 3.5 15 200 M M 1 1 19 230
6 55 33 44 8 21 0 0.00 0.0 0 4.9 14 300 M M 1 22 300
7 55 27 41 5 24 0 0.00 0.0 0 3.4 13 200 M M 0 16 280
8 38 28 33 -3 32 0 0.52 0.1 0 1.0 8 50 M M 8 14 10 40
9 53 26 40 4 25 0 0.00 0.0 0 3.3 10 10 M M 3 12 14 320
10 52 24 38 2 27 0 0.00 0.0 0 1.3 7 180 M M 1 10 210
11 49 27 38 2 27 0 T 0.0 0 3.8 12 30 M M 4 14 20
12 53 36 45 9 20 0 0.61 0.0 0 4.4 16 180 M M 9 13 21 300
13 52 39 46 10 19 0 0.16 0.0 0 6.6 14 340 M M 6 1 24 10
14 45 28 37 1 28 0 0.00 0.0 0 7.9 16 320 M M 5 26 20
15 51 22 37 1 28 0 0.00 0.0 0 4.2 12 20 M M 0 19 310
16 58 24 41 5 24 0 0.00 0.0 0 2.3 8 250 M M 0 13 200
17 52 38 45 9 20 0 0.25 0.0 0 5.2 12 210 M M 6 1 15 220
18 66 35 51 15 14 0 0.00 0.0 0 3.2 14 270 M M 1 12 22 260
19 53 43 48 12 17 0 0.08 0.0 0 5.1 12 30 M M 9 12 15 70
20 55 37 46 10 19 0 0.00 0.0 0 7.9 20 290 M M 4 32 300
21 47 31 39 3 26 0 0.00 0.0 0 1.9 10 290 M M 5 14 290
22 40 30 35 -1 30 0 0.18 0.0 0 4.2 9 20 M M 8 1 15 40
23 50 31 41 5 24 0 T 0.0 0 6.7 17 290 M M 8 28 270
24 54 26 40 4 25 0 0.00 0.0 0 3.4 10 190 M M 0 12 190
25 40 35 38 2 27 0 0.70 0.0 0 6.0 15 40 M M 8 1 20 30
26 50 37 44 8 21 0 0.00 0.0 0 7.2 17 240 M M 7 1 28 260
27 46 30 38 2 27 0 0.00 0.0 0 3.8 14 310 M M 4 20 310
28 59 28 44 8 21 0 0.00 0.0 0 3.8 15 210 M M 0 23 240
29 45 33 39 3 26 0 0.21 0.0 0 4.3 14 190 M M 6 1 18 190
30 63 41 52 16 13 0 0.00 0.0 0 2.1 9 260 M M 6 1 15 270
31 54 38 46 10 19 0 0.12 0.0 0 5.8 15 40 M M 7 12 18 30
================================================================================
SM 1665 1047 653 0 3.05 0.1 141.9 M 128
================================================================================
AV 53.7 33.8 4.6 FASTST M M 4 MAX(MPH)
MISC ----> 21 200 32 300
================================================================================
NOTES:
# LAST OF SEVERAL OCCURRENCES
COLUMN 17 PEAK WIND IN M.P.H.
PRELIMINARY LOCAL CLIMATOLOGICAL DATA (WS FORM: F-6) , PAGE 2
STATION: LYNCHBURG VA
MONTH: JANUARY
YEAR: 2023
LATITUDE: 37 19 N
LONGITUDE: 79 12 W
[TEMPERATURE DATA] [PRECIPITATION DATA] SYMBOLS USED IN COLUMN 16
AVERAGE MONTHLY: 43.7 TOTAL FOR MONTH: 3.05 1 = FOG OR MIST
DPTR FM NORMAL: 7.8 DPTR FM NORMAL: -0.41 2 = FOG REDUCING VISIBILITY
HIGHEST: 68 ON 3 GRTST 24HR 0.86 ON 31- 1 TO 1/4 MILE OR LESS
LOWEST: 22 ON 15 3 = THUNDER
SNOW, ICE PELLETS, HAIL 4 = ICE PELLETS
TOTAL MONTH: 0.1 INCH 5 = HAIL
GRTST 24HR 0.1 ON 8- 8 6 = FREEZING RAIN OR DRIZZLE
GRTST DEPTH: 0 7 = DUSTSTORM OR SANDSTORM:
VSBY 1/2 MILE OR LESS
8 = SMOKE OR HAZE
[NO. OF DAYS WITH] [WEATHER - DAYS WITH] 9 = BLOWING SNOW
X = TORNADO
MAX 32 OR BELOW: 0 0.01 INCH OR MORE: 10
MAX 90 OR ABOVE: 0 0.10 INCH OR MORE: 9
MIN 32 OR BELOW: 14 0.50 INCH OR MORE: 3
MIN 0 OR BELOW: 0 1.00 INCH OR MORE: 0
[HDD (BASE 65) ]
TOTAL THIS MO. 653 CLEAR (SCALE 0-3) 13
DPTR FM NORMAL -249 PTCLDY (SCALE 4-7) 12
TOTAL FM JUL 1 2198 CLOUDY (SCALE 8-10) 6
DPTR FM NORMAL -379
[CDD (BASE 65) ]
TOTAL THIS MO. 0
DPTR FM NORMAL 0 [PRESSURE DATA]
TOTAL FM JAN 1 0 HIGHEST SLP 30.38 ON 8
DPTR FM NORMAL 0 LOWEST SLP 29.61 ON 26
[REMARKS]
#FINAL-01-23#