602
CXUS51 KRNK 010820
CF6LYH
PRELIMINARY LOCAL CLIMATOLOGICAL DATA (WS FORM: F-6)
STATION: LYNCHBURG VA
MONTH: FEBRUARY
YEAR: 2021
LATITUDE: 37 19 N
LONGITUDE: 79 12 W
TEMPERATURE IN F: :PCPN: SNOW: WIND :SUNSHINE: SKY :PK WND
================================================================================
1 2 3 4 5 6A 6B 7 8 9 10 11 12 13 14 15 16 17 18
12Z AVG MX 2MIN
DY MAX MIN AVG DEP HDD CDD WTR SNW DPTH SPD SPD DIR MIN PSBL S-S WX SPD DR
================================================================================
1 42 32 37 1 28 0 0.01 T 2 3.8 14 40 M M 10 6 15 40
2 41 30 36 0 29 0 T T 1 5.7 14 280 M M 5 23 300
3 47 26 37 1 28 0 0.00 0.0 T 5.1 14 270 M M 1 22 270
4 50 19 35 -1 30 0 T 0.0 T 4.8 13 190 M M 2 17 200
5 54 33 44 8 21 0 0.09 0.0 0 6.7 17 260 M M 3 25 260
6 53 30 42 5 23 0 T 0.0 0 5.2 20 180 M M 2 25 170
7 50 28 39 2 26 0 0.49 1.0 0 4.3 13 280 M M 6 1 22 260
8 46 21 34 -3 31 0 0.00 0.0 0 3.2 13 200 M M 1 18 140
9 63 30 47 10 18 0 0.00 0.0 0 2.1 13 280 M M 4 20 270
10 45 37 41 4 24 0 T 0.0 0 4.9 12 40 M M 10 15 210
11 39 32 36 -1 29 0 0.42 0.2 T 7.7 20 50 M M 10 146 27 50
12 32 29 31 -7 34 0 0.16 0.1 T 9.9 16 30 M M 10 146 21 40
13 34 30 32 -6 33 0 0.48 0.0 T 9.1 15 40 M M 10 16 21 20
14 37 33 35 -3 30 0 0.05 0.0 0 8.2 15 30 M M 10 1 19 40
15 37 34 36 -2 29 0 0.71 0.0 0 8.0 15 40 M M 10 1 17 40
16 53 28 41 3 24 0 0.01 0.0 0 8.6 18 270 M M 6 1 28 290
17 41 25 33 -5 32 0 0.00 0.0 0 6.4 14 60 M M 1 16 60
18 33 28 31 -8 34 0 0.51 0.3 T 8.1 17 50 M M 10 146 22 30
19 45 28 37 -2 28 0 0.01 0.0 T 3.7 9 270 M M 7 16 14 290
20 36 23 30 -9 35 0 0.00 0.0 0 5.1 15 290 M M 0 25 270
21 42 17 30 -9 35 0 0.00 0.0 0 3.1 10 170 M M 0 14 140
22 46 27 37 -3 28 0 0.52 0.0 0 6.1 15 200 M M 5 16 20 190
23 65 33 49 9 16 0 0.00 0.0 0 6.6 24 290 M M 0 38 300
24 69 31 50 10 15 0 0.00 0.0 0 7.0 23 190 M M 0 28 190
25 62 40 51 11 14 0 0.00 0.0 0 4.0 12 10 M M 0 16 310
26 48 35 42 2 23 0 0.29 T T 8.7 14 40 M M 9 14 20 50
27 49 36 43 2 22 0 0.18 0.0 0 4.8 13 210 M M 9 1 18 20
28 52 47 50 9 15 0 0.31 0.0 0 3.3 12 40 M M 10 12 17 360
================================================================================
SM 1311 842 734 0 4.24 1.6 164.2 M 151
================================================================================
AV 46.8 30.1 5.9 FASTST M M 5 MAX(MPH)
MISC ----> 24 290 38 300
================================================================================
NOTES:
# LAST OF SEVERAL OCCURRENCES
COLUMN 17 PEAK WIND IN M.P.H.
PRELIMINARY LOCAL CLIMATOLOGICAL DATA (WS FORM: F-6) , PAGE 2
STATION: LYNCHBURG VA
MONTH: FEBRUARY
YEAR: 2021
LATITUDE: 37 19 N
LONGITUDE: 79 12 W
[TEMPERATURE DATA] [PRECIPITATION DATA] SYMBOLS USED IN COLUMN 16
AVERAGE MONTHLY: 38.4 TOTAL FOR MONTH: 4.24 1 = FOG OR MIST
DPTR FM NORMAL: 0.2 DPTR FM NORMAL: 1.31 2 = FOG REDUCING VISIBILITY
HIGHEST: 69 ON 24 GRTST 24HR 0.72 ON 15-16 TO 1/4 MILE OR LESS
LOWEST: 17 ON 21 3 = THUNDER
SNOW, ICE PELLETS, HAIL 4 = ICE PELLETS
TOTAL MONTH: 6.3 INCHES 5 = HAIL
GRTST 24HR 1.0 ON 7- 7 6 = FREEZING RAIN OR DRIZZLE
GRTST DEPTH: 5 ON M 7 = DUSTSTORM OR SANDSTORM:
VSBY 1/2 MILE OR LESS
8 = SMOKE OR HAZE
[NO. OF DAYS WITH] [WEATHER - DAYS WITH] 9 = BLOWING SNOW
X = TORNADO
MAX 32 OR BELOW: 1 0.01 INCH OR MORE: 15
MAX 90 OR ABOVE: 0 0.10 INCH OR MORE: 10
MIN 32 OR BELOW: 19 0.50 INCH OR MORE: 3
MIN 0 OR BELOW: 0 1.00 INCH OR MORE: 0
[HDD (BASE 65) ]
TOTAL THIS MO. 734 CLEAR (SCALE 0-3) 11
DPTR FM NORMAL -18 PTCLDY (SCALE 4-7) 6
TOTAL FM JUL 1 2912 CLOUDY (SCALE 8-10) 11
DPTR FM NORMAL -512
[CDD (BASE 65) ]
TOTAL THIS MO. 0
DPTR FM NORMAL 0 [PRESSURE DATA]
TOTAL FM JAN 1 0 HIGHEST SLP 30.61 ON 21
DPTR FM NORMAL 0 LOWEST SLP 29.65 ON 2
[REMARKS]
#FINAL-02-21#