000
CXUS54 KMAF 011722
CF6MAF
PRELIMINARY LOCAL CLIMATOLOGICAL DATA (WS FORM: F-6)
STATION: MIDLAND INTERNATIONAL AIRPORT
MONTH: JANUARY
YEAR: 2022
LATITUDE: 31 57 N
LONGITUDE: 102 11 W
TEMPERATURE IN F: :PCPN: SNOW: WIND :SUNSHINE: SKY :PK WND
================================================================================
1 2 3 4 5 6A 6B 7 8 9 10 11 12 13 14 15 16 17 18
12Z AVG MX 2MIN
DY MAX MIN AVG DEP HDD CDD WTR SNW DPTH SPD SPD DIR MIN PSBL S-S WX SPD DR
================================================================================
1 67 19 43 -2 22 0 0.03 T 0 18.4 33 260 M M 2 18 44 260
2 45 14 30 -15 35 0 0.00 0.0 0 8.9 25 350 M M 1 30 350
3 56 20 38 -7 27 0 0.00 0.0 0 7.9 17 210 M M 0 21 210
4 69 30 50 5 15 0 0.00 0.0 0 13.9 24 270 M M 0 28 260
5 59 36 48 3 17 0 0.00 0.0 0 8.2 20 50 M M 0 24 60
6 48 24 36 -9 29 0 0.00 0.0 0 11.9 26 40 M M 0 32 40
7 59 17 38 -7 27 0 0.00 0.0 0 9.4 16 180 M M 0 19 170
8 74 36 55 10 10 0 0.00 0.0 0 13.2 26 260 M M 0 32 240
9 55 34 45 0 20 0 0.00 0.0 0 13.8 24 20 M M 1 31 30
10 49 28 39 -6 26 0 0.00 0.0 0 4.9 14 30 M M 3 17 40
11 54 34 44 -1 21 0 0.00 0.0 0 7.9 18 180 M M 5 23 190
12 67 25 46 1 19 0 0.00 0.0 0 5.1 16 260 M M 0 8 23 260
13 70 27 49 4 16 0 0.00 0.0 0 3.4 10 330 M M 0 12 220
14 77 34 56 11 9 0 0.00 0.0 0 16.1 39 20 M M 2 78 51 20
15 49 23 36 -9 29 0 0.00 0.0 0 19.2 38 20 M M 2 8 45 20
16 67 21 44 -1 21 0 0.00 0.0 0 6.9 16 270 M M 0 22 230
17 68 24 46 0 19 0 0.00 0.0 0 9.1 17 220 M M 0 8 22 210
18 73 44 59 13 6 0 0.00 0.0 0 15.9 31 270 M M 0 37 260
19 64 33 49 3 16 0 T 0.0 0 17.9 26 50 M M 2 78 33 240
20 34 25 30 -16 35 0 0.00 0.0 0 13.1 24 30 M M 10 28 20
21 49 17 33 -13 32 0 0.00 0.0 0 9.1 17 140 M M 2 22 180
22 41 23 32 -14 33 0 0.00 0.0 0 7.6 12 70 M M 6 14 120
23 51 37 44 -2 21 0 0.00 0.0 0 4.0 10 210 M M 7 17 160
24 65 33 49 3 16 0 0.00 0.0 0 7.7 18 240 M M 2 22 230
25 63 24 44 -2 21 0 0.00 0.0 0 11.0 20 100 M M 0 26 90
26 41 22 32 -15 33 0 0.00 0.0 0 9.8 24 70 M M 10 18 31 80
27 55 27 41 -6 24 0 0.00 0.0 0 8.2 28 40 M M 4 128 33 40
28 52 22 37 -10 28 0 0.00 0.0 0 7.6 20 50 M M 1 26 40
29 57 21 39 -8 26 0 0.00 0.0 0 7.4 16 230 M M 0 19 220
30 66 32 49 2 16 0 0.01 0.0 0 7.4 17 160 M M 2 22 150
31 65 34 50 3 15 0 T 0.0 0 6.8 15 240 M M 0 1 18 240
================================================================================
SM 1809 840 684 0 0.04 T 311.7 M 62
================================================================================
AV 58.4 27.1 10.1 FASTST M M 2 MAX(MPH)
MISC ----> 39 20 51 20
================================================================================
NOTES:
# LAST OF SEVERAL OCCURRENCES
COLUMN 17 PEAK WIND IN M.P.H.
PRELIMINARY LOCAL CLIMATOLOGICAL DATA (WS FORM: F-6) , PAGE 2
STATION: MIDLAND INTERNATIONAL AIRPORT
MONTH: JANUARY
YEAR: 2022
LATITUDE: 31 57 N
LONGITUDE: 102 11 W
[TEMPERATURE DATA] [PRECIPITATION DATA] SYMBOLS USED IN COLUMN 16
AVERAGE MONTHLY: 42.7 TOTAL FOR MONTH: 0.04 1 = FOG OR MIST
DPTR FM NORMAL: -3.0 DPTR FM NORMAL: -0.62 2 = FOG REDUCING VISIBILITY
HIGHEST: 77 ON 14 GRTST 24HR 0.04 ON 31- 1 TO 1/4 MILE OR LESS
LOWEST: 14 ON 2 3 = THUNDER
SNOW, ICE PELLETS, HAIL 4 = ICE PELLETS
TOTAL MONTH: T 5 = HAIL
GRTST 24HR T ON 1- 1 6 = FREEZING RAIN OR DRIZZLE
GRTST DEPTH: 0 7 = DUSTSTORM OR SANDSTORM:
VSBY 1/2 MILE OR LESS
8 = SMOKE OR HAZE
[NO. OF DAYS WITH] [WEATHER - DAYS WITH] 9 = BLOWING SNOW
X = TORNADO
MAX 32 OR BELOW: 0 0.01 INCH OR MORE: 2
MAX 90 OR ABOVE: 0 0.10 INCH OR MORE: 0
MIN 32 OR BELOW: 21 0.50 INCH OR MORE: 0
MIN 0 OR BELOW: 0 1.00 INCH OR MORE: 0
[HDD (BASE 65) ]
TOTAL THIS MO. 684 CLEAR (SCALE 0-3) 25
DPTR FM NORMAL 84 PTCLDY (SCALE 4-7) 4
TOTAL FM JUL 1 1297 CLOUDY (SCALE 8-10) 2
DPTR FM NORMAL -304
[CDD (BASE 65) ]
TOTAL THIS MO. 0
DPTR FM NORMAL 0 [PRESSURE DATA]
TOTAL FM JAN 1 0 HIGHEST SLP 30.71 ON 10
DPTR FM NORMAL 0 LOWEST SLP 29.56 ON 1
[REMARKS]
#FINAL-01-22#