000
CXUS52 KTAE 010900
CF6MAI
PRELIMINARY LOCAL CLIMATOLOGICAL DATA (WS FORM: F-6)
STATION: MARIANNA
MONTH: NOVEMBER
YEAR: 2021
LATITUDE: 30 50 N
LONGITUDE: 85 11 W
TEMPERATURE IN F: :PCPN: SNOW: WIND :SUNSHINE: SKY :PK WND
================================================================================
1 2 3 4 5 6A 6B 7 8 9 10 11 12 13 14 15 16 17 18
12Z AVG MX 2MIN
DY MAX MIN AVG DEP HDD CDD WTR SNW DPTH SPD SPD DIR MIN PSBL S-S WX SPD DR
================================================================================
1 73 47 60 -4 5 0 0.00 0.0 0 2.0 9 340 M M 0 13 350
2 77 47 62 -1 3 0 0.00 0.0 M 2.9 12 350 M M 1 1 14 30
3 75 50 63 0 2 0 0.00 0.0 M 4.4 10 20 M M 0 13 30
4 71 52 62 -1 3 0 0.00 0.0 0 9.3 18 50 M M 3 22 60
5 55 47 51 -11 14 0 0.01 0.0 0 13.7 21 60 M M 7 27 40
6 66 41 54 -8 11 0 0.00 0.0 0 8.1 18 20 M M 0 22 40
7 72 40 56 -6 9 0 0.00 0.0 0 5.2 16 30 M M 0 21 30
8 75 39 57 -4 8 0 0.00 0.0 0 1.0 8 40 M M 0 10 40
9 76 39 58 -3 7 0 0.00 M M 1.2 8 110 M M 0 1 12 90
10 76 47 62 1 3 0 0.00 M M 1.7 10 170 M M 1 13 170
11 78 53 66 6 0 1 0.34 M M 4.7 15 190 M M 8 1 19 190
12 75 50 63 3 2 0 0.00 0.0 M 2.4 9 340 M M 0 1 12 340
13 66 41 54 -6 11 0 0.00 0.0 M 6.2 16 340 M M 0 23 300
14 63 35 49 -11 16 0 0.00 0.0 0 2.9 13 330 M M 0 17 310
15 71 41 56 -4 9 0 0.00 0.0 0 2.0 10 40 M M 0 12 30
16 76 40 58 -1 7 0 0.00 0.0 0 1.2 7 200 M M 0 11 200
17 79 43 61 2 4 0 0.00 0.0 0 2.8 12 170 M M 0 16 180
18 82 51 67 8 0 2 0.00 0.0 0 3.1 13 360 M M 2 1 18 360
19 70 50 60 2 5 0 0.00 0.0 0 9.1 16 20 M M 1 19 20
20 70 44 57 -1 8 0 0.00 0.0 0 8.8 17 70 M M 0 22 60
21 73 51 62 4 3 0 0.00 M M 3.9 12 50 M M 4 15 60
22 70 48 59 1 6 0 0.03 M M 6.1 20 340 M M 3 1 25 340
23 60 35 48 -10 17 0 0.00 0.0 0 5.7 14 40 M M 0 20 50
24 65 31 48 -9 17 0 0.00 0.0 0 2.7 14 90 M M 0 19 80
25 73 39 56 -1 9 0 0.00 0.0 0 3.3 9 200 M M 2 12 190
26 65 41 53 -4 12 0 0.02 0.0 0 8.8 18 340 M M 4 1 24 330
27 66 33 50 -7 15 0 0.00 0.0 0 1.0 7 60 M M 0 10 70
28 59 46 53 -4 12 0 T 0.0 0 4.1 12 290 M M 8 15 300
29 63 36 50 -6 15 0 0.00 0.0 0 5.2 17 320 M M 0 12 22 320
30 68 31 50 -6 15 0 0.00 M M 1.6 8 20 M M 0 12 30
================================================================================
SM 2108 1288 248 3 0.40 0.0 135.1 M 44
================================================================================
AV 70.3 42.9 4.5 FASTST M M 1 MAX(MPH)
MISC ----> 21 60 27 40
================================================================================
NOTES:
# LAST OF SEVERAL OCCURRENCES
COLUMN 17 PEAK WIND IN M.P.H.
PRELIMINARY LOCAL CLIMATOLOGICAL DATA (WS FORM: F-6) , PAGE 2
STATION: MARIANNA
MONTH: NOVEMBER
YEAR: 2021
LATITUDE: 30 50 N
LONGITUDE: 85 11 W
[TEMPERATURE DATA] [PRECIPITATION DATA] SYMBOLS USED IN COLUMN 16
AVERAGE MONTHLY: 56.6 TOTAL FOR MONTH: 0.40 1 = FOG OR MIST
DPTR FM NORMAL: -3.0 DPTR FM NORMAL: -3.27 2 = FOG REDUCING VISIBILITY
HIGHEST: 82 ON 18 GRTST 24HR 0.34 ON 11-11 TO 1/4 MILE OR LESS
LOWEST: 31 ON 30,24 3 = THUNDER
SNOW, ICE PELLETS, HAIL 4 = ICE PELLETS
TOTAL MONTH: 0.0 INCH 5 = HAIL
GRTST 24HR 0.0 6 = FREEZING RAIN OR DRIZZLE
GRTST DEPTH: 0 7 = DUSTSTORM OR SANDSTORM:
VSBY 1/2 MILE OR LESS
8 = SMOKE OR HAZE
[NO. OF DAYS WITH] [WEATHER - DAYS WITH] 9 = BLOWING SNOW
X = TORNADO
MAX 32 OR BELOW: 0 0.01 INCH OR MORE: 4
MAX 90 OR ABOVE: 0 0.10 INCH OR MORE: 1
MIN 32 OR BELOW: 2 0.50 INCH OR MORE: 0
MIN 0 OR BELOW: 0 1.00 INCH OR MORE: 0
[HDD (BASE 65) ]
TOTAL THIS MO. 248 CLEAR (SCALE 0-3) 24
DPTR FM NORMAL 47 PTCLDY (SCALE 4-7) 4
TOTAL FM JUL 1 273 CLOUDY (SCALE 8-10) 2
DPTR FM NORMAL 32
[CDD (BASE 65) ]
TOTAL THIS MO. 3
DPTR FM NORMAL -35 [PRESSURE DATA]
TOTAL FM JAN 1 2580 HIGHEST SLP 30.37 ON 24
DPTR FM NORMAL -157 LOWEST SLP 29.95 ON 22
[REMARKS]
#FINAL-11-21#