000
CXUS56 KHNX 012301
CF6MCE
PRELIMINARY LOCAL CLIMATOLOGICAL DATA (WS FORM: F-6)
STATION: MERCED CA AIRPORT
MONTH: MARCH
YEAR: 2024
LATITUDE: 37 16 N
LONGITUDE: 120 36 W
TEMPERATURE IN F: :PCPN: SNOW: WIND :SUNSHINE: SKY :PK WND
================================================================================
1 2 3 4 5 6A 6B 7 8 9 10 11 12 13 14 15 16 17 18
12Z AVG MX 2MIN
DY MAX MIN AVG DEP HDD CDD WTR SNW DPTH SPD SPD DIR MIN PSBL S-S WX SPD DR
================================================================================
1 60 52 56 3 9 0 1.04 0.0 0 9.5 16 130 M M 9 18 23 180
2 57 47 52 -2 13 0 0.11 0.0 0 9.9 17 240 M M 7 1 28 250
3 58 45 52 -2 13 0 0.05 0.0 0 5.5 13 140 M M 9 1 18 160
4 60 42 51 -3 14 0 0.00 0.0 0 2.3 9 280 M M 3 1 13 290
5 63 39 51 -3 14 0 0.00 0.0 0 4.2 12 140 M M 1 18 16 140
6 67 45 56 2 9 0 0.00 0.0 0 4.5 14 350 M M 4 18 340
7 64 43 54 0 11 0 T 0.0 0 6.7 17 340 M M 4 1 24 310
8 65 39 52 -2 13 0 T 0.0 0 2.2 12 190 M M 0 1 16 180
9 67 39 53 -2 12 0 0.00 0.0 0 3.8 10 360 M M 0 15 310
10 65 44 55 0 10 0 T 0.0 0 4.6 13 270 M M 1 1 19 280
11 67 40 54 -1 11 0 T 0.0 0 4.6 15 330 M M 3 21 330
12 65 48 57 2 8 0 0.14 0.0 0 4.8 15 360 M M 8 18 19 340
13 65 46 56 1 9 0 0.00 0.0 0 13.3 26 340 M M 0 36 350
14 71 40 56 1 9 0 T 0.0 0 9.3 21 320 M M 0 31 330
15 70 35 53 -2 12 0 0.00 0.0 0 4.4 10 130 M M 0 14 130
16 74 39 57 2 8 0 0.00 0.0 0 3.4 10 320 M M 0 17 270
17 74 40 57 2 8 0 0.00 0.0 0 2.5 8 360 M M 0 12 310
18 77 45 61 5 4 0 0.00 0.0 0 3.2 12 360 M M 0 15 360
19 79 45 62 6 3 0 0.00 0.0 0 4.2 12 350 M M 0 18 16 360
20 80 46 63 7 2 0 0.00 0.0 0 6.2 12 340 M M 0 16 340
21 75 50 63 7 2 0 0.00 0.0 0 6.0 15 330 M M 0 20 330
22 74 51 63 7 2 0 0.06 0.0 0 5.3 15 270 M M 1 26 300
23 62 46 54 -2 11 0 0.67 0.0 0 6.0 18 350 M M 6 1 28 260
24 65 44 55 -1 10 0 0.08 0.0 0 5.4 17 330 M M 6 1 24 340
25 66 43 55 -1 10 0 0.00 0.0 0 4.2 10 270 M M 1 15 260
26 68 43 56 0 9 0 0.00 0.0 0 3.5 10 360 M M 1 17 300
27 68 44 56 0 9 0 0.09 0.0 0 4.7 14 300 M M 4 1 21 290
28 65 49 57 1 8 0 0.24 0.0 0 5.5 14 360 M M 4 18 18 360
29 52 47 50 -6 15 0 0.00 0.0 0 3.8 6 320 M M 7 M M
30 65 49 57 0 8 0 T 0.0 0 8.6 18 140 M M M 23 170
31 67 45 56 -1 9 0 0.00 0.0 0 3.9 13 310 M M M 17 250
================================================================================
SM 2075 1370 285 0 2.48 0.0 166.0 M 79
================================================================================
AV 66.9 44.2 5.4 FASTST M M 3 MAX(MPH)
MISC ----> 26 340 36 350
================================================================================
NOTES:
# LAST OF SEVERAL OCCURRENCES
COLUMN 17 PEAK WIND IN M.P.H.
PRELIMINARY LOCAL CLIMATOLOGICAL DATA (WS FORM: F-6) , PAGE 2
STATION: MERCED CA AIRPORT
MONTH: MARCH
YEAR: 2024
LATITUDE: 37 16 N
LONGITUDE: 120 36 W
[TEMPERATURE DATA] [PRECIPITATION DATA] SYMBOLS USED IN COLUMN 16
AVERAGE MONTHLY: 55.6 TOTAL FOR MONTH: 2.48 1 = FOG OR MIST
DPTR FM NORMAL: 0.4 DPTR FM NORMAL: 0.66 2 = FOG REDUCING VISIBILITY
HIGHEST: 80 ON 20 GRTST 24HR 1.05 ON 1- 2 TO 1/4 MILE OR LESS
LOWEST: 35 ON 15 3 = THUNDER
SNOW, ICE PELLETS, HAIL 4 = ICE PELLETS
TOTAL MONTH: 0.0 INCH 5 = HAIL
GRTST 24HR 0.0 6 = FREEZING RAIN OR DRIZZLE
GRTST DEPTH: 0 7 = DUSTSTORM OR SANDSTORM:
VSBY 1/2 MILE OR LESS
8 = SMOKE OR HAZE
[NO. OF DAYS WITH] [WEATHER - DAYS WITH] 9 = BLOWING SNOW
X = TORNADO
MAX 32 OR BELOW: 0 0.01 INCH OR MORE: 9
MAX 90 OR ABOVE: 0 0.10 INCH OR MORE: 5
MIN 32 OR BELOW: 0 0.50 INCH OR MORE: 2
MIN 0 OR BELOW: 0 1.00 INCH OR MORE: 1
[HDD (BASE 65) ]
TOTAL THIS MO. 285 CLEAR (SCALE 0-3) 18
DPTR FM NORMAL -20 PTCLDY (SCALE 4-7) 9
TOTAL FM JUL 1 1808 CLOUDY (SCALE 8-10) 4
DPTR FM NORMAL -512
[CDD (BASE 65) ]
TOTAL THIS MO. 0
DPTR FM NORMAL -1 [PRESSURE DATA]
TOTAL FM JAN 1 0 HIGHEST SLP M ON M
DPTR FM NORMAL -1 LOWEST SLP 29.76 ON 15
[REMARKS]
#FINAL-03-24#