000
CXUS53 KEAX 141211
CLSMCI
CLIMATE REPORT
NATIONAL WEATHER SERVICE
709 AM CDT MON MAR 14 2022
...................................
...THE KANSAS CITY INTERNATIONAL MO CLIMATE SUMMARY FOR THE SEASON, FROM
12/1/2021 TO 2/28/2022...
CLIMATE NORMAL PERIOD: 1991 TO 2020
CLIMATE RECORD PERIOD: 1888 TO 2022
WEATHER OBSERVED NORMAL DEPART LAST YEAR`S
VALUE DATE(S) VALUE FROM VALUE DATE(S)
NORMAL
................................................................
TEMPERATURE (F)
RECORD
HIGH 81 02/24/1930
LOW -23 12/23/1989
12/22/1989
HIGHEST 74 12/15 67 7 69 02/23
LOWEST 1 01/02 0 1 -13 02/16
AVG. MAXIMUM 46.7 41.4 5.3 40.5
AVG. MINIMUM 23.0 22.3 0.7 22.1
MEAN 34.8 31.9 2.9 31.3
DAYS MAX >= 90 0 0.0 0.0 0
DAYS MAX <= 32 15 23.1 -8.1 18
DAYS MIN <= 32 67 73.9 -6.9 80
DAYS MIN <= 0 0 3.6 -3.6 5
PRECIPITATION (INCHES)
RECORD
MAXIMUM 8.62 1911
MINIMUM 0.58 1920
TOTALS 1.96 4.21 -2.25 4.26
DAILY AVG. 0.02 0.05 -0.03 0.05
DAYS >= .01 9 20.0 -11.0 22
DAYS >= .10 7 9.4 -2.4 9
DAYS >= .50 0 2.6 -2.6 3
DAYS >= 1.00 0 0.6 -0.6 1
GREATEST
24 HR. TOTAL 0.50 01/14 TO 01/15
SNOWFALL (INCHES)
RECORDS
TOTAL 53.3 1962
TOTALS 15.4 14.8 0.6 11.1
SINCE 7/1 15.4 16.2 -0.8 MM
DAYS >= TRACE 11 10.5 0.5 23
DAYS >= 1.0 4 4.7 -0.7 6
GREATEST
SNOW DEPTH 7R 02/18
24 HR TOTAL 10.1
DEGREE DAYS
HEATING TOTAL 2683 2985 -302 2984
COOLING TOTAL 0 0 0 0
................................................................
WIND (MPH)
AVERAGE WIND SPEED 11.3
HIGHEST WIND SPEED/DIRECTION 52/190 DATE 12/15
HIGHEST GUST SPEED/DIRECTION 66/190 DATE 12/15
SKY COVER
POSSIBLE SUNSHINE (PERCENT) MM
AVERAGE SKY COVER 0.45
NUMBER OF DAYS FAIR 39
NUMBER OF DAYS PC 35
NUMBER OF DAYS CLOUDY 16
AVERAGE RH (PERCENT) 58
WEATHER CONDITIONS. NUMBER OF DAYS WITH
THUNDERSTORM 1 MIXED PRECIP 0
HEAVY RAIN 1 RAIN 1
LIGHT RAIN 7 FREEZING RAIN 0
LT FREEZING RAIN 4 HAIL 0
HEAVY SNOW 2 SNOW 4
LIGHT SNOW 11 SLEET 2
FOG 20 FOG W/VIS <= 1/4 MILE 3
HAZE 32
- INDICATES NEGATIVE NUMBERS.
R INDICATES RECORD WAS SET OR TIED.
MM INDICATES DATA IS MISSING.
T INDICATES TRACE AMOUNT.
$$