000
CXUS53 KGLD 011741
CF6MCK
PRELIMINARY LOCAL CLIMATOLOGICAL DATA (WS FORM: F-6)
STATION: MCCOOK NE
MONTH: JANUARY
YEAR: 2023
LATITUDE: 40 13 N
LONGITUDE: 100 35 W
TEMPERATURE IN F: :PCPN: SNOW: WIND :SUNSHINE: SKY :PK WND
================================================================================
1 2 3 4 5 6A 6B 7 8 9 10 11 12 13 14 15 16 17 18
12Z AVG MX 2MIN
DY MAX MIN AVG DEP HDD CDD WTR SNW DPTH SPD SPD DIR MIN PSBL S-S WX SPD DR
================================================================================
1 44 31 38 10 27 0 0.00 M M 8.1 17 70 M M 1 18 23 80
2 35 30 33 5 32 0 0.92 M M 10.0 17 70 M M 9 16 25 70
3 M M M M M M 0.00 M M M M M M M M M M
4 M M M M M M M M M M M M M M M M M
5 35 M M M M M 0.00 M M M M M M M 0 18 M M
6 35 8 22 -6 43 0 0.00 M M 5.2 12 350 M M 1 18 14 30
7 36 20 28 0 37 0 0.00 M M 3.8 10 270 M M 5 18 12 250
8 37 17 27 -1 38 0 0.00 M M 7.2 15 270 M M 0 18 18 260
9 43 16 30 2 35 0 0.00 M M 8.0 17 260 M M 0 18 20 260
10 41 23 32 4 33 0 0.00 M M 4.9 13 240 M M 0 1 14 280
11 38 25 32 4 33 0 T M M 10.4 24 330 M M 5 1 32 330
12 38 25 32 3 33 0 0.00 M M 10.0 21 340 M M 0 25 340
13 43 20 32 3 33 0 0.00 M M 4.5 12 280 M M 0 18 15 270
14 43 28 36 7 29 0 0.00 M M 3.7 9 210 M M 0 10 210
15 37 24 31 2 34 0 T M M 5.8 21 360 M M 4 1 23 360
16 45 31 38 9 27 0 0.03 M M 12.2 20 300 M M 3 1 26 290
17 35 27 31 2 34 0 0.44 M M 6.0 21 80 M M 8 12 27 80
18 32 22 27 -2 38 0 0.35 M M 17.7 26 340 M M 10 1268 34 80
19 32 11 22 -7 43 0 0.00 M M 12.5 26 340 M M 5 18 37 340
20 28 8 18 -11 47 0 0.00 M M 7.6 14 270 M M 1 8 17 280
21 31 17 24 -5 41 0 T M M 7.8 15 330 M M 9 18 18 320
22 29 7 18 -11 47 0 0.00 M M 7.0 14 290 M M 1 1 17 300
23 34 6 20 -9 45 0 0.00 M M 7.7 14 270 M M 1 18 17 260
24 33 18 26 -3 39 0 0.00 M M 11.4 20 190 M M 6 1 25 190
25 30 16 23 -6 42 0 T M M 11.4 22 340 M M 6 26 330
26 36 29 33 4 32 0 0.00 M M 13.0 25 290 M M 6 33 290
27 40 32 36 7 29 0 0.00 M M 12.0 26 290 M M 4 35 300
28 33 6 20 -9 45 0 T M M 15.2 28 30 M M 6 18 33 40
29 6 0 3 -26 62 0 T M M 12.2 22 20 M M 10 8 26 10
30 10 2 6 -23 59 0 0.00 M M 4.9 13 30 M M 7 8 15 30
31 22 3 13 -16 52 0 0.00 M M 8.0 15 300 M M 3 19 290
================================================================================
SM 981 502 1089 0 1.74 M 248.2 M 111
================================================================================
AV 33.8 17.9 8.9 FASTST M M 4 MAX(MPH)
MISC ----> 28 30 37 340
================================================================================
NOTES:
# LAST OF SEVERAL OCCURRENCES
COLUMN 17 PEAK WIND IN M.P.H.
PRELIMINARY LOCAL CLIMATOLOGICAL DATA (WS FORM: F-6) , PAGE 2
STATION: MCCOOK NE
MONTH: JANUARY
YEAR: 2023
LATITUDE: 40 13 N
LONGITUDE: 100 35 W
[TEMPERATURE DATA] [PRECIPITATION DATA] SYMBOLS USED IN COLUMN 16
AVERAGE MONTHLY: 25.9 TOTAL FOR MONTH: 1.74 1 = FOG OR MIST
DPTR FM NORMAL: -2.8 DPTR FM NORMAL: 1.48 2 = FOG REDUCING VISIBILITY
HIGHEST: 45 ON 16 GRTST 24HR 0.92 ON 2- 2 TO 1/4 MILE OR LESS
LOWEST: 0 ON 29 3 = THUNDER
SNOW, ICE PELLETS, HAIL 4 = ICE PELLETS
TOTAL MONTH: M 5 = HAIL
GRTST 24HR M ON M 6 = FREEZING RAIN OR DRIZZLE
GRTST DEPTH: M ON M 7 = DUSTSTORM OR SANDSTORM:
VSBY 1/2 MILE OR LESS
8 = SMOKE OR HAZE
[NO. OF DAYS WITH] [WEATHER - DAYS WITH] 9 = BLOWING SNOW
X = TORNADO
MAX 32 OR BELOW: 9 0.01 INCH OR MORE: 4
MAX 90 OR ABOVE: 0 0.10 INCH OR MORE: 3
MIN 32 OR BELOW: 28 0.50 INCH OR MORE: 1
MIN 0 OR BELOW: 1 1.00 INCH OR MORE: 0
[HDD (BASE 65) ]
TOTAL THIS MO. 1089 CLEAR (SCALE 0-3) 13
DPTR FM NORMAL -38 PTCLDY (SCALE 4-7) 12
TOTAL FM JUL 1 3439 CLOUDY (SCALE 8-10) 6
DPTR FM NORMAL -45
[CDD (BASE 65) ]
TOTAL THIS MO. 0
DPTR FM NORMAL 0 [PRESSURE DATA]
TOTAL FM JAN 1 0 HIGHEST SLP 30.60 ON 30
DPTR FM NORMAL 0 LOWEST SLP 29.44 ON 16
[REMARKS]
#FINAL-01-23#