000
CXUS54 KMAF 011210
CF6MDD
PRELIMINARY LOCAL CLIMATOLOGICAL DATA (WS FORM: F-6)
STATION: MIDLAND AIRPARK
MONTH: FEBRUARY
YEAR: 2022
LATITUDE: 32 2 N
LONGITUDE: 102 6 W
TEMPERATURE IN F: :PCPN: SNOW: WIND :SUNSHINE: SKY :PK WND
================================================================================
1 2 3 4 5 6A 6B 7 8 9 10 11 12 13 14 15 16 17 18
12Z AVG MX 2MIN
DY MAX MIN AVG DEP HDD CDD WTR SNW DPTH SPD SPD DIR MIN PSBL S-S WX SPD DR
================================================================================
1 66 43 55 M 10 0 M M M 8.7 14 60 M M 0 8 16 320
2 47 21 34 M 31 0 M M M 14.8 23 40 M M 8 1 25 40
3 24 15 20 M 45 0 M M M 13.5 17 330 M M 8 1 24 340
4 41 10 26 M 39 0 M M M 6.8 14 350 M M 0 17 290
5 51 18 35 M 30 0 M M M 9.5 16 200 M M 0 21 190
6 59 21 40 M 25 0 M M M 10.5 21 60 M M 0 32 60
7 54 26 40 M 25 0 M M M 6.5 12 10 M M 0 16 10
8 65 31 48 M 17 0 M M M 9.6 18 240 M M 0 24 240
9 66 29 48 M 17 0 M M M 5.2 10 150 M M 0 M M
10 66 29 48 M 17 0 M M M 3.3 9 230 M M 0 M M
11 73 40 57 M 8 0 M M M 12.6 18 30 M M 0 30 10
12 48 35 42 M 23 0 M M M 12.2 25 40 M M 3 8 35 40
13 63 24 44 M 21 0 M M M 4.6 12 180 M M 0 8 M M
14 72 38 55 M 10 0 M M M 10.2 14 170 M M 0 18 190
15 76 43 60 M 5 0 M M M 16.2 24 170 M M 0 30 170
16 78 50 64 M 1 0 0.01 M M 14.2 23 180 M M 1 44 280
17 57 31 44 M 21 0 M M M 13.4 21 360 M M 2 8 32 M
18 59 25 42 M 23 0 M M M 6.5 13 150 M M 0 16 200
19 65 32 49 M 16 0 M M M 8.5 17 150 M M 0 22 150
20 75 44 60 M 5 0 M M M 12.1 16 180 M M 0 22 190
21 74 46 60 M 5 0 0.02 M M 11.6 18 270 M M 3 8 37 250
22 67 31 49 M 16 0 M M M 15.1 22 70 M M 0 30 70
23 31 19 25 M 40 0 M M M 14.5 26 50 M M 6 31 50
24 50 19 35 M 30 0 M M M 7.7 14 70 M M 6 1 M M
25 44 22 33 M 32 0 M M M 10.8 16 90 M M 3 1 22 90
26 45 28 37 M 28 0 M M M 8.2 13 70 M M 5 M M
27 58 23 41 M 24 0 M M M 3.9 7 70 M M 0 M M
28 65 28 47 M 18 0 M M M 4.9 12 190 M M 0 M M
================================================================================
SM 1639 821 582 0 0.03 M 275.4 M 45
================================================================================
AV 58.5 29.3 9.8 FASTST M M 2 MAX(MPH)
MISC ----> 26 50 44 280
================================================================================
NOTES:
# LAST OF SEVERAL OCCURRENCES
COLUMN 17 PEAK WIND IN M.P.H.
PRELIMINARY LOCAL CLIMATOLOGICAL DATA (WS FORM: F-6) , PAGE 2
STATION: MIDLAND AIRPARK
MONTH: FEBRUARY
YEAR: 2022
LATITUDE: 32 2 N
LONGITUDE: 102 6 W
[TEMPERATURE DATA] [PRECIPITATION DATA] SYMBOLS USED IN COLUMN 16
AVERAGE MONTHLY: 43.9 TOTAL FOR MONTH: 0.03 1 = FOG OR MIST
DPTR FM NORMAL: 0.0 DPTR FM NORMAL: 0.03 2 = FOG REDUCING VISIBILITY
HIGHEST: 78 ON 16 GRTST 24HR 0.02 ON 21-21 TO 1/4 MILE OR LESS
LOWEST: 10 ON 4 3 = THUNDER
SNOW, ICE PELLETS, HAIL 4 = ICE PELLETS
TOTAL MONTH: M 5 = HAIL
GRTST 24HR M ON M 6 = FREEZING RAIN OR DRIZZLE
GRTST DEPTH: M ON M 7 = DUSTSTORM OR SANDSTORM:
VSBY 1/2 MILE OR LESS
8 = SMOKE OR HAZE
[NO. OF DAYS WITH] [WEATHER - DAYS WITH] 9 = BLOWING SNOW
X = TORNADO
MAX 32 OR BELOW: 2 0.01 INCH OR MORE: 2
MAX 90 OR ABOVE: 0 0.10 INCH OR MORE: 0
MIN 32 OR BELOW: 20 0.50 INCH OR MORE: 0
MIN 0 OR BELOW: 0 1.00 INCH OR MORE: 0
[HDD (BASE 65) ]
TOTAL THIS MO. 582 CLEAR (SCALE 0-3) 22
DPTR FM NORMAL M PTCLDY (SCALE 4-7) 6
TOTAL FM JUL 1 1705 CLOUDY (SCALE 8-10) 0
DPTR FM NORMAL M
[CDD (BASE 65) ]
TOTAL THIS MO. 0
DPTR FM NORMAL M [PRESSURE DATA]
TOTAL FM JAN 1 0 HIGHEST SLP M ON M
DPTR FM NORMAL M LOWEST SLP M ON M
[REMARKS]
#FINAL-02-22#