000
CXUS53 KPAH 010700
CF6MDH
PRELIMINARY LOCAL CLIMATOLOGICAL DATA (WS FORM: F-6)
STATION: CARBONDALE IL
MONTH: OCTOBER
YEAR: 2022
LATITUDE: 37 46 N
LONGITUDE: 89 15 W
TEMPERATURE IN F: :PCPN: SNOW: WIND :SUNSHINE: SKY :PK WND
================================================================================
1 2 3 4 5 6A 6B 7 8 9 10 11 12 13 14 15 16 17 18
12Z AVG MX 2MIN
DY MAX MIN AVG DEP HDD CDD WTR SNW DPTH SPD SPD DIR MIN PSBL S-S WX SPD DR
================================================================================
1 77 35 56 -7 9 0 0.00 M M 4.7 15 20 M M 0 12 23 10
2 80 39 60 -3 5 0 0.00 M M 5.6 16 20 M M 0 21 10
3 75 38 57 -5 8 0 0.00 M M 3.0 14 40 M M 0 12 18 30
4 77 33 55 -7 10 0 0.00 M M 0.8 9 70 M M 0 12 15 80
5 80 33 57 -5 8 0 0.00 M M 2.1 10 200 M M 1 12 13 230
6 82 48 65 4 0 0 0.00 M M 4.3 16 310 M M 2 18 23 320
7 70 44 57 -4 8 0 0.00 M M 7.1 17 330 M M 2 24 350
8 63 31 47 -13 18 0 0.00 M M 1.6 9 240 M M 1 12 14 300
9 73 30 52 -8 13 0 0.00 M M 3.1 14 230 M M 0 1 19 210
10 81 38 60 0 5 0 0.00 M M 5.8 14 240 M M 0 22 200
11 82 59 71 12 0 6 T M M 11.1 22 190 M M 4 30 190
12 75 47 61 2 4 0 0.11 M M 10.8 25 340 M M 3 13 39 330
13 70 34 52 -7 13 0 0.00 M M 8.0 24 280 M M 0 42 290
14 76 33 55 -3 10 0 0.00 M M 9.2 24 230 M M 2 35 230
15 68 40 54 -4 11 0 0.00 M M 2.6 10 330 M M 0 8 14 330
16 73 41 57 -1 8 0 0.00 M M 3.6 14 330 M M 3 19 320
17 52 29 41 -16 24 0 0.00 M M 10.1 23 320 M M 0 36 340
18 51 29 40 -17 25 0 0.00 M M 10.0 21 330 M M 0 29 330
19 58 26 42 -14 23 0 0.00 M M 5.6 16 240 M M 0 22 230
20 68 22 45 -11 20 0 0.00 M M 8.3 20 220 M M 0 26 190
21 77 44 61 5 4 0 0.00 M M 9.7 21 190 M M 0 8 31 190
22 78 55 67 12 0 2 0.00 M M 13.5 28 190 M M 0 40 200
23 81 63 72 17 0 7 0.00 M M 17.2 33 190 M M 2 8 49 190
24 79 64 72 18 0 7 0.00 M M 13.8 23 180 M M 3 32 180
25 72 45 59 5 6 0 0.50 M M 14.6 30 200 M M 10 13 40 200
26 61 36 49 -5 16 0 0.00 M M 8.2 17 360 M M 4 1 25 340
27 64 31 48 -5 17 0 0.00 M M 4.9 16 120 M M 1 12 23 70
28 67 31 49 -4 16 0 0.00 M M 2.7 13 70 M M 0 12 18 10
29 73 37 55 3 10 0 0.17 M M 3.8 14 50 M M 1 1 18 70
30 70 54 62 10 3 0 0.20 M M 7.0 16 150 M M 9 1 23 120
31 62 47 55 3 10 0 0.04 M M 3.8 12 290 M M 9 12 18 290
================================================================================
SM 2215 1236 304 22 1.02 M 216.6 M 57
================================================================================
AV 71.5 39.9 7.0 FASTST M M 2 MAX(MPH)
MISC ----> 33 190 49 190
================================================================================
NOTES:
# LAST OF SEVERAL OCCURRENCES
COLUMN 17 PEAK WIND IN M.P.H.
PRELIMINARY LOCAL CLIMATOLOGICAL DATA (WS FORM: F-6) , PAGE 2
STATION: CARBONDALE IL
MONTH: OCTOBER
YEAR: 2022
LATITUDE: 37 46 N
LONGITUDE: 89 15 W
[TEMPERATURE DATA] [PRECIPITATION DATA] SYMBOLS USED IN COLUMN 16
AVERAGE MONTHLY: 55.7 TOTAL FOR MONTH: 1.02 1 = FOG OR MIST
DPTR FM NORMAL: -1.7 DPTR FM NORMAL: -2.52 2 = FOG REDUCING VISIBILITY
HIGHEST: 82 ON 11, 6 GRTST 24HR 0.50 ON 25-25 TO 1/4 MILE OR LESS
LOWEST: 22 ON 20 3 = THUNDER
SNOW, ICE PELLETS, HAIL 4 = ICE PELLETS
TOTAL MONTH: M 5 = HAIL
GRTST 24HR M ON M 6 = FREEZING RAIN OR DRIZZLE
GRTST DEPTH: M ON M 7 = DUSTSTORM OR SANDSTORM:
VSBY 1/2 MILE OR LESS
8 = SMOKE OR HAZE
[NO. OF DAYS WITH] [WEATHER - DAYS WITH] 9 = BLOWING SNOW
X = TORNADO
MAX 32 OR BELOW: 0 0.01 INCH OR MORE: 5
MAX 90 OR ABOVE: 0 0.10 INCH OR MORE: 4
MIN 32 OR BELOW: 8 0.50 INCH OR MORE: 1
MIN 0 OR BELOW: 0 1.00 INCH OR MORE: 0
[HDD (BASE 65) ]
TOTAL THIS MO. 304 CLEAR (SCALE 0-3) 25
DPTR FM NORMAL 37 PTCLDY (SCALE 4-7) 3
TOTAL FM JUL 1 364 CLOUDY (SCALE 8-10) 3
DPTR FM NORMAL 49
[CDD (BASE 65) ]
TOTAL THIS MO. 22
DPTR FM NORMAL -9 [PRESSURE DATA]
TOTAL FM JAN 1 1531 HIGHEST SLP M ON M
DPTR FM NORMAL 163 LOWEST SLP 29.50 ON 25
[REMARKS]
#FINAL-10-22#