000
CXUS53 KPAH 010800
CF6MDH
PRELIMINARY LOCAL CLIMATOLOGICAL DATA (WS FORM: F-6)
STATION: CARBONDALE IL
MONTH: JANUARY
YEAR: 2022
LATITUDE: 37 46 N
LONGITUDE: 89 15 W
TEMPERATURE IN F: :PCPN: SNOW: WIND :SUNSHINE: SKY :PK WND
================================================================================
1 2 3 4 5 6A 6B 7 8 9 10 11 12 13 14 15 16 17 18
12Z AVG MX 2MIN
DY MAX MIN AVG DEP HDD CDD WTR SNW DPTH SPD SPD DIR MIN PSBL S-S WX SPD DR
================================================================================
1 62 34 48 14 17 0 1.72 M M 9.0 21 320 M M 10 1 32 310
2 34 23 29 -5 36 0 0.00 M M 14.7 21 340 M M 10 1 32 330
3 34 18 26 -8 39 0 0.00 M M 6.0 15 320 M M 4 20 330
4 38 22 30 -4 35 0 0.00 M M 14.6 33 200 M M 3 1 50 200
5 40 25 33 -1 32 0 0.00 M M 12.1 25 210 M M 0 36 200
6 25 12 19 -14 46 0 T M M 9.6 17 340 M M 6 18 23 330
7 22 8 15 -18 50 0 0.00 M M 5.3 13 350 M M 1 18 340
8 46 15 31 -2 34 0 0.08 M M 10.4 22 170 M M 8 1 30 170
9 48 21 35 2 30 0 0.17 M M 12.3 24 350 M M 5 1 36 360
10 42 17 30 -3 35 0 0.00 M M 5.5 14 250 M M 0 23 270
11 43 20 32 -1 33 0 0.00 M M 8.8 20 190 M M 0 24 200
12 54 35 45 12 20 0 0.00 M M 10.3 17 190 M M 0 22 210
13 51 27 39 6 26 0 T M M 4.4 14 350 M M 1 1 18 320
14 41 26 34 1 31 0 T M M 3.1 10 90 M M 3 18 14 90
15 40 29 35 2 30 0 T M M 10.5 18 40 M M 8 1 26 40
16 35 23 29 -4 36 0 T M M 10.7 20 310 M M 2 18 27 330
17 42 25 34 1 31 0 0.00 M M 8.8 22 320 M M 6 30 330
18 52 23 38 5 27 0 0.00 M M 11.1 28 200 M M 1 39 200
19 46 18 32 -1 33 0 T M M 13.7 23 360 M M 7 32 340
20 23 11 17 -16 48 0 0.00 M M 12.6 23 350 M M 3 32 340
21 27 9 18 -15 47 0 0.00 M M 4.6 9 50 M M 2 13 20
22 39 9 24 -9 41 0 0.00 M M 6.3 13 190 M M 0 17 210
23 48 22 35 2 30 0 0.00 M M 9.1 24 340 M M 2 31 340
24 48 25 37 4 28 0 0.00 M M 8.1 18 220 M M 8 24 220
25 31 17 24 -9 41 0 0.00 M M 11.4 20 340 M M 5 27 330
26 27 8 18 -15 47 0 0.00 M M 4.4 12 340 M M 0 17 350
27 38 17 28 -6 37 0 0.00 M M 7.7 16 320 M M 10 23 310
28 35 13 24 -10 41 0 T M M 10.3 25 340 M M 6 8 34 340
29 37 6 22 -12 43 0 0.00 M M 8.1 20 200 M M 0 27 200
30 43 24 34 0 31 0 0.00 M M 7.9 20 340 M M 0 29 320
31 52 23 38 4 27 0 0.00 M M 5.3 15 180 M M 1 8 20 180
================================================================================
SM 1243 605 1082 0 1.97 M 276.7 M 112
================================================================================
AV 40.1 19.5 8.9 FASTST M M 4 MAX(MPH)
MISC ----> 33 200 50 200
================================================================================
NOTES:
# LAST OF SEVERAL OCCURRENCES
COLUMN 17 PEAK WIND IN M.P.H.
PRELIMINARY LOCAL CLIMATOLOGICAL DATA (WS FORM: F-6) , PAGE 2
STATION: CARBONDALE IL
MONTH: JANUARY
YEAR: 2022
LATITUDE: 37 46 N
LONGITUDE: 89 15 W
[TEMPERATURE DATA] [PRECIPITATION DATA] SYMBOLS USED IN COLUMN 16
AVERAGE MONTHLY: 29.8 TOTAL FOR MONTH: 1.97 1 = FOG OR MIST
DPTR FM NORMAL: -3.4 DPTR FM NORMAL: -0.82 2 = FOG REDUCING VISIBILITY
HIGHEST: 62 ON 1 GRTST 24HR 2.40 ON 31- 1 TO 1/4 MILE OR LESS
LOWEST: 6 ON 29 3 = THUNDER
SNOW, ICE PELLETS, HAIL 4 = ICE PELLETS
TOTAL MONTH: M 5 = HAIL
GRTST 24HR M ON M 6 = FREEZING RAIN OR DRIZZLE
GRTST DEPTH: M ON M 7 = DUSTSTORM OR SANDSTORM:
VSBY 1/2 MILE OR LESS
8 = SMOKE OR HAZE
[NO. OF DAYS WITH] [WEATHER - DAYS WITH] 9 = BLOWING SNOW
X = TORNADO
MAX 32 OR BELOW: 6 0.01 INCH OR MORE: 3
MAX 90 OR ABOVE: 0 0.10 INCH OR MORE: 2
MIN 32 OR BELOW: 29 0.50 INCH OR MORE: 1
MIN 0 OR BELOW: 0 1.00 INCH OR MORE: 1
[HDD (BASE 65) ]
TOTAL THIS MO. 1082 CLEAR (SCALE 0-3) 17
DPTR FM NORMAL 98 PTCLDY (SCALE 4-7) 11
TOTAL FM JUL 1 2421 CLOUDY (SCALE 8-10) 3
DPTR FM NORMAL -334
[CDD (BASE 65) ]
TOTAL THIS MO. 0
DPTR FM NORMAL 0 [PRESSURE DATA]
TOTAL FM JAN 1 0 HIGHEST SLP M ON M
DPTR FM NORMAL 0 LOWEST SLP 29.61 ON 1
[REMARKS]
#FINAL-01-22#