000
CXUS55 KPAH 010700
CF6MDH
PRELIMINARY LOCAL CLIMATOLOGICAL DATA (WS FORM: F-6)
STATION: CARBONDALE IL
MONTH: MARCH
YEAR: 2021
LATITUDE: 37 46 N
LONGITUDE: 89 15 W
TEMPERATURE IN F: :PCPN: SNOW: WIND :SUNSHINE: SKY :PK WND
================================================================================
1 2 3 4 5 6A 6B 7 8 9 10 11 12 13 14 15 16 17 18
12Z AVG MX 2MIN
DY MAX MIN AVG DEP HDD CDD WTR SNW DPTH SPD SPD DIR MIN PSBL S-S WX SPD DR
================================================================================
1 49 32 41 -1 24 0 0.00 M M 7.5 20 340 M M 0 29 330
2 54 27 41 -1 24 0 0.00 M M 3.3 9 200 M M 0 14 170
3 67 32 50 8 15 0 0.00 M M 7.0 14 190 M M 0 19 190
4 64 33 49 6 16 0 0.00 M M 6.2 15 30 M M 0 21 50
5 47 34 41 -2 24 0 0.00 M M 8.0 16 60 M M 0 23 70
6 55 28 42 -1 23 0 0.00 M M 2.6 9 360 M M 2 1 13 360
7 65 27 46 2 19 0 0.00 M M 4.0 14 190 M M 0 17 180
8 67 38 53 9 12 0 0.00 M M 9.1 20 200 M M 0 26 190
9 70 37 54 10 11 0 0.00 M M 12.4 31 200 M M 0 44 210
10 70 53 62 18 3 0 0.00 M M 18.8 35 200 M M 6 49 210
11 71 51 61 16 4 0 1.76 M M 14.9 29 200 M M 7 13 39 200
12 59 47 53 8 12 0 1.13 M M 6.7 15 40 M M 8 13 20 30
13 56 46 51 5 14 0 T M M 7.1 15 60 M M 8 21 70
14 56 48 52 6 13 0 0.01 M M 11.2 22 80 M M 9 30 60
15 65 45 55 9 10 0 0.75 M M 8.7 22 80 M M 7 1 30 90
16 53 45 49 3 16 0 0.00 M M 4.6 10 70 M M 7 12 15 80
17 61 44 53 6 12 0 1.90 M M 9.2 24 170 M M 7 13 34 170
18 61 43 52 5 13 0 0.16 M M 12.2 24 10 M M 10 1 35 10
19 54 36 45 -2 20 0 0.00 M M 12.7 23 40 M M 3 31 40
20 62 34 48 0 17 0 0.00 M M 4.4 12 70 M M 0 16 60
21 68 31 50 2 15 0 0.00 M M 4.6 16 170 M M 1 12 24 140
22 67 38 53 5 12 0 0.00 M M 7.9 23 170 M M 2 31 150
23 63 52 58 9 7 0 0.04 M M 13.8 25 160 M M 7 18 36 180
24 73 51 62 13 3 0 0.00 M M 11.0 25 240 M M 1 33 240
25 62 49 56 7 9 0 0.59 M M 8.3 32 260 M M 6 18 46 240
26 64 49 57 7 8 0 T M M 5.4 17 290 M M 6 25 280
27 79 43 61 11 4 0 0.27 M M 10.2 23 170 M M 3 13 35 330
28 58 37 48 -2 17 0 0.01 M M 12.8 26 330 M M 3 38 310
29 66 33 50 0 15 0 0.00 M M 8.8 20 180 M M 0 28 180
30 72 47 60 9 5 0 0.15 M M 15.5 31 190 M M 4 1 45 200
31 56 37 47 -4 18 0 0.00 M M 12.8 26 340 M M 2 37 340
================================================================================
SM 1934 1247 415 0 6.77 M 281.7 M 109
================================================================================
AV 62.4 40.2 9.1 FASTST M M 4 MAX(MPH)
MISC ----> 35 200 49 210
================================================================================
NOTES:
# LAST OF SEVERAL OCCURRENCES
COLUMN 17 PEAK WIND IN M.P.H.
PRELIMINARY LOCAL CLIMATOLOGICAL DATA (WS FORM: F-6) , PAGE 2
STATION: CARBONDALE IL
MONTH: MARCH
YEAR: 2021
LATITUDE: 37 46 N
LONGITUDE: 89 15 W
[TEMPERATURE DATA] [PRECIPITATION DATA] SYMBOLS USED IN COLUMN 16
AVERAGE MONTHLY: 51.3 TOTAL FOR MONTH: 6.77 1 = FOG OR MIST
DPTR FM NORMAL: 4.9 DPTR FM NORMAL: 2.83 2 = FOG REDUCING VISIBILITY
HIGHEST: 79 ON 27 GRTST 24HR 2.81 ON 11-12 TO 1/4 MILE OR LESS
LOWEST: 27 ON 7, 2 3 = THUNDER
SNOW, ICE PELLETS, HAIL 4 = ICE PELLETS
TOTAL MONTH: M 5 = HAIL
GRTST 24HR M ON M 6 = FREEZING RAIN OR DRIZZLE
GRTST DEPTH: M ON M 7 = DUSTSTORM OR SANDSTORM:
VSBY 1/2 MILE OR LESS
8 = SMOKE OR HAZE
[NO. OF DAYS WITH] [WEATHER - DAYS WITH] 9 = BLOWING SNOW
X = TORNADO
MAX 32 OR BELOW: 0 0.01 INCH OR MORE: 11
MAX 90 OR ABOVE: 0 0.10 INCH OR MORE: 8
MIN 32 OR BELOW: 6 0.50 INCH OR MORE: 5
MIN 0 OR BELOW: 0 1.00 INCH OR MORE: 3
[HDD (BASE 65) ]
TOTAL THIS MO. 415 CLEAR (SCALE 0-3) 18
DPTR FM NORMAL -164 PTCLDY (SCALE 4-7) 11
TOTAL FM JUL 1 3971 CLOUDY (SCALE 8-10) 2
DPTR FM NORMAL -144
[CDD (BASE 65) ]
TOTAL THIS MO. 0
DPTR FM NORMAL -3 [PRESSURE DATA]
TOTAL FM JAN 1 0 HIGHEST SLP M ON M
DPTR FM NORMAL -3 LOWEST SLP 29.44 ON 18
[REMARKS]
#FINAL-03-21#