000
CXUS53 KPAH 010830
CF6MDH
PRELIMINARY LOCAL CLIMATOLOGICAL DATA (WS FORM: F-6)
STATION: CARBONDALE IL
MONTH: DECEMBER
YEAR: 2023
LATITUDE: 37 46 N
LONGITUDE: 89 15 W
TEMPERATURE IN F: :PCPN: SNOW: WIND :SUNSHINE: SKY :PK WND
================================================================================
1 2 3 4 5 6A 6B 7 8 9 10 11 12 13 14 15 16 17 18
12Z AVG MX 2MIN
DY MAX MIN AVG DEP HDD CDD WTR SNW DPTH SPD SPD DIR MIN PSBL S-S WX SPD DR
================================================================================
1 56 43 50 10 15 0 0.21 M M 9.2 20 160 M M 10 1 26 170
2 50 37 44 4 21 0 0.00 M M 4.5 14 140 M M 8 17 140
3 57 39 48 8 17 0 T M M 8.1 18 250 M M 4 23 250
4 49 31 40 0 25 0 T M M 5.4 15 340 M M 7 1 21 340
5 54 31 43 4 22 0 T M M 10.8 25 320 M M 7 1 36 320
6 47 35 41 2 24 0 0.00 M M 7.5 14 330 M M 5 20 340
7 59 38 49 10 16 0 0.00 M M 16.4 33 200 M M 0 44 210
8 58 49 54 15 11 0 T M M 18.1 29 200 M M 7 1 37 190
9 62 39 51 13 14 0 0.00 M M 12.5 28 200 M M 7 39 190
10 45 24 35 -3 30 0 0.00 M M 6.7 17 320 M M 5 23 330
11 49 22 36 -2 29 0 0.00 M M 4.6 15 180 M M 0 19 160
12 58 26 42 4 23 0 0.00 M M 2.8 9 240 M M 0 12 270
13 54 27 41 4 24 0 0.00 M M 2.1 8 100 M M 0 11 110
14 61 25 43 6 22 0 0.00 M M 2.8 9 70 M M 0 12 110
15 61 28 45 8 20 0 0.00 M M 6.0 16 200 M M 0 21 180
16 54 46 50 13 15 0 0.40 M M 8.8 18 180 M M 9 1 27 180
17 46 31 39 2 26 0 T M M 4.3 12 280 M M 8 1 19 280
18 40 25 33 -3 32 0 0.00 M M 10.7 30 330 M M 1 1 41 330
19 40 17 29 -7 36 0 0.00 M M 5.1 15 140 M M 0 19 130
20 52 33 43 7 22 0 0.00 M M 10.2 24 210 M M 0 30 210
21 56 37 47 11 18 0 T M M 7.4 14 200 M M 2 18 200
22 56 45 51 15 14 0 T M M 8.2 16 200 M M 10 22 190
23 60 50 55 20 10 0 T M M 7.1 15 210 M M 9 1 20 200
24 66 49 58 23 7 0 0.00 M M 9.7 18 150 M M 4 12 25 160
25 61 42 52 17 13 0 0.54 M M 10.9 18 130 M M 10 1 26 140
26 48 31 40 5 25 0 0.00 M M 7.1 17 200 M M 3 23 190
27 46 31 39 4 26 0 0.01 M M 6.7 17 270 M M 9 1 25 270
28 41 30 36 1 29 0 T M M 6.9 17 320 M M 10 1 23 290
29 38 34 36 2 29 0 0.02 M M 7.1 13 280 M M 10 1 18 320
30 50 28 39 5 26 0 0.00 M M 8.2 15 200 M M 1 21 190
31 40 35 38 4 27 0 0.00 M M 7.1 15 340 M M 7 22 300
================================================================================
SM 1614 1058 668 0 1.18 M 243.0 M 153
================================================================================
AV 52.1 34.1 7.8 FASTST M M 5 MAX(MPH)
MISC ----> 33 200 44 210
================================================================================
NOTES:
# LAST OF SEVERAL OCCURRENCES
COLUMN 17 PEAK WIND IN M.P.H.
PRELIMINARY LOCAL CLIMATOLOGICAL DATA (WS FORM: F-6) , PAGE 2
STATION: CARBONDALE IL
MONTH: DECEMBER
YEAR: 2023
LATITUDE: 37 46 N
LONGITUDE: 89 15 W
[TEMPERATURE DATA] [PRECIPITATION DATA] SYMBOLS USED IN COLUMN 16
AVERAGE MONTHLY: 43.1 TOTAL FOR MONTH: 1.18 1 = FOG OR MIST
DPTR FM NORMAL: 6.1 DPTR FM NORMAL: -1.94 2 = FOG REDUCING VISIBILITY
HIGHEST: 66 ON 24 GRTST 24HR 0.54 ON 25-25 TO 1/4 MILE OR LESS
LOWEST: 17 ON 19 3 = THUNDER
SNOW, ICE PELLETS, HAIL 4 = ICE PELLETS
TOTAL MONTH: M 5 = HAIL
GRTST 24HR M ON M 6 = FREEZING RAIN OR DRIZZLE
GRTST DEPTH: M ON M 7 = DUSTSTORM OR SANDSTORM:
VSBY 1/2 MILE OR LESS
8 = SMOKE OR HAZE
[NO. OF DAYS WITH] [WEATHER - DAYS WITH] 9 = BLOWING SNOW
X = TORNADO
MAX 32 OR BELOW: 0 0.01 INCH OR MORE: 5
MAX 90 OR ABOVE: 0 0.10 INCH OR MORE: 3
MIN 32 OR BELOW: 15 0.50 INCH OR MORE: 1
MIN 0 OR BELOW: 0 1.00 INCH OR MORE: 0
[HDD (BASE 65) ]
TOTAL THIS MO. 668 CLEAR (SCALE 0-3) 11
DPTR FM NORMAL -202 PTCLDY (SCALE 4-7) 10
TOTAL FM JUL 1 1408 CLOUDY (SCALE 8-10) 10
DPTR FM NORMAL -363
[CDD (BASE 65) ]
TOTAL THIS MO. 0
DPTR FM NORMAL 0 [PRESSURE DATA]
TOTAL FM JAN 1 1475 HIGHEST SLP 30.74 ON 14
DPTR FM NORMAL 105 LOWEST SLP 29.69 ON 25
[REMARKS]
#FINAL-12-23#