000
CXUS53 KPAH 010830
CF6MDH
PRELIMINARY LOCAL CLIMATOLOGICAL DATA (WS FORM: F-6)
STATION: CARBONDALE IL
MONTH: NOVEMBER
YEAR: 2023
LATITUDE: 37 46 N
LONGITUDE: 89 15 W
TEMPERATURE IN F: :PCPN: SNOW: WIND :SUNSHINE: SKY :PK WND
================================================================================
1 2 3 4 5 6A 6B 7 8 9 10 11 12 13 14 15 16 17 18
12Z AVG MX 2MIN
DY MAX MIN AVG DEP HDD CDD WTR SNW DPTH SPD SPD DIR MIN PSBL S-S WX SPD DR
================================================================================
1 49 26 38 -13 27 0 0.00 M M 4.7 9 220 M M 0 13 240
2 58 27 43 -8 22 0 0.00 M M 7.7 18 190 M M 0 25 200
3 64 35 50 0 15 0 T M M 12.5 26 190 M M 0 34 180
4 70 44 57 7 8 0 T M M 6.3 17 220 M M 0 18 24 220
5 69 37 53 3 12 0 0.00 M M 3.0 8 150 M M 0 18 12 80
6 78 46 62 13 3 0 0.00 M M 12.1 24 220 M M 3 8 31 210
7 80 54 67 18 0 2 0.00 M M 4.8 13 180 M M 3 1 20 230
8 74 62 68 20 0 3 T M M 14.7 36 200 M M 3 56 200
9 66 49 58 10 7 0 T M M 9.1 20 350 M M 4 28 330
10 64 39 52 4 13 0 0.00 M M 4.0 16 340 M M 1 25 340
11 57 30 44 -3 21 0 0.00 M M 4.4 10 50 M M 0 1 16 60
12 65 33 49 2 16 0 0.00 M M 1.2 7 140 M M 0 9 130
13 69 34 52 6 13 0 0.00 M M 2.7 12 350 M M 0 15 360
14 64 28 46 0 19 0 0.00 M M 1.2 8 80 M M 0 1 11 80
15 72 29 51 5 14 0 0.00 M M 3.0 12 190 M M 0 8 17 200
16 72 38 55 10 10 0 T M M 6.7 18 180 M M 3 1 26 190
17 65 41 53 8 12 0 0.01 M M 8.3 15 340 M M 5 8 21 320
18 57 30 44 0 21 0 0.00 M M 2.7 8 310 M M 0 11 20
19 59 28 44 0 21 0 0.00 M M 2.5 9 100 M M 0 13 100
20 58 46 52 8 13 0 0.18 M M 5.3 15 100 M M 9 1 27 120
21 52 43 48 4 17 0 0.00 M M 8.4 17 320 M M 10 1 25 300
22 45 29 37 -6 28 0 0.00 M M 4.5 14 330 M M 8 1 20 330
23 60 27 44 1 21 0 0.00 M M 3.4 13 230 M M 0 1 16 230
24 49 34 42 0 23 0 0.00 M M 9.9 18 10 M M 0 26 360
25 49 29 39 -3 26 0 0.00 M M 3.4 8 50 M M 0 13 360
26 44 29 37 -5 28 0 0.18 M M 6.9 21 310 M M 7 1 33 290
27 46 27 37 -5 28 0 0.00 M M 7.9 17 280 M M 2 24 280
28 37 23 30 -11 35 0 0.00 M M 5.6 15 340 M M 1 20 340
29 57 27 42 1 23 0 0.00 M M 8.2 14 220 M M 0 18 220
30 55 38 47 6 18 0 0.06 M M 9.9 23 170 M M 6 1 30 200
================================================================================
SM 1804 1062 514 5 0.43 M 185.0 M 65
================================================================================
AV 60.1 35.4 6.2 FASTST M M 2 MAX(MPH)
MISC ----> 36 200 56 200
================================================================================
NOTES:
# LAST OF SEVERAL OCCURRENCES
COLUMN 17 PEAK WIND IN M.P.H.
PRELIMINARY LOCAL CLIMATOLOGICAL DATA (WS FORM: F-6) , PAGE 2
STATION: CARBONDALE IL
MONTH: NOVEMBER
YEAR: 2023
LATITUDE: 37 46 N
LONGITUDE: 89 15 W
[TEMPERATURE DATA] [PRECIPITATION DATA] SYMBOLS USED IN COLUMN 16
AVERAGE MONTHLY: 47.8 TOTAL FOR MONTH: 0.43 1 = FOG OR MIST
DPTR FM NORMAL: 2.2 DPTR FM NORMAL: -3.44 2 = FOG REDUCING VISIBILITY
HIGHEST: 80 ON 7 GRTST 24HR 0.18 ON 26-26 TO 1/4 MILE OR LESS
LOWEST: 23 ON 28 3 = THUNDER
SNOW, ICE PELLETS, HAIL 4 = ICE PELLETS
TOTAL MONTH: M 5 = HAIL
GRTST 24HR M ON M 6 = FREEZING RAIN OR DRIZZLE
GRTST DEPTH: M ON M 7 = DUSTSTORM OR SANDSTORM:
VSBY 1/2 MILE OR LESS
8 = SMOKE OR HAZE
[NO. OF DAYS WITH] [WEATHER - DAYS WITH] 9 = BLOWING SNOW
X = TORNADO
MAX 32 OR BELOW: 0 0.01 INCH OR MORE: 4
MAX 90 OR ABOVE: 0 0.10 INCH OR MORE: 2
MIN 32 OR BELOW: 14 0.50 INCH OR MORE: 0
MIN 0 OR BELOW: 0 1.00 INCH OR MORE: 0
[HDD (BASE 65) ]
TOTAL THIS MO. 514 CLEAR (SCALE 0-3) 21
DPTR FM NORMAL -70 PTCLDY (SCALE 4-7) 7
TOTAL FM JUL 1 740 CLOUDY (SCALE 8-10) 2
DPTR FM NORMAL -160
[CDD (BASE 65) ]
TOTAL THIS MO. 5
DPTR FM NORMAL 3 [PRESSURE DATA]
TOTAL FM JAN 1 1475 HIGHEST SLP 30.52 ON 1
DPTR FM NORMAL 105 LOWEST SLP 29.65 ON 8
[REMARKS]
#FINAL-11-23#