000
CXUS51 KCTP 011328
CF6MDT
PRELIMINARY LOCAL CLIMATOLOGICAL DATA (WS FORM: F-6)
STATION: HARRISBURG PA
MONTH: DECEMBER
YEAR: 2023
LATITUDE: 40 11 N
LONGITUDE: 76 46 W
TEMPERATURE IN F: :PCPN: SNOW: WIND :SUNSHINE: SKY :PK WND
================================================================================
1 2 3 4 5 6A 6B 7 8 9 10 11 12 13 14 15 16 17 18
12Z AVG MX 2MIN
DY MAX MIN AVG DEP HDD CDD WTR SNW DPTH SPD SPD DIR MIN PSBL S-S WX SPD DR
================================================================================
1 43 29 36 -4 29 0 0.17 0.0 0 1.8 8 210 M M 7 1 12 60
2 50 40 45 6 20 0 0.01 0.0 0 2.6 10 120 M M 10 128 12 120
3 52 42 47 8 18 0 0.40 0.0 0 2.5 22 280 M M 10 12 27 280
4 50 37 44 5 21 0 0.00 0.0 0 6.9 18 290 M M 6 28 290
5 44 30 37 -1 28 0 T 0.0 0 4.4 12 300 M M 8 14 290
6 43 32 38 0 27 0 T 0.0 0 8.6 21 320 M M 7 27 320
7 43 29 36 -2 29 0 0.03 T T 2.6 9 190 M M 9 18 14 30
8 54 29 42 4 23 0 0.00 0.0 0 3.5 10 120 M M 3 18 14 120
9 46 30 38 1 27 0 0.00 0.0 0 1.3 7 140 M M 7 128 8 190
10 51 35 43 6 22 0 0.90 0.0 0 6.3 22 320 M M 8 12 29 330
11 46 33 40 3 25 0 0.26 T 0 14.4 30 290 M M 8 1 39 310
12 47 28 38 1 27 0 0.00 0.0 0 7.9 18 220 M M 1 26 220
13 46 27 37 1 28 0 0.00 0.0 0 6.6 20 290 M M 0 26 310
14 45 24 35 -1 30 0 0.00 0.0 0 2.5 10 260 M M 2 15 280
15 59 25 42 6 23 0 0.00 0.0 0 4.2 17 300 M M 1 23 300
16 56 28 42 6 23 0 0.00 0.0 0 2.1 8 110 M M 7 9 120
17 55 43 49 14 16 0 1.62 0.0 0 5.7 14 110 M M 10 1 20 20
18 55 39 47 12 18 0 1.00 0.0 0 17.4 32 290 M M 7 1 44 310
19 40 31 36 1 29 0 T T 0 15.1 30 310 M M 7 42 300
20 47 29 38 3 27 0 0.00 0.0 0 7.0 16 330 M M 2 23 330
21 43 32 38 4 27 0 0.00 0.0 0 6.3 13 290 M M 8 17 350
22 39 34 37 3 28 0 0.00 0.0 0 4.9 9 110 M M 10 14 70
23 47 34 41 7 24 0 0.00 0.0 0 5.0 10 120 M M 10 M M
24 47 40 44 10 21 0 T 0.0 0 1.6 6 330 M M 10 18 9 350
25 55 37 46 12 19 0 0.00 0.0 0 2.1 9 130 M M 8 18 13 120
26 48 35 42 9 23 0 0.09 0.0 0 5.0 8 120 M M 10 12 12 90
27 52 45 49 16 16 0 0.64 0.0 0 4.8 12 120 M M 10 1 15 70
28 55 44 50 17 15 0 T 0.0 0 6.4 13 310 M M 10 1 17 320
29 53 34 44 11 21 0 0.00 0.0 0 8.4 15 330 M M 6 19 330
30 47 32 40 7 25 0 0.00 0.0 0 9.3 20 300 M M 9 26 310
31 45 37 41 9 24 0 0.04 0.0 0 7.7 21 300 M M 10 26 300
================================================================================
SM 1503 1044 733 0 5.16 T 184.9 M 221
================================================================================
AV 48.5 33.7 6.0 FASTST M M 7 MAX(MPH)
MISC ----> 32 290 44 310
================================================================================
NOTES:
# LAST OF SEVERAL OCCURRENCES
COLUMN 17 PEAK WIND IN M.P.H.
PRELIMINARY LOCAL CLIMATOLOGICAL DATA (WS FORM: F-6) , PAGE 2
STATION: HARRISBURG PA
MONTH: DECEMBER
YEAR: 2023
LATITUDE: 40 11 N
LONGITUDE: 76 46 W
[TEMPERATURE DATA] [PRECIPITATION DATA] SYMBOLS USED IN COLUMN 16
AVERAGE MONTHLY: 41.1 TOTAL FOR MONTH: 5.16 1 = FOG OR MIST
DPTR FM NORMAL: 5.3 DPTR FM NORMAL: 1.73 2 = FOG REDUCING VISIBILITY
HIGHEST: 59 ON 15 GRTST 24HR 2.62 ON 17-18 TO 1/4 MILE OR LESS
LOWEST: 24 ON 14 3 = THUNDER
SNOW, ICE PELLETS, HAIL 4 = ICE PELLETS
TOTAL MONTH: T 5 = HAIL
GRTST 24HR T ON 7- 7 6 = FREEZING RAIN OR DRIZZLE
GRTST DEPTH: T 7 = DUSTSTORM OR SANDSTORM:
VSBY 1/2 MILE OR LESS
8 = SMOKE OR HAZE
[NO. OF DAYS WITH] [WEATHER - DAYS WITH] 9 = BLOWING SNOW
X = TORNADO
MAX 32 OR BELOW: 0 0.01 INCH OR MORE: 11
MAX 90 OR ABOVE: 0 0.10 INCH OR MORE: 7
MIN 32 OR BELOW: 15 0.50 INCH OR MORE: 4
MIN 0 OR BELOW: 0 1.00 INCH OR MORE: 2
[HDD (BASE 65) ]
TOTAL THIS MO. 733 CLEAR (SCALE 0-3) 6
DPTR FM NORMAL -174 PTCLDY (SCALE 4-7) 11
TOTAL FM JUL 1 1588 CLOUDY (SCALE 8-10) 14
DPTR FM NORMAL -272
[CDD (BASE 65) ]
TOTAL THIS MO. 0
DPTR FM NORMAL 0 [PRESSURE DATA]
TOTAL FM JAN 1 1178 HIGHEST SLP 30.73 ON 14
DPTR FM NORMAL 6 LOWEST SLP 29.20 ON 18
[REMARKS]
#FINAL-12-23#
CORRECTION...PREVIOUS ISSUANCES HELD INCORRECT INFORMATION
#FINAL-12-23#