000
CXUS54 KMEG 031527
CLMMEG
CLIMATE REPORT
NATIONAL WEATHER SERVICE MEMPHIS TN
1027 AM CDT TUE OCT 03 2023
...................................
...THE MEMPHIS/GERMANTOWN WFO CLIMATE SUMMARY FOR THE MONTH OF SEPTEMBER 2023...
CLIMATE NORMAL PERIOD 1991 TO 2020
CLIMATE RECORD PERIOD 1988 TO 2023
WEATHER OBSERVED NORMAL DEPART LAST YEAR`S
VALUE DATE(S) VALUE FROM VALUE DATE(S)
NORMAL
................................................................
TEMPERATURE (F)
RECORD
HIGH 100 09/16/2019
09/05/2012
09/07/1925
LOW 40 09/27/1991
HIGHEST 97 09/04 95 2 99 09/20
09/21
LOWEST 55 09/15 48 7 48 09/27
09/18
09/19
09/30
AVG. MAXIMUM 87.5 85.3 2.2 86.0
AVG. MINIMUM 64.1 61.9 2.2 62.1
MEAN 75.8 73.6 2.2 74.1
DAYS MAX >= 90 11 9.6 1.4 7
DAYS MAX <= 32 0 0.0 0.0 0
DAYS MIN <= 32 0 0.0 0.0 0
DAYS MIN <= 0 0 0.0 0.0 0
PRECIPITATION (INCHES)
RECORD
MAXIMUM 3.69 2021
MINIMUM 3.36 2022
TOTALS 0.90R 3.74 -2.84 3.36
DAILY AVG. 0.03 0.12 -0.09 0.11
DAYS >= .01 3 7.3 -4.3 3
DAYS >= .10 2 4.5 -2.5 3
DAYS >= .50 0 2.0 -2.0 3
DAYS >= 1.00 0 1.0 -1.0 1
GREATEST
24 HR. TOTAL 0.48 09/05 TO 09/05
SNOWFALL (INCHES)
RECORDS
TOTAL MM 5
TOTALS 0.0 0.0 0.0 0.0
SINCE 7/1 0.0 0.0 0.0 MM
SNOWDEPTH AVG. 0 0
DAYS >= 1.0 0 0.0 0.0 0
GREATEST
SNOW DEPTH 0 0 MM
24 HR TOTAL MM
DEGREE DAYS
HEATING TOTAL 0 15 -15 10
SINCE 7/1 0 13 -13 MM
COOLING TOTAL 333 272 61 286
SINCE 1/1 2070 1893 177 MM
................................................................
- INDICATES NEGATIVE NUMBERS.
R INDICATES RECORD WAS SET OR TIED.
MM INDICATES DATA IS MISSING.
T INDICATES TRACE AMOUNT.
$$