000
CXUS54 KMEG 011534
CLMMEG
CLIMATE REPORT
NATIONAL WEATHER SERVICE MEMPHIS TN
1034 AM CDT FRI SEP 01 2023
...................................
...THE MEMPHIS/GERMANTOWN WFO CLIMATE SUMMARY FOR THE MONTH OF AUGUST 2023...
CLIMATE NORMAL PERIOD 1991 TO 2020
CLIMATE RECORD PERIOD 1988 TO 2023
WEATHER OBSERVED NORMAL DEPART LAST YEAR`S
VALUE DATE(S) VALUE FROM VALUE DATE(S)
NORMAL
................................................................
TEMPERATURE (F)
RECORD
HIGH 106 08/15/2007
LOW 47 08/08/2009
HIGHEST 102 08/25 98 4 96 08/08
LOWEST 62 08/30 61 1 65 08/14
08/18
AVG. MAXIMUM 90.7 90.7 0.0 89.3
AVG. MINIMUM 71.7 69.2 2.5 71.5
MEAN 81.2 79.9 1.3 80.4
DAYS MAX >= 90 17 19.4 -2.4 18
DAYS MAX <= 32 0 0.0 0.0 0
DAYS MIN <= 32 0 0.0 0.0 0
DAYS MIN <= 0 0 0.0 0.0 0
PRECIPITATION (INCHES)
RECORD
MAXIMUM 5.74 2022
MINIMUM 4.79 2021
TOTALS 4.45R 3.39 1.06 5.74
DAILY AVG. 0.14 0.11 0.03 0.19
DAYS >= .01 7 7.8 -0.8 9
DAYS >= .10 5 5.3 -0.3 6
DAYS >= .50 3 2.0 1.0 5
DAYS >= 1.00 3 0.9 2.1 4
GREATEST
24 HR. TOTAL 1.77 08/09 TO 08/09
SNOWFALL (INCHES)
RECORDS
TOTAL MM 5
TOTALS 0.0 0.0 0.0 0.0
SINCE 7/1 0.0 0.0 0.0 MM
SNOWDEPTH AVG. 0 0
DAYS >= 1.0 0 0.0 0.0 0
GREATEST
SNOW DEPTH 0 0 MM
24 HR TOTAL MM
DEGREE DAYS
HEATING TOTAL 0 0 0 0
SINCE 7/1 0 0 0 MM
COOLING TOTAL 511 464 47 485
SINCE 1/1 1737 1621 116 MM
................................................................
- INDICATES NEGATIVE NUMBERS.
R INDICATES RECORD WAS SET OR TIED.
MM INDICATES DATA IS MISSING.
T INDICATES TRACE AMOUNT.
$$