000
CXUS56 KPDT 011910
CF6MEH
PRELIMINARY LOCAL CLIMATOLOGICAL DATA (WS FORM: F-6)
STATION: MEACHAM OR
MONTH: OCTOBER
YEAR: 2020
LATITUDE: 45 30 N
LONGITUDE: 118 24 W
TEMPERATURE IN F: :PCPN: SNOW: WIND :SUNSHINE: SKY :PK WND
================================================================================
1 2 3 4 5 6A 6B 7 8 9 10 11 12 13 14 15 16 17 18
12Z AVG MX 2MIN
DY MAX MIN AVG DEP HDD CDD WTR SNW DPTH SPD SPD DIR MIN PSBL S-S WX SPD DR
================================================================================
1 80 33 57 11 8 0 0.00 M M 1.0 3 99 M M 0 M M
2 80 33 57 11 8 0 0.00 M M 1.2 4 99 M M 0 M M
3 82 34 58 12 7 0 0.00 M M 0.7 6 20 M M 0 12 30
4 74 34 54 9 11 0 0.00 M M 1.5 8 290 M M 0 21 280
5 74 31 53 8 12 0 0.00 M M 0.0 M M M M 0 M M
6 82 30 56 11 9 0 0.00 M M 0.1 6 20 M M 0 11 340
7 82 34 58 14 7 0 0.00 M M 0.4 6 20 M M 0 12 50
8 72 32 52 8 13 0 0.00 M M 0.8 9 270 M M 0 8 17 270
9 76 33 55 11 10 0 0.00 M M 0.6 6 250 M M 0 14 250
10 57 40 49 5 16 0 0.83 M M 1.2 9 290 M M 7 1 23 260
11 55 39 47 4 18 0 0.44 M M 1.0 7 270 M M 10 1 16 270
12 57 34 46 3 19 0 0.05 M M 2.7 10 290 M M 6 26 290
13 58 32 45 2 20 0 0.27 M M 2.0 9 290 M M 8 1 24 310
14 51 36 44 1 21 0 0.00 M M 3.0 9 270 M M 7 22 300
15 51 29 40 -2 25 0 0.00 M M 0.5 7 270 M M 2 11 240
16 68 29 49 7 16 0 0.00 M M 2.7 10 260 M M 2 23 270
17 59 48 54 12 11 0 0.00 M M 3.0 10 280 M M 7 24 250
18 58 44 51 9 14 0 0.01 M M 2.7 9 280 M M 9 22 300
19 59 46 53 11 12 0 0.00 M M 2.9 9 280 M M 5 20 270
20 52 42 47 6 18 0 0.00 M M 2.1 9 290 M M 10 22 320
21 46 29 38 -3 27 0 0.02 M M 2.1 13 290 M M 9 1 25 210
22 41 19 30 -11 35 0 0.00 M M 1.0 7 40 M M 3 12 60
23 45 17 31 -9 34 0 0.77 M M 0.1 6 280 M M M 6 9 290
24 36 22 29 -11 36 0 0.15 M M 1.3 6 300 M M M 2 14 320
25 22 8 15 -25 50 0 0.00 M M 1.5 6 310 M M M 10 270
26 38 9 24 -16 41 0 0.00 M M 0.0 5 270 M M 2 10 250
27 58 18 38 -2 27 0 0.00 M M 0.0 5 320 M M 0 8 8 250
28 65 25 45 6 20 0 0.00 M M 0.0 5 290 M M 0 8 9 270
29 68 25 47 8 18 0 0.00 M M 0.2 5 310 M M 0 10 180
30 54 28 41 2 24 0 0.03 M M 1.2 9 280 M M 3 22 300
31 53 23 38 -1 27 0 0.00 M M 0.4 6 90 M M 0 10 70
================================================================================
SM 1853 936 614 0 2.57 M 37.9 M 90
================================================================================
AV 59.8 30.2 1.2 FASTST M M 3 MAX(MPH)
MISC ----> 13 290 26 290
================================================================================
NOTES:
# LAST OF SEVERAL OCCURRENCES
COLUMN 17 PEAK WIND IN M.P.H.
PRELIMINARY LOCAL CLIMATOLOGICAL DATA (WS FORM: F-6) , PAGE 2
STATION: MEACHAM OR
MONTH: OCTOBER
YEAR: 2020
LATITUDE: 45 30 N
LONGITUDE: 118 24 W
[TEMPERATURE DATA] [PRECIPITATION DATA] SYMBOLS USED IN COLUMN 16
AVERAGE MONTHLY: 45.0 TOTAL FOR MONTH: 2.57 1 = FOG OR MIST
DPTR FM NORMAL: 2.7 DPTR FM NORMAL: 0.09 2 = FOG REDUCING VISIBILITY
HIGHEST: 82 ON 7, 6 GRTST 24HR 1.08 ON 10-11 TO 1/4 MILE OR LESS
LOWEST: 8 ON 25 3 = THUNDER
SNOW, ICE PELLETS, HAIL 4 = ICE PELLETS
TOTAL MONTH: M 5 = HAIL
GRTST 24HR M ON M 6 = FREEZING RAIN OR DRIZZLE
GRTST DEPTH: M ON M 7 = DUSTSTORM OR SANDSTORM:
VSBY 1/2 MILE OR LESS
8 = SMOKE OR HAZE
[NO. OF DAYS WITH] [WEATHER - DAYS WITH] 9 = BLOWING SNOW
X = TORNADO
MAX 32 OR BELOW: 1 0.01 INCH OR MORE: 9
MAX 90 OR ABOVE: 0 0.10 INCH OR MORE: 5
MIN 32 OR BELOW: 17 0.50 INCH OR MORE: 2
MIN 0 OR BELOW: 0 1.00 INCH OR MORE: 0
[HDD (BASE 65) ]
TOTAL THIS MO. 614 CLEAR (SCALE 0-3) 16
DPTR FM NORMAL -90 PTCLDY (SCALE 4-7) 8
TOTAL FM JUL 1 1132 CLOUDY (SCALE 8-10) 7
DPTR FM NORMAL -403
[CDD (BASE 65) ]
TOTAL THIS MO. 0
DPTR FM NORMAL 0 [PRESSURE DATA]
TOTAL FM JAN 1 98 HIGHEST SLP 30.61 ON 25
DPTR FM NORMAL 74 LOWEST SLP 29.66 ON 10
[REMARKS]
#FINAL-10-20#