528
CXUS54 KMEG 020142
CF6MEM
PRELIMINARY LOCAL CLIMATOLOGICAL DATA (WS FORM: F-6)
STATION: MEMPHIS
MONTH: OCTOBER
YEAR: 2020
LATITUDE: 35 3 N
LONGITUDE: 89 59 W
TEMPERATURE IN F: :PCPN: SNOW: WIND :SUNSHINE: SKY :PK WND
================================================================================
1 2 3 4 5 6A 6B 7 8 9 10 11 12 13 14 15 16 17 18
12Z AVG MX 2MIN
DY MAX MIN AVG DEP HDD CDD WTR SNW DPTH SPD SPD DIR MIN PSBL S-S WX SPD DR
================================================================================
1 76 56 66 -3 0 1 0.00 0.0 0 8.3 17 10 M M 0 22 10
2 68 49 59 -10 6 0 0.00 0.0 0 4.7 13 40 M M 2 17 20
3 72 47 60 -9 5 0 0.00 0.0 0 4.9 17 30 M M 3 23 340
4 69 52 61 -7 4 0 0.00 0.0 0 7.7 18 350 M M 4 23 320
5 70 46 58 -10 7 0 0.00 0.0 0 5.2 14 50 M M 0 23 70
6 78 46 62 -6 3 0 0.00 0.0 0 1.0 8 290 M M 0 11 260
7 83 51 67 0 0 2 0.00 0.0 0 1.3 8 240 M M 1 11 240
8 81 57 69 2 0 4 0.00 0.0 0 3.0 9 140 M M 9 13 80
9 71 67 69 3 0 4 0.08 0.0 0 8.0 16 100 M M 10 1 22 120
10 72 65 69 3 0 4 1.69 0.0 0 14.0 25 70 M M 10 1 34 70
11 76 65 71 5 0 6 T 0.0 0 5.0 12 20 M M 8 1 17 20
12 82 59 71 6 0 6 0.00 0.0 0 9.2 21 320 M M 3 30 250
13 76 51 64 -1 1 0 0.00 0.0 0 3.5 12 30 M M 0 15 100
14 81 50 66 1 0 1 0.00 0.0 0 6.9 21 190 M M 1 26 190
15 65 54 60 -4 5 0 0.03 0.0 0 9.7 20 20 M M 7 1 27 330
16 66 45 56 -8 9 0 0.00 0.0 0 6.4 17 30 M M 3 24 360
17 70 44 57 -7 8 0 0.00 0.0 0 8.5 18 140 M M 2 28 110
18 78 60 69 6 0 4 T 0.0 0 9.4 17 170 M M 7 27 110
19 83 64 74 11 0 9 0.00 0.0 0 8.4 24 150 M M 7 29 110
20 85 61 73 10 0 8 0.00 0.0 0 6.9 16 170 M M 4 21 270
21 85 64 75 13 0 10 0.00 0.0 0 5.8 12 160 M M 2 20 250
22 85 66 76 14 0 11 0.00 0.0 0 7.8 16 190 M M 2 21 200
23 82 52 67 5 0 2 0.01 0.0 0 10.2 22 20 M M 6 38 29 30
24 52 49 51 -10 14 0 T 0.0 0 10.7 21 30 M M 10 1 27 40
25 56 50 53 -8 12 0 T 0.0 0 4.9 9 310 M M 10 1 17 290
26 58 52 55 -6 10 0 T 0.0 0 9.7 16 30 M M 10 1 20 50
27 63 52 58 -2 7 0 0.00 0.0 0 8.1 13 60 M M 10 18 22 340
28 71 52 62 2 3 0 2.68 0.0 0 7.3 16 280 M M 10 1 24 250
29 59 44 52 -8 13 0 0.20 0.0 0 10.6 24 330 M M 10 1 33 210
30 60 39 50 -9 15 0 0.00 0.0 0 6.7 15 30 M M 2 23 10
31 67 42 55 -4 10 0 0.00 0.0 0 4.6 9 180 M M 3 17 250
================================================================================
SM 2240 1651 132 72 4.69 0.0 218.4 M 156
================================================================================
AV 72.3 53.3 7.0 FASTST M M 5 MAX(MPH)
MISC ----> # 25 70 # 34 70
================================================================================
NOTES:
# LAST OF SEVERAL OCCURRENCES
COLUMN 17 PEAK WIND IN M.P.H.
PRELIMINARY LOCAL CLIMATOLOGICAL DATA (WS FORM: F-6) , PAGE 2
STATION: MEMPHIS
MONTH: OCTOBER
YEAR: 2020
LATITUDE: 35 3 N
LONGITUDE: 89 59 W
[TEMPERATURE DATA] [PRECIPITATION DATA] SYMBOLS USED IN COLUMN 16
AVERAGE MONTHLY: 62.8 TOTAL FOR MONTH: 4.69 1 = FOG OR MIST
DPTR FM NORMAL: -1.3 DPTR FM NORMAL: 0.71 2 = FOG REDUCING VISIBILITY
HIGHEST: 85 ON 22,21 GRTST 24HR 2.68 ON 28-28 TO 1/4 MILE OR LESS
LOWEST: 39 ON 30 3 = THUNDER
SNOW, ICE PELLETS, HAIL 4 = ICE PELLETS
TOTAL MONTH: 0.0 INCH 5 = HAIL
GRTST 24HR 0.0 6 = FREEZING RAIN OR DRIZZLE
GRTST DEPTH: 0 7 = DUSTSTORM OR SANDSTORM:
VSBY 1/2 MILE OR LESS
8 = SMOKE OR HAZE
[NO. OF DAYS WITH] [WEATHER - DAYS WITH] 9 = BLOWING SNOW
X = TORNADO
MAX 32 OR BELOW: 0 0.01 INCH OR MORE: 6
MAX 90 OR ABOVE: 0 0.10 INCH OR MORE: 3
MIN 32 OR BELOW: 0 0.50 INCH OR MORE: 2
MIN 0 OR BELOW: 0 1.00 INCH OR MORE: 2
[HDD (BASE 65) ]
TOTAL THIS MO. 132 CLEAR (SCALE 0-3) 14
DPTR FM NORMAL 12 PTCLDY (SCALE 4-7) 7
TOTAL FM JUL 1 139 CLOUDY (SCALE 8-10) 10
DPTR FM NORMAL 8
[CDD (BASE 65) ]
TOTAL THIS MO. 72
DPTR FM NORMAL -20 [PRESSURE DATA]
TOTAL FM JAN 1 2144 HIGHEST SLP 30.37 ON 16
DPTR FM NORMAL -99 LOWEST SLP 29.54 ON 29
[REMARKS]
#FINAL-10-20#