000
CXUS54 KLZK 011130
CF6MEZ
PRELIMINARY LOCAL CLIMATOLOGICAL DATA (WS FORM: F-6)
STATION: MENA AIRPORT
MONTH: OCTOBER
YEAR: 2021
LATITUDE: 34 9 N
LONGITUDE: 94 15 W
TEMPERATURE IN F: :PCPN: SNOW: WIND :SUNSHINE: SKY :PK WND
================================================================================
1 2 3 4 5 6A 6B 7 8 9 10 11 12 13 14 15 16 17 18
12Z AVG MX 2MIN
DY MAX MIN AVG DEP HDD CDD WTR SNW DPTH SPD SPD DIR MIN PSBL S-S WX SPD DR
================================================================================
1 79 68 74 9 0 9 0.02 M M 0.1 3 240 M M 8 M M
2 82 68 75 10 0 10 0.00 M M 1.6 8 240 M M 8 M M
3 82 59 71 7 0 6 0.00 M M 3.2 12 280 M M 2 16 280
4 82 54 68 4 0 3 0.00 M M 1.6 7 360 M M 2 M M
5 84 50 67 3 0 2 0.00 M M 1.8 8 30 M M 1 M M
6 82 54 68 5 0 3 0.00 M M 2.4 10 280 M M 3 M M
7 88 54 71 8 0 6 0.00 M M 1.5 8 270 M M 3 16 270
8 90 55 73 10 0 8 0.00 M M 2.3 10 230 M M 0 18 230
9 90 70 80 18 0 15 0.00 M M 4.8 9 250 M M 0 18 230
10 86 70 78 16 0 13 0.02 M M 5.5 9 130 M M 7 3 21 130
11 79 54 67 5 0 2 0.00 M M 5.7 12 260 M M 4 18 250
12 75 48 62 1 3 0 0.54 M M 1.6 7 60 M M 6 3 M M
13 82 73 78 17 0 13 0.02 M M 5.3 9 210 M M 6 18 120
14 79 63 71 10 0 6 1.00 M M 1.7 8 270 M M 9 21 180
15 77 50 64 4 1 0 0.06 M M 4.9 15 270 M M 6 23 300
16 70 41 56 -4 9 0 0.00 M M 1.9 10 330 M M 0 16 290
17 73 37 55 -5 10 0 0.00 M M 0.4 5 10 M M 0 M M
18 73 43 58 -2 7 0 0.00 M M 0.6 5 140 M M 0 M M
19 75 43 59 0 6 0 0.00 M M 0.3 3 120 M M 0 M M
20 75 52 64 5 1 0 0.00 M M 1.1 5 220 M M 7 M M
21 77 46 62 3 3 0 0.00 M M 3.3 9 330 M M 2 M M
22 77 46 62 4 3 0 0.00 M M 0.8 7 250 M M 1 M M
23 81 48 65 7 0 0 0.00 M M 2.7 7 240 M M 3 20 240
24 82 66 74 16 0 9 0.00 M M 6.3 10 210 M M 4 20 230
25 77 50 64 6 1 0 0.00 M M 2.6 9 280 M M 0 M M
26 72 50 61 4 4 0 0.00 M M 5.0 9 70 M M 7 M M
27 72 54 63 6 2 0 2.01 M M 7.6 15 280 M M 10 22 250
28 54 52 53 -4 12 0 0.10 M M 15.6 27 290 M M 10 37 290
29 55 52 54 -2 11 0 0.00 M M 10.9 20 300 M M 10 30 300
30 68 39 54 -2 11 0 0.00 M M 4.3 12 280 M M 1 16 350
31 75 37 56 0 9 0 0.00 M M 1.3 6 350 M M 0 M M
================================================================================
SM 2393 1646 93 105 3.77 M 108.8 M 120
================================================================================
AV 77.2 53.1 3.5 FASTST M M 4 MAX(MPH)
MISC ----> 27 290 37 290
================================================================================
NOTES:
# LAST OF SEVERAL OCCURRENCES
COLUMN 17 PEAK WIND IN M.P.H.
PRELIMINARY LOCAL CLIMATOLOGICAL DATA (WS FORM: F-6) , PAGE 2
STATION: MENA AIRPORT
MONTH: OCTOBER
YEAR: 2021
LATITUDE: 34 9 N
LONGITUDE: 94 15 W
[TEMPERATURE DATA] [PRECIPITATION DATA] SYMBOLS USED IN COLUMN 16
AVERAGE MONTHLY: 65.1 TOTAL FOR MONTH: 3.77 1 = FOG OR MIST
DPTR FM NORMAL: 4.8 DPTR FM NORMAL: -2.23 2 = FOG REDUCING VISIBILITY
HIGHEST: 90 ON 8, 9 GRTST 24HR 2.01 ON 27-27 TO 1/4 MILE OR LESS
LOWEST: 37 ON 17,31 3 = THUNDER
SNOW, ICE PELLETS, HAIL 4 = ICE PELLETS
TOTAL MONTH: M 5 = HAIL
GRTST 24HR M ON M 6 = FREEZING RAIN OR DRIZZLE
GRTST DEPTH: M ON M 7 = DUSTSTORM OR SANDSTORM:
VSBY 1/2 MILE OR LESS
8 = SMOKE OR HAZE
[NO. OF DAYS WITH] [WEATHER - DAYS WITH] 9 = BLOWING SNOW
X = TORNADO
MAX 32 OR BELOW: 0 0.01 INCH OR MORE: 8
MAX 90 OR ABOVE: 2 0.10 INCH OR MORE: 4
MIN 32 OR BELOW: 0 0.50 INCH OR MORE: 3
MIN 0 OR BELOW: 0 1.00 INCH OR MORE: 1
[HDD (BASE 65) ]
TOTAL THIS MO. 93 CLEAR (SCALE 0-3) 16
DPTR FM NORMAL -97 PTCLDY (SCALE 4-7) 10
TOTAL FM JUL 1 99 CLOUDY (SCALE 8-10) 5
DPTR FM NORMAL -122
[CDD (BASE 65) ]
TOTAL THIS MO. 105
DPTR FM NORMAL 61 [PRESSURE DATA]
TOTAL FM JAN 1 1823 HIGHEST SLP M ON M
DPTR FM NORMAL 311 LOWEST SLP M ON M
[REMARKS]
#FINAL-10-21#