000
CXUS53 KGRB 061927
CF6MFI
PRELIMINARY LOCAL CLIMATOLOGICAL DATA (WS FORM: F-6)
STATION: MARSHFIELD WI
MONTH: JUNE
YEAR: 2023
LATITUDE: 44 37 N
LONGITUDE: 90 11 W
TEMPERATURE IN F: :PCPN: SNOW: WIND :SUNSHINE: SKY :PK WND
================================================================================
1 2 3 4 5 6A 6B 7 8 9 10 11 12 13 14 15 16 17 18
12Z AVG MX 2MIN
DY MAX MIN AVG DEP HDD CDD WTR SNW DPTH SPD SPD DIR MIN PSBL S-S WX SPD DR
================================================================================
1 88 61 75 13 0 10 T 0.0 0 4.4 20 130 M M 2 3 26 140
2 89 63 76 14 0 11 0.00 0.0 0 6.9 24 60 M M 2 138 33 60
3 89 61 75 13 0 10 0.00 0.0 0 6.8 18 80 M M 0 26 90
4 83 61 72 10 0 7 0.00 0.0 0 5.8 13 130 M M 2 8 18 70
5 85 61 73 10 0 8 0.00 0.0 0 2.7 12 90 M M 3 8 17 90
6 77 60 69 6 0 4 0.00 0.0 0 8.5 14 60 M M 5 8 20 70
7 76 53 65 2 0 0 T 0.0 0 7.8 14 50 M M 2 21 90
8 75 47 61 -3 4 0 0.00 0.0 0 5.2 12 80 M M 0 16 90
9 80 47 64 0 1 0 0.00 0.0 0 4.8 14 300 M M 0 19 320
10 77 51 64 0 1 0 1.00 0.0 0 7.1 22 360 M M 7 13 33 30
11 65 43 54 -10 11 0 T 0.0 0 9.8 18 60 M M 7 1 26 40
12 68 38 53 -12 12 0 T 0.0 0 10.2 30 340 M M 6 40 360
13 70 52 61 -4 4 0 0.12 0.0 0 10.9 23 330 M M 9 1 30 340
14 80 53 67 2 0 2 0.00 0.0 0 4.8 13 360 M M 3 18 18 20
15 62 51 57 -8 8 0 0.00 0.0 0 9.5 17 50 M M 5 1 25 50
16 75 48 62 -4 3 0 0.00 0.0 0 4.1 10 150 M M 1 18 14 150
17 80 53 67 1 0 2 0.00 0.0 0 3.8 13 200 M M 1 18 22 200
18 80 58 69 3 0 4 T 0.0 0 7.6 18 150 M M 3 18 25 130
19 84 60 72 6 0 7 0.11 0.0 0 6.2 13 110 M M 6 138 17 110
20 84 60 72 6 0 7 0.00 0.0 0 7.0 16 90 M M 0 8 21 110
21 88 58 73 6 0 8 0.00 0.0 0 4.7 10 120 M M 1 18 13 130
22 88 61 75 8 0 10 0.00 0.0 0 4.4 14 50 M M 1 18 19 40
23 88 59 74 7 0 9 0.00 0.0 0 4.1 13 110 M M 2 8 18 110
24 88 61 75 8 0 10 T 0.0 0 7.7 21 210 M M 3 18 30 200
25 75 64 70 3 0 5 1.14 0.0 0 7.2 13 130 M M 3 13 17 120
26 70 60 65 -3 0 0 0.00 0.0 0 13.3 22 330 M M 6 18 30 360
27 81 52 67 -1 0 2 0.00 0.0 0 4.7 12 350 M M 6 18 16 340
28 82 60 71 3 0 6 T 0.0 0 9.3 22 180 M M 6 18 27 170
29 85 60 73 5 0 8 0.00 0.0 0 6.0 16 170 M M 3 18 19 190
30 85 59 72 4 0 7 0.00 0.0 0 6.3 14 320 M M 1 1 21 310
================================================================================
SM 2397 1675 44 137 2.37 0.0 201.6 M 96
================================================================================
AV 79.9 55.8 6.7 FASTST M M 3 MAX(MPH)
MISC ----> 30 340 40 360
================================================================================
NOTES:
# LAST OF SEVERAL OCCURRENCES
COLUMN 17 PEAK WIND IN M.P.H.
PRELIMINARY LOCAL CLIMATOLOGICAL DATA (WS FORM: F-6) , PAGE 2
STATION: MARSHFIELD WI
MONTH: JUNE
YEAR: 2023
LATITUDE: 44 37 N
LONGITUDE: 90 11 W
[TEMPERATURE DATA] [PRECIPITATION DATA] SYMBOLS USED IN COLUMN 16
AVERAGE MONTHLY: 67.9 TOTAL FOR MONTH: 2.37 1 = FOG OR MIST
DPTR FM NORMAL: 2.7 DPTR FM NORMAL: -1.46 2 = FOG REDUCING VISIBILITY
HIGHEST: 89 ON 3, 2 GRTST 24HR 1.14 ON 25-25 TO 1/4 MILE OR LESS
LOWEST: 38 ON 12 3 = THUNDER
SNOW, ICE PELLETS, HAIL 4 = ICE PELLETS
TOTAL MONTH: 0.0 INCH 5 = HAIL
GRTST 24HR 0.0 6 = FREEZING RAIN OR DRIZZLE
GRTST DEPTH: 0 7 = DUSTSTORM OR SANDSTORM:
VSBY 1/2 MILE OR LESS
8 = SMOKE OR HAZE
[NO. OF DAYS WITH] [WEATHER - DAYS WITH] 9 = BLOWING SNOW
X = TORNADO
MAX 32 OR BELOW: 0 0.01 INCH OR MORE: 4
MAX 90 OR ABOVE: 0 0.10 INCH OR MORE: 4
MIN 32 OR BELOW: 0 0.50 INCH OR MORE: 2
MIN 0 OR BELOW: 0 1.00 INCH OR MORE: 2
[HDD (BASE 65) ]
TOTAL THIS MO. 44 CLEAR (SCALE 0-3) 18
DPTR FM NORMAL -29 PTCLDY (SCALE 4-7) 11
TOTAL FM JUL 1 7600 CLOUDY (SCALE 8-10) 1
DPTR FM NORMAL -518
[CDD (BASE 65) ]
TOTAL THIS MO. 137
DPTR FM NORMAL 58 [PRESSURE DATA]
TOTAL FM JAN 1 163 HIGHEST SLP 30.15 ON 21
DPTR FM NORMAL 65 LOWEST SLP 29.56 ON 25
[REMARKS]
#FINAL-06-23#