000
CXUS56 KMFR 011710
CF6MHS
PRELIMINARY LOCAL CLIMATOLOGICAL DATA (WS FORM: F-6)
STATION: MT SHASTA CITY CA
MONTH: NOVEMBER
YEAR: 2020
LATITUDE: 41 19 N
LONGITUDE: 122 19 W
TEMPERATURE IN F: :PCPN: SNOW: WIND :SUNSHINE: SKY :PK WND
================================================================================
1 2 3 4 5 6A 6B 7 8 9 10 11 12 13 14 15 16 17 18
12Z AVG MX 2MIN
DY MAX MIN AVG DEP HDD CDD WTR SNW DPTH SPD SPD DIR MIN PSBL S-S WX SPD DR
================================================================================
1 78 35 57 12 8 0 0.00 M M 0.5 6 290 M M 0 9 350
2 77 34 56 11 9 0 0.00 M M 0.7 5 130 M M 0 11 130
3 71 34 53 9 12 0 0.00 M M 0.3 7 130 M M 0 15 140
4 72 37 55 11 10 0 0.00 M M 0.0 6 120 M M 0 11 150
5 74 39 57 13 8 0 0.00 M M 1.9 8 300 M M 1 14 300
6 58 37 48 5 17 0 T M M 5.1 12 330 M M 4 21 340
7 43 33 38 -5 27 0 0.07 M M 4.3 13 340 M M 8 1 23 340
8 37 27 32 -11 33 0 0.05 M M 5.9 13 330 M M 6 18 30 340
9 41 26 34 -8 31 0 0.00 M M 2.0 8 20 M M 5 8 16 360
10 52 26 39 -3 26 0 0.00 M M 0.8 7 300 M M 3 18 11 360
11 49 23 36 -6 29 0 0.00 M M 1.0 8 290 M M 1 18 13 310
12 52 18 35 -6 30 0 0.00 M M 1.7 9 100 M M 2 18 16 80
13 40 30 35 -6 30 0 0.57 M M 3.4 10 100 M M 9 12 20 100
14 41 26 34 -7 31 0 0.00 M M 1.8 14 90 M M 5 1 22 70
15 46 38 42 2 23 0 M M M 2.8 13 90 M M 10 1 24 100
16 61 35 48 8 17 0 0.00 M M 0.6 7 130 M M 3 1 16 150
17 49 39 44 4 21 0 0.69 M M 4.6 9 90 M M 7 1 20 130
18 49 34 42 2 23 0 0.19 M M 1.8 8 90 M M 7 1 14 100
19 47 28 38 -1 27 0 0.01 M M 0.8 7 290 M M 5 18 11 100
20 44 23 34 -5 31 0 0.00 M M 2.3 8 330 M M 0 18 16 310
21 45 23 34 -5 31 0 0.00 M M 2.8 9 320 M M 0 18 18 360
22 48 23 36 -2 29 0 0.00 M M 1.3 8 360 M M 4 18 16 330
23 51 30 41 3 24 0 0.00 M M 3.8 9 350 M M 4 18 300
24 56 28 42 4 23 0 0.00 M M 1.2 7 100 M M 0 1 14 80
25 46 32 39 1 26 0 0.11 M M 3.9 10 340 M M 5 1 21 350
26 44 25 35 -3 30 0 0.00 M M 2.4 8 340 M M 3 18 17 20
27 47 22 35 -2 30 0 0.00 M M 1.6 7 300 M M 0 18 14 300
28 50 23 37 0 28 0 0.00 M M 1.8 8 320 M M 0 18 15 340
29 54 24 39 2 26 0 0.00 M M 1.2 7 300 M M 0 18 10 300
30 53 25 39 2 26 0 0.00 M M 2.1 12 300 M M 1 18 20 300
================================================================================
SM 1575 877 716 0 1.69 M 64.4 M 93
================================================================================
AV 52.5 29.2 2.1 FASTST M M 3 MAX(MPH)
MISC ----> 14 90 30 340
================================================================================
NOTES:
# LAST OF SEVERAL OCCURRENCES
COLUMN 17 PEAK WIND IN M.P.H.
PRELIMINARY LOCAL CLIMATOLOGICAL DATA (WS FORM: F-6) , PAGE 2
STATION: MT SHASTA CITY CA
MONTH: NOVEMBER
YEAR: 2020
LATITUDE: 41 19 N
LONGITUDE: 122 19 W
[TEMPERATURE DATA] [PRECIPITATION DATA] SYMBOLS USED IN COLUMN 16
AVERAGE MONTHLY: 40.9 TOTAL FOR MONTH: 1.69 1 = FOG OR MIST
DPTR FM NORMAL: 0.3 DPTR FM NORMAL: -3.39 2 = FOG REDUCING VISIBILITY
HIGHEST: 78 ON 1 GRTST 24HR 0.81 ON 17-18 TO 1/4 MILE OR LESS
LOWEST: 18 ON 12 3 = THUNDER
SNOW, ICE PELLETS, HAIL 4 = ICE PELLETS
TOTAL MONTH: M 5 = HAIL
GRTST 24HR M ON M 6 = FREEZING RAIN OR DRIZZLE
GRTST DEPTH: M ON M 7 = DUSTSTORM OR SANDSTORM:
VSBY 1/2 MILE OR LESS
8 = SMOKE OR HAZE
[NO. OF DAYS WITH] [WEATHER - DAYS WITH] 9 = BLOWING SNOW
X = TORNADO
MAX 32 OR BELOW: 0 0.01 INCH OR MORE: 7
MAX 90 OR ABOVE: 0 0.10 INCH OR MORE: 4
MIN 32 OR BELOW: 19 0.50 INCH OR MORE: 2
MIN 0 OR BELOW: 0 1.00 INCH OR MORE: 0
[HDD (BASE 65) ]
TOTAL THIS MO. 716 CLEAR (SCALE 0-3) 17
DPTR FM NORMAL -17 PTCLDY (SCALE 4-7) 10
TOTAL FM JUL 1 1022 CLOUDY (SCALE 8-10) 3
DPTR FM NORMAL -375
[CDD (BASE 65) ]
TOTAL THIS MO. 0
DPTR FM NORMAL 0 [PRESSURE DATA]
TOTAL FM JAN 1 561 HIGHEST SLP 30.52 ON 21
DPTR FM NORMAL 273 LOWEST SLP 29.65 ON 6
[REMARKS]
#FINAL-11-20#