000
CXUS52 KMFL 011130
CF6MIA
PRELIMINARY LOCAL CLIMATOLOGICAL DATA (WS FORM: F-6)
STATION: MIAMI
MONTH: FEBRUARY
YEAR: 2023
LATITUDE: 25 49 N
LONGITUDE: 80 17 W
TEMPERATURE IN F: :PCPN: SNOW: WIND :SUNSHINE: SKY :PK WND
================================================================================
1 2 3 4 5 6A 6B 7 8 9 10 11 12 13 14 15 16 17 18
12Z AVG MX 2MIN
DY MAX MIN AVG DEP HDD CDD WTR SNW DPTH SPD SPD DIR MIN PSBL S-S WX SPD DR
================================================================================
1 85 69 77 8 0 12 0.00 0.0 0 5.6 14 130 M M 3 19 180
2 84 70 77 8 0 12 0.00 0.0 0 5.8 14 130 M M 3 21 160
3 88 69 79 9 0 14 0.00 0.0 0 6.6 15 340 M M 2 22 340
4 75 64 70 0 0 5 0.32 0.0 0 12.7 24 70 M M 9 1 32 40
5 83 68 76 6 0 11 4.13 0.0 0 6.0 17 50 M M 9 13 27 40
6 82 68 75 5 0 10 0.00 0.0 M 6.4 15 70 M M 6 20 80
7 80 69 75 5 0 10 0.00 0.0 M 10.5 20 80 M M 4 27 80
8 81 70 76 6 0 11 0.00 0.0 0 11.8 20 110 M M 6 26 100
9 82 73 78 8 0 13 0.00 0.0 0 14.0 22 100 M M 6 27 110
10 83 73 78 8 0 13 0.00 0.0 0 9.6 18 120 M M 5 32 160
11 86 72 79 9 0 14 0.00 0.0 0 8.3 20 140 M M 4 27 170
12 78 65 72 2 0 7 0.66 0.0 0 10.4 24 220 M M 6 13 36 240
13 75 59 67 -4 0 2 0.00 0.0 0 7.6 18 310 M M 3 25 320
14 77 57 67 -4 0 2 0.00 0.0 0 7.6 17 110 M M 4 23 140
15 82 70 76 5 0 11 0.00 0.0 0 11.9 21 110 M M 5 26 110
16 83 73 78 7 0 13 0.00 0.0 0 11.5 18 110 M M 4 26 140
17 83 72 78 7 0 13 0.61 0.0 0 5.9 16 130 M M 6 1 24 170
18 82 71 77 6 0 12 0.00 0.0 0 7.4 16 40 M M 6 1 23 50
19 84 71 78 7 0 13 0.00 0.0 0 6.5 15 110 M M 3 20 130
20 85 72 79 8 0 14 0.00 0.0 0 5.1 14 140 M M 4 24 140
21 86 70 78 7 0 13 0.00 0.0 0 4.7 14 140 M M 4 24 190
22 84 69 77 5 0 12 0.00 0.0 0 6.7 17 140 M M 3 25 120
23 85 74 80 8 0 15 0.00 0.0 0 8.6 16 130 M M 4 24 140
24 86 70 78 6 0 13 0.00 0.0 0 6.6 17 90 M M 4 24 100
25 85 68 77 5 0 12 0.00 0.0 0 4.3 13 130 M M 3 19 130
26 87 69 78 6 0 13 0.00 0.0 0 4.8 13 130 M M 2 19 150
27 84 67 76 4 0 11 0.00 0.0 0 6.5 17 160 M M 2 26 130
28 88 64 76 4 0 11 0.00 0.0 0 5.8 12 260 M M 1 18 230
================================================================================
SM 2323 1926 0 312 5.72 0.0 219.2 M 121
================================================================================
AV 83.0 68.8 7.8 FASTST M M 4 MAX(MPH)
MISC ----> # 24 70 36 240
================================================================================
NOTES:
# LAST OF SEVERAL OCCURRENCES
COLUMN 17 PEAK WIND IN M.P.H.
PRELIMINARY LOCAL CLIMATOLOGICAL DATA (WS FORM: F-6) , PAGE 2
STATION: MIAMI
MONTH: FEBRUARY
YEAR: 2023
LATITUDE: 25 49 N
LONGITUDE: 80 17 W
[TEMPERATURE DATA] [PRECIPITATION DATA] SYMBOLS USED IN COLUMN 16
AVERAGE MONTHLY: 75.9 TOTAL FOR MONTH: 5.72 1 = FOG OR MIST
DPTR FM NORMAL: 5.2 DPTR FM NORMAL: 3.57 2 = FOG REDUCING VISIBILITY
HIGHEST: 88 ON 28, 3 GRTST 24HR 4.43 ON 4- 5 TO 1/4 MILE OR LESS
LOWEST: 57 ON 14 3 = THUNDER
SNOW, ICE PELLETS, HAIL 4 = ICE PELLETS
TOTAL MONTH: 0.0 INCH 5 = HAIL
GRTST 24HR 0.0 6 = FREEZING RAIN OR DRIZZLE
GRTST DEPTH: 0 7 = DUSTSTORM OR SANDSTORM:
VSBY 1/2 MILE OR LESS
8 = SMOKE OR HAZE
[NO. OF DAYS WITH] [WEATHER - DAYS WITH] 9 = BLOWING SNOW
X = TORNADO
MAX 32 OR BELOW: 0 0.01 INCH OR MORE: 4
MAX 90 OR ABOVE: 0 0.10 INCH OR MORE: 4
MIN 32 OR BELOW: 0 0.50 INCH OR MORE: 3
MIN 0 OR BELOW: 0 1.00 INCH OR MORE: 1
[HDD (BASE 65) ]
TOTAL THIS MO. 0 CLEAR (SCALE 0-3) 8
DPTR FM NORMAL -22 PTCLDY (SCALE 4-7) 18
TOTAL FM JUL 1 67 CLOUDY (SCALE 8-10) 2
DPTR FM NORMAL -30
[CDD (BASE 65) ]
TOTAL THIS MO. 312
DPTR FM NORMAL 130 [PRESSURE DATA]
TOTAL FM JAN 1 567 HIGHEST SLP 30.30 ON 24
DPTR FM NORMAL 231 LOWEST SLP 29.93 ON 12
[REMARKS]
#FINAL-02-23#