000
CXUS53 KIND 010600
CF6MIE
PRELIMINARY LOCAL CLIMATOLOGICAL DATA (WS FORM: F-6)
STATION: MUNCIE IN
MONTH: OCTOBER
YEAR: 2021
LATITUDE: 40 13 N
LONGITUDE: 85 23 W
TEMPERATURE IN F: :PCPN: SNOW: WIND :SUNSHINE: SKY :PK WND
================================================================================
1 2 3 4 5 6A 6B 7 8 9 10 11 12 13 14 15 16 17 18
12Z AVG MX 2MIN
DY MAX MIN AVG DEP HDD CDD WTR SNW DPTH SPD SPD DIR MIN PSBL S-S WX SPD DR
================================================================================
1 82 52 67 5 0 2 0.00 M M 4.3 9 120 M M 0 15 160
2 76 60 68 7 0 3 0.03 M M 6.9 15 240 M M 6 23 250
3 80 66 73 12 0 8 0.08 M M 7.0 22 310 M M 9 13 29 310
4 74 61 68 8 0 3 0.04 M M 4.5 10 290 M M 8 18 14 290
5 79 61 70 10 0 5 0.00 M M 4.5 10 70 M M 9 128 M M
6 78 65 72 12 0 7 0.22 M M 8.0 13 110 M M 9 138 18 80
7 79 67 73 14 0 8 0.18 M M 4.9 12 140 M M 7 13 17 130
8 80 62 71 12 0 6 T M M 3.9 16 280 M M 4 3 25 290
9 83 58 71 13 0 6 0.00 M M 5.4 12 180 M M 1 18 22 180
10 87 71 79 21 0 14 0.00 M M 10.9 18 190 M M 1 28 220
11 85 69 77 19 0 12 0.05 M M 10.5 20 190 M M 2 3 30 170
12 74 59 67 10 0 2 0.01 M M 8.0 17 190 M M 7 27 210
13 78 57 68 11 0 3 0.06 M M 6.2 13 200 M M 1 18 20 180
14 84 68 76 19 0 11 0.66 M M 7.1 16 240 M M 5 138 25 240
15 76 57 67 11 0 2 1.19 M M 8.1 24 340 M M 10 138 33 350
16 61 48 55 -1 10 0 0.09 M M 11.0 21 310 M M 5 30 310
17 68 44 56 0 9 0 0.00 M M 8.2 17 310 M M 0 27 340
18 73 43 58 3 7 0 0.00 M M 4.5 12 290 M M 0 8 17 270
19 72 50 61 6 4 0 0.00 M M 5.3 13 260 M M 0 8 18 250
20 75 48 62 8 3 0 0.00 M M 7.4 16 220 M M 0 24 220
21 67 52 60 6 5 0 0.00 M M 12.8 24 260 M M 7 37 280
22 54 49 52 -2 13 0 0.07 M M 4.7 13 290 M M 10 18 17 290
23 61 48 55 2 10 0 0.02 M M 4.8 14 240 M M 8 18 20 240
24 68 51 60 7 5 0 1.28 M M 7.0 21 320 M M 10 18 29 320
25 63 50 57 5 8 0 1.33 M M 13.0 24 210 M M 9 138 34 180
26 57 40 49 -3 16 0 T M M 9.4 17 350 M M 4 23 350
27 59 35 47 -5 18 0 0.00 M M 5.5 21 120 M M 1 8 26 100
28 59 50 55 4 10 0 0.33 M M 10.6 20 110 M M 9 1 27 100
29 60 54 57 6 8 0 0.81 M M 7.1 16 340 M M 10 18 20 20
30 55 52 54 4 11 0 0.03 M M 11.8 18 20 M M 10 18 27 30
31 64 44 54 4 11 0 0.00 M M 10.1 21 310 M M 6 31 270
================================================================================
SM 2211 1691 148 92 6.48 M 233.4 M 168
================================================================================
AV 71.3 54.5 7.5 FASTST M M 5 MAX(MPH)
MISC ----> # 24 340 37 280
================================================================================
NOTES:
# LAST OF SEVERAL OCCURRENCES
COLUMN 17 PEAK WIND IN M.P.H.
PRELIMINARY LOCAL CLIMATOLOGICAL DATA (WS FORM: F-6) , PAGE 2
STATION: MUNCIE IN
MONTH: OCTOBER
YEAR: 2021
LATITUDE: 40 13 N
LONGITUDE: 85 23 W
[TEMPERATURE DATA] [PRECIPITATION DATA] SYMBOLS USED IN COLUMN 16
AVERAGE MONTHLY: 62.9 TOTAL FOR MONTH: 6.48 1 = FOG OR MIST
DPTR FM NORMAL: 7.1 DPTR FM NORMAL: 3.52 2 = FOG REDUCING VISIBILITY
HIGHEST: 87 ON 10 GRTST 24HR 2.52 ON 24-25 TO 1/4 MILE OR LESS
LOWEST: 35 ON 27 3 = THUNDER
SNOW, ICE PELLETS, HAIL 4 = ICE PELLETS
TOTAL MONTH: M 5 = HAIL
GRTST 24HR M ON M 6 = FREEZING RAIN OR DRIZZLE
GRTST DEPTH: M ON M 7 = DUSTSTORM OR SANDSTORM:
VSBY 1/2 MILE OR LESS
8 = SMOKE OR HAZE
[NO. OF DAYS WITH] [WEATHER - DAYS WITH] 9 = BLOWING SNOW
X = TORNADO
MAX 32 OR BELOW: 0 0.01 INCH OR MORE: 18
MAX 90 OR ABOVE: 0 0.10 INCH OR MORE: 8
MIN 32 OR BELOW: 0 0.50 INCH OR MORE: 5
MIN 0 OR BELOW: 0 1.00 INCH OR MORE: 3
[HDD (BASE 65) ]
TOTAL THIS MO. 148 CLEAR (SCALE 0-3) 10
DPTR FM NORMAL -163 PTCLDY (SCALE 4-7) 9
TOTAL FM JUL 1 167 CLOUDY (SCALE 8-10) 12
DPTR FM NORMAL -216
[CDD (BASE 65) ]
TOTAL THIS MO. 92
DPTR FM NORMAL 65 [PRESSURE DATA]
TOTAL FM JAN 1 1445 HIGHEST SLP M ON M
DPTR FM NORMAL 275 LOWEST SLP 29.42 ON 29
[REMARKS]
#FINAL-10-21#