000
CXUS55 KEAX 041802
CF6MKC
PRELIMINARY LOCAL CLIMATOLOGICAL DATA (WS FORM: F-6)
STATION: DOWNTOWN KANSAS CITY MO
MONTH: APRIL
YEAR: 2020
LATITUDE: 39 7 N
LONGITUDE: 94 36 W
TEMPERATURE IN F: :PCPN: SNOW: WIND :SUNSHINE: SKY :PK WND
================================================================================
1 2 3 4 5 6A 6B 7 8 9 10 11 12 13 14 15 16 17 18
12Z AVG MX 2MIN
DY MAX MIN AVG DEP HDD CDD WTR SNW DPTH SPD SPD DIR MIN PSBL S-S WX SPD DR
================================================================================
1 73 47 60 8 5 0 0.00 M M 8.4 21 150 M M 0 30 150
2 71 43 57 5 8 0 T M M 10.7 22 150 M M 7 3 31 140
3 43 31 37 -15 28 0 0.49 M M 11.5 20 340 M M 10 1368 31 340
4 48 31 40 -13 25 0 0.00 M M 7.5 14 350 M M 7 18 350
5 60 38 49 -4 16 0 0.00 M M 5.5 14 150 M M 6 17 120
6 68 53 61 8 4 0 0.00 M M 8.9 21 200 M M 9 29 200
7 80 59 70 16 0 5 0.00 M M 10.1 20 210 M M 3 18 26 200
8 88 50 69 15 0 4 0.00 M M 8.7 32 350 M M 1 128 42 340
9 60 37 49 -5 16 0 0.00 M M 11.7 26 330 M M 1 38 290
10 56 28 42 -13 23 0 0.00 M M 6.2 16 180 M M 4 24 160
11 74 48 61 6 4 0 0.05 M M 12.3 23 180 M M 4 38 34 170
12 64 33 49 -7 16 0 0.55 M M 15.0 29 340 M M 9 13 44 350
13 45 29 37 -19 28 0 0.00 M M 10.2 24 330 M M 1 33 320
14 51 32 42 -14 23 0 0.00 M M 8.3 18 240 M M 2 29 270
15 54 33 44 -12 21 0 0.00 M M 6.0 22 230 M M 2 30 230
16 48 39 44 -13 21 0 0.19 M M 11.4 20 70 M M 8 1 28 60
17 47 33 40 -17 25 0 0.22 M M 9.1 20 10 M M 7 1 25 360
18 64 32 48 -10 17 0 0.00 M M 10.2 22 200 M M 0 30 200
19 68 45 57 -1 8 0 0.00 M M 5.6 17 20 M M 1 25 60
20 70 41 56 -2 9 0 T M M 5.1 20 290 M M 4 29 270
21 72 43 58 0 7 0 0.00 M M 4.5 16 170 M M 0 24 170
22 66 54 60 1 5 0 0.02 M M 7.4 20 190 M M 5 1 28 200
23 74 54 64 5 1 0 0.00 M M 3.3 12 150 M M 6 1 16 150
24 64 54 59 -1 6 0 M M M 5.2 17 340 M M 8 1 25 340
25 68 50 59 -1 6 0 M M M 10.6 23 330 M M 5 32 340
26 72 44 58 -2 7 0 T M M 4.5 14 160 M M 3 1 20 160
27 77 55 66 6 0 1 0.05 M M 12.3 25 200 M M 4 36 200
28 79 53 66 5 0 1 T M M 9.5 29 320 M M 2 48 330
29 70 50 60 -1 5 0 T M M 13.5 30 330 M M 5 46 300
30 74 47 61 -1 4 0 0.00 M M 3.7 15 270 M M 0 20 270
================================================================================
SM 1948 1286 338 11 1.57 M 256.9 M 124
================================================================================
AV 64.9 42.9 8.6 FASTST M M 4 MAX(MPH)
MISC ----> 32 350 48 330
================================================================================
NOTES:
# LAST OF SEVERAL OCCURRENCES
COLUMN 17 PEAK WIND IN M.P.H.
PRELIMINARY LOCAL CLIMATOLOGICAL DATA (WS FORM: F-6) , PAGE 2
STATION: DOWNTOWN KANSAS CITY MO
MONTH: APRIL
YEAR: 2020
LATITUDE: 39 7 N
LONGITUDE: 94 36 W
[TEMPERATURE DATA] [PRECIPITATION DATA] SYMBOLS USED IN COLUMN 16
AVERAGE MONTHLY: 53.9 TOTAL FOR MONTH: 1.57 1 = FOG OR MIST
DPTR FM NORMAL: -2.7 DPTR FM NORMAL: -2.14 2 = FOG REDUCING VISIBILITY
HIGHEST: 88 ON 8 GRTST 24HR 0.60 ON 11-12 TO 1/4 MILE OR LESS
LOWEST: 28 ON 10 3 = THUNDER
SNOW, ICE PELLETS, HAIL 4 = ICE PELLETS
TOTAL MONTH: M 5 = HAIL
GRTST 24HR M ON M 6 = FREEZING RAIN OR DRIZZLE
GRTST DEPTH: M ON M 7 = DUSTSTORM OR SANDSTORM:
VSBY 1/2 MILE OR LESS
8 = SMOKE OR HAZE
[NO. OF DAYS WITH] [WEATHER - DAYS WITH] 9 = BLOWING SNOW
X = TORNADO
MAX 32 OR BELOW: 0 0.01 INCH OR MORE: 7
MAX 90 OR ABOVE: 0 0.10 INCH OR MORE: 4
MIN 32 OR BELOW: 6 0.50 INCH OR MORE: 1
MIN 0 OR BELOW: 0 1.00 INCH OR MORE: 0
[HDD (BASE 65) ]
TOTAL THIS MO. 338 CLEAR (SCALE 0-3) 12
DPTR FM NORMAL 54 PTCLDY (SCALE 4-7) 14
TOTAL FM JUL 1 4465 CLOUDY (SCALE 8-10) 4
DPTR FM NORMAL -141
[CDD (BASE 65) ]
TOTAL THIS MO. 11
DPTR FM NORMAL -22 [PRESSURE DATA]
TOTAL FM JAN 1 11 HIGHEST SLP 30.35 ON 14
DPTR FM NORMAL -27 LOWEST SLP 29.43 ON 12
[REMARKS]
#FINAL-04-20#