000
CXHW52 PHFO 011250
CF6MKK
PRELIMINARY LOCAL CLIMATOLOGICAL DATA (WS FORM: F-6)
STATION: MOLOKAI HI
MONTH: JULY
YEAR: 2022
LATITUDE: 21 8 N
LONGITUDE: 157 6 W
TEMPERATURE IN F: :PCPN: SNOW: WIND :SUNSHINE: SKY :PK WND
================================================================================
1 2 3 4 5 6A 6B 7 8 9 10 11 12 13 14 15 16 17 18
12Z AVG MX 2MIN
DY MAX MIN AVG DEP HDD CDD WTR SNW DPTH SPD SPD DIR MIN PSBL S-S WX SPD DR
================================================================================
1 85 75 80 1 0 15 T M M 15.0 25 40 M M 4 37 30
2 84 74 79 0 0 14 0.00 M M 16.1 26 40 M M 1 41 50
3 85 72 79 0 0 14 T M M 17.5 29 50 M M 5 40 50
4 83 72 78 -1 0 13 0.03 M M 15.0 25 30 M M 7 1 36 40
5 84 71 78 -1 0 13 T M M 14.8 26 50 M M 4 1 35 50
6 85 73 79 0 0 14 0.02 M M 12.2 23 50 M M 3 33 50
7 84 71 78 -1 0 13 0.01 M M 13.1 26 60 M M 4 34 50
8 84 72 78 -1 0 13 0.03 M M 13.2 23 30 M M 5 1 33 60
9 85 73 79 0 0 14 0.00 M M 15.0 26 50 M M 2 37 30
10 85 74 80 1 0 15 T M M 14.6 26 60 M M 2 36 60
11 84 74 79 0 0 14 0.00 M M 14.6 25 50 M M 2 33 60
12 83 71 77 -2 0 12 0.02 M M 12.0 25 40 M M 5 18 33 50
13 85 75 80 1 0 15 0.00 M M 15.3 28 50 M M 3 8 36 40
14 85 73 79 0 0 14 0.03 M M 14.3 26 50 M M 5 18 36 50
15 85 73 79 0 0 14 T M M 14.5 25 50 M M 3 34 50
16 85 75 80 1 0 15 T M M 16.3 31 50 M M 2 39 50
17 88 76 82 3 0 17 0.00 M M 14.3 23 40 M M 0 36 30
18 85 73 79 0 0 14 T M M 16.4 29 60 M M 4 39 50
19 83 71 77 -2 0 12 0.08 M M 13.2 23 60 M M 7 1 31 60
20 85 73 79 0 0 14 T M M 14.3 25 60 M M 3 34 60
21 86 72 79 0 0 14 T M M 14.7 24 50 M M 2 35 60
22 86 74 80 1 0 15 0.00 M M 14.1 24 50 M M 0 34 50
23 88 73 81 2 0 16 0.00 M M 12.4 21 50 M M 1 28 60
24 85 73 79 0 0 14 0.00 M M 12.7 25 60 M M 1 36 50
25 85 73 79 0 0 14 T M M 13.3 24 50 M M 3 35 60
26 85 74 80 1 0 15 T M M 15.0 29 50 M M 4 37 50
27 87 74 81 2 0 16 0.00 M M 12.9 26 50 M M 0 33 50
28 86 71 79 0 0 14 0.00 M M 8.4 16 30 M M 1 25 40
29 86 69 78 -2 0 13 0.00 M M 8.8 20 30 M M 2 29 30
30 90 72 81 1 0 16 T M M 10.7 21 50 M M 2 28 50
31 85 74 80 0 0 15 T M M 14.3 26 60 M M 4 35 70
================================================================================
SM 2641 2260 0 441 0.22 M 429.0 M 91
================================================================================
AV 85.2 72.9 13.8 FASTST M M 3 MAX(MPH)
MISC ----> 31 50 41 50
================================================================================
NOTES:
# LAST OF SEVERAL OCCURRENCES
COLUMN 17 PEAK WIND IN M.P.H.
PRELIMINARY LOCAL CLIMATOLOGICAL DATA (WS FORM: F-6) , PAGE 2
STATION: MOLOKAI HI
MONTH: JULY
YEAR: 2022
LATITUDE: 21 8 N
LONGITUDE: 157 6 W
[TEMPERATURE DATA] [PRECIPITATION DATA] SYMBOLS USED IN COLUMN 16
AVERAGE MONTHLY: 79.0 TOTAL FOR MONTH: 0.22 1 = FOG OR MIST
DPTR FM NORMAL: -0.1 DPTR FM NORMAL: -0.40 2 = FOG REDUCING VISIBILITY
HIGHEST: 90 ON 30 GRTST 24HR 0.08 ON 19-19 TO 1/4 MILE OR LESS
LOWEST: 69 ON 29 3 = THUNDER
SNOW, ICE PELLETS, HAIL 4 = ICE PELLETS
TOTAL MONTH: M 5 = HAIL
GRTST 24HR M ON M 6 = FREEZING RAIN OR DRIZZLE
GRTST DEPTH: M ON M 7 = DUSTSTORM OR SANDSTORM:
VSBY 1/2 MILE OR LESS
8 = SMOKE OR HAZE
[NO. OF DAYS WITH] [WEATHER - DAYS WITH] 9 = BLOWING SNOW
X = TORNADO
MAX 32 OR BELOW: 0 0.01 INCH OR MORE: 7
MAX 90 OR ABOVE: 1 0.10 INCH OR MORE: 0
MIN 32 OR BELOW: 0 0.50 INCH OR MORE: 0
MIN 0 OR BELOW: 0 1.00 INCH OR MORE: 0
[HDD (BASE 65) ]
TOTAL THIS MO. 0 CLEAR (SCALE 0-3) 17
DPTR FM NORMAL 0 PTCLDY (SCALE 4-7) 14
TOTAL FM JUL 1 0 CLOUDY (SCALE 8-10) 0
DPTR FM NORMAL 0
[CDD (BASE 65) ]
TOTAL THIS MO. 441
DPTR FM NORMAL 4 [PRESSURE DATA]
TOTAL FM JAN 1 2159 HIGHEST SLP 30.16 ON 10
DPTR FM NORMAL 101 LOWEST SLP 29.98 ON 26
[REMARKS]
#FINAL-07-22#