000
CXUS54 KFWD 010731
CF6MKN
PRELIMINARY LOCAL CLIMATOLOGICAL DATA (WS FORM: F-6)
STATION: COMANCHE
MONTH: AUGUST
YEAR: 2021
LATITUDE: 31 55 N
LONGITUDE: 98 36 W
TEMPERATURE IN F: :PCPN: SNOW: WIND :SUNSHINE: SKY :PK WND
================================================================================
1 2 3 4 5 6A 6B 7 8 9 10 11 12 13 14 15 16 17 18
12Z AVG MX 2MIN
DY MAX MIN AVG DEP HDD CDD WTR SNW DPTH SPD SPD DIR MIN PSBL S-S WX SPD DR
================================================================================
1 94 73 84 M 0 19 0.13 M M 4.3 12 110 M M 5 18 110
2 89 71 80 M 0 15 0.00 M M 5.5 9 10 M M 6 17 360
3 92 66 79 M 0 14 0.00 M M 5.0 9 30 M M 3 M M
4 92 65 79 M 0 14 0.00 M M 4.4 8 100 M M 1 17 100
5 94 66 80 M 0 15 0.00 M M 5.3 16 160 M M 3 1 20 160
6 98 71 85 M 0 20 0.00 M M 7.9 13 180 M M 1 20 140
7 98 74 86 M 0 21 0.00 M M 12.6 18 170 M M 1 25 170
8 100 75 88 M 0 23 0.00 M M 14.7 21 180 M M 0 31 180
9 100 75 88 M 0 23 0.00 M M 14.1 18 180 M M 1 25 210
10 99 73 86 M 0 21 0.00 M M 12.5 18 180 M M 1 24 170
11 100 72 86 M 0 21 0.00 M M 13.4 20 180 M M 0 30 190
12 100 74 87 M 0 22 0.00 M M 10.4 15 150 M M 0 20 190
13 99 74 87 M 0 22 0.00 M M 5.8 10 240 M M 1 17 100
14 89 71 80 M 0 15 0.15 M M 3.3 8 300 M M 5 1 M M
15 86 69 78 M 0 13 0.76 M M 3.1 10 130 M M 5 13 M M
16 93 69 81 M 0 16 M M M 4.1 9 90 M M 2 M M
17 79 71 75 M 0 10 0.65 M M 3.2 15 240 M M 6 22 210
18 89 72 81 M 0 16 0.35 M M 7.0 13 90 M M 7 13 20 90
19 95 73 84 M 0 19 0.27 M M 9.9 23 190 M M 5 13 29 190
20 96 75 86 M 0 21 0.00 M M 11.8 16 190 M M 0 22 190
21 96 73 85 M 0 20 0.00 M M 9.4 15 190 M M 1 24 210
22 97 73 85 M 0 20 0.00 M M 7.4 12 220 M M 3 18 200
23 98 73 86 M 0 21 0.00 M M 8.6 12 160 M M 7 17 190
24 98 74 86 M 0 21 0.00 M M 8.3 15 210 M M 7 20 210
25 97 71 84 M 0 19 0.00 M M 6.4 9 160 M M 4 M M
26 95 71 83 M 0 18 0.00 M M 4.0 14 170 M M 1 21 170
27 93 70 82 M 0 17 0.00 M M 5.4 12 140 M M 2 18 110
28 93 68 81 M 0 16 0.00 M M 5.4 12 110 M M 3 1 M M
29 92 70 81 M 0 16 0.00 M M 3.1 9 80 M M 3 20 110
30 93 71 82 M 0 17 0.00 M M 3.6 8 40 M M 4 M M
31 97 72 85 M 0 20 0.00 M M 3.1 8 240 M M 1 M M
================================================================================
SM 2931 2215 0 565 2.31 M 223.0 M 89
================================================================================
AV 94.5 71.5 7.2 FASTST M M 3 MAX(MPH)
MISC ----> 23 190 31 180
================================================================================
NOTES:
# LAST OF SEVERAL OCCURRENCES
COLUMN 17 PEAK WIND IN M.P.H.
PRELIMINARY LOCAL CLIMATOLOGICAL DATA (WS FORM: F-6) , PAGE 2
STATION: COMANCHE
MONTH: AUGUST
YEAR: 2021
LATITUDE: 31 55 N
LONGITUDE: 98 36 W
[TEMPERATURE DATA] [PRECIPITATION DATA] SYMBOLS USED IN COLUMN 16
AVERAGE MONTHLY: 83.0 TOTAL FOR MONTH: 2.31 1 = FOG OR MIST
DPTR FM NORMAL: 0.0 DPTR FM NORMAL: -0.28 2 = FOG REDUCING VISIBILITY
HIGHEST: 100 ON 12,11 GRTST 24HR 0.76 ON 15-15 TO 1/4 MILE OR LESS
LOWEST: 65 ON 4 3 = THUNDER
SNOW, ICE PELLETS, HAIL 4 = ICE PELLETS
TOTAL MONTH: M 5 = HAIL
GRTST 24HR M ON M 6 = FREEZING RAIN OR DRIZZLE
GRTST DEPTH: M ON M 7 = DUSTSTORM OR SANDSTORM:
VSBY 1/2 MILE OR LESS
8 = SMOKE OR HAZE
[NO. OF DAYS WITH] [WEATHER - DAYS WITH] 9 = BLOWING SNOW
X = TORNADO
MAX 32 OR BELOW: 0 0.01 INCH OR MORE: 6
MAX 90 OR ABOVE: 26 0.10 INCH OR MORE: 6
MIN 32 OR BELOW: 0 0.50 INCH OR MORE: 2
MIN 0 OR BELOW: 0 1.00 INCH OR MORE: 0
[HDD (BASE 65) ]
TOTAL THIS MO. 0 CLEAR (SCALE 0-3) 19
DPTR FM NORMAL M PTCLDY (SCALE 4-7) 12
TOTAL FM JUL 1 0 CLOUDY (SCALE 8-10) 0
DPTR FM NORMAL M
[CDD (BASE 65) ]
TOTAL THIS MO. 565
DPTR FM NORMAL M [PRESSURE DATA]
TOTAL FM JAN 1 1792 HIGHEST SLP M ON M
DPTR FM NORMAL M LOWEST SLP M ON M
[REMARKS]
#FINAL-08-21#