000
CXUS53 KMPX 030201
CF6MKT
PRELIMINARY LOCAL CLIMATOLOGICAL DATA (WS FORM: F-6)
STATION: MANKATO MN
MONTH: OCTOBER
YEAR: 2020
LATITUDE: 44 13 N
LONGITUDE: 93 55 W
TEMPERATURE IN F: :PCPN: SNOW: WIND :SUNSHINE: SKY :PK WND
================================================================================
1 2 3 4 5 6A 6B 7 8 9 10 11 12 13 14 15 16 17 18
12Z AVG MX 2MIN
DY MAX MIN AVG DEP HDD CDD WTR SNW DPTH SPD SPD DIR MIN PSBL S-S WX SPD DR
================================================================================
1 52 37 45 -10 20 0 T M M 12.9 20 310 M M 8 1 27 320
2 50 31 41 -13 24 0 0.00 M M 4.2 10 320 M M 6 M M
3 51 42 47 -7 18 0 T M M 2.8 7 60 M M 10 M M
4 57 32 45 -8 20 0 0.00 M M 4.3 10 170 M M 2 12 M M
5 72 45 59 6 6 0 0.00 M M 12.8 25 200 M M 0 36 200
6 81 47 64 12 1 0 0.00 M M 9.4 18 240 M M 0 30 250
7 72 47 60 8 5 0 0.00 M M 9.0 18 320 M M 1 27 300
8 70 41 56 4 9 0 0.00 M M 9.0 15 160 M M 0 20 170
9 81 59 70 19 0 5 0.00 M M 9.5 17 180 M M 0 8 29 180
10 66 47 57 6 8 0 0.00 M M 7.1 10 120 M M 0 8 M M
11 77 50 64 14 1 0 0.86 M M 18.9 28 140 M M 3 13 41 150
12 64 48 56 6 9 0 0.30 M M 14.3 20 300 M M 3 3 31 310
13 62 46 54 4 11 0 0.00 M M 14.2 27 310 M M 1 35 290
14 64 40 52 3 13 0 T M M 19.3 35 300 M M 5 47 300
15 50 31 41 -8 24 0 T M M 15.1 26 270 M M 2 32 310
16 46 32 39 -9 26 0 T M M 11.7 25 290 M M 4 32 310
17 56 34 45 -3 20 0 0.06 M M 12.7 18 120 M M 7 31 340
18 35 26 31 -17 34 0 0.00 M M 11.3 18 300 M M 3 25 310
19 35 26 31 -16 34 0 0.00 M M 5.7 10 150 M M 9 1 M M
20 36 29 33 -14 32 0 0.03 M M 10.9 17 120 M M 10 12 24 110
21 36 30 33 -13 32 0 0.65 M M 6.2 17 270 M M 7 1 M M
22 34 31 33 -13 32 0 T M M 16.3 23 50 M M 10 13 32 50
23 35 22 29 -17 36 0 0.25 M M 15.9 21 330 M M 8 1 25 330
24 31 20 26 -19 39 0 T M M 5.5 14 10 M M 3 M M
25 28 22 25 -20 40 0 0.03 M M 8.4 13 340 M M 9 1 M M
26 30 16 23 -21 42 0 0.10 M M 6.3 9 310 M M 1 M M
27 33 12 23 -21 42 0 0.00 M M 10.7 17 210 M M 1 24 210
28 48 27 38 -5 27 0 0.00 M M 11.0 18 240 M M 2 22 220
29 35 31 33 -10 32 0 0.00 M M 8.4 16 340 M M 9 21 350
30 46 31 39 -3 26 0 0.00 M M 9.4 17 150 M M 5 30 150
31 57 33 45 3 20 0 0.00 M M 20.4 29 300 M M 3 47 310
================================================================================
SM 1590 1065 683 5 2.28 M 333.6 M 132
================================================================================
AV 51.3 34.4 10.8 FASTST M M 4 MAX(MPH)
MISC ----> 35 300 # 47 300
================================================================================
NOTES:
# LAST OF SEVERAL OCCURRENCES
COLUMN 17 PEAK WIND IN M.P.H.
PRELIMINARY LOCAL CLIMATOLOGICAL DATA (WS FORM: F-6) , PAGE 2
STATION: MANKATO MN
MONTH: OCTOBER
YEAR: 2020
LATITUDE: 44 13 N
LONGITUDE: 93 55 W
[TEMPERATURE DATA] [PRECIPITATION DATA] SYMBOLS USED IN COLUMN 16
AVERAGE MONTHLY: 42.8 TOTAL FOR MONTH: 2.28 1 = FOG OR MIST
DPTR FM NORMAL: -5.6 DPTR FM NORMAL: -0.04 2 = FOG REDUCING VISIBILITY
HIGHEST: 81 ON 9, 6 GRTST 24HR 0.86 ON 11-11 TO 1/4 MILE OR LESS
LOWEST: 12 ON 27 3 = THUNDER
SNOW, ICE PELLETS, HAIL 4 = ICE PELLETS
TOTAL MONTH: M 5 = HAIL
GRTST 24HR M ON M 6 = FREEZING RAIN OR DRIZZLE
GRTST DEPTH: M ON M 7 = DUSTSTORM OR SANDSTORM:
VSBY 1/2 MILE OR LESS
8 = SMOKE OR HAZE
[NO. OF DAYS WITH] [WEATHER - DAYS WITH] 9 = BLOWING SNOW
X = TORNADO
MAX 32 OR BELOW: 3 0.01 INCH OR MORE: 8
MAX 90 OR ABOVE: 0 0.10 INCH OR MORE: 5
MIN 32 OR BELOW: 17 0.50 INCH OR MORE: 2
MIN 0 OR BELOW: 0 1.00 INCH OR MORE: 0
[HDD (BASE 65) ]
TOTAL THIS MO. 683 CLEAR (SCALE 0-3) 16
DPTR FM NORMAL 161 PTCLDY (SCALE 4-7) 8
TOTAL FM JUL 1 860 CLOUDY (SCALE 8-10) 7
DPTR FM NORMAL 133
[CDD (BASE 65) ]
TOTAL THIS MO. 5
DPTR FM NORMAL -2 [PRESSURE DATA]
TOTAL FM JAN 1 793 HIGHEST SLP M ON M
DPTR FM NORMAL 139 LOWEST SLP M ON M
[REMARKS]
#FINAL-10-20#
THE PRECIPITATION DATA FROM OCT 19TH THROUGH 31ST IS FROM
COCORAHS STATION MN-BU-23 WITH AN OBSERVATION TIME OF 7 AM.