000
CXUS52 KMLB 121405
CF6MLB
PRELIMINARY LOCAL CLIMATOLOGICAL DATA (WS FORM: F-6)
STATION: MELBOURNE
MONTH: APRIL
YEAR: 2023
LATITUDE: 28 6 N
LONGITUDE: 80 39 W
TEMPERATURE IN F: :PCPN: SNOW: WIND :SUNSHINE: SKY :PK WND
================================================================================
1 2 3 4 5 6A 6B 7 8 9 10 11 12 13 14 15 16 17 18
12Z AVG MX 2MIN
DY MAX MIN AVG DEP HDD CDD WTR SNW DPTH SPD SPD DIR MIN PSBL S-S WX SPD DR
================================================================================
1 92 68 80 9 0 15 0.00 0.0 0 9.8 18 250 M M 4 25 200
2 87 68 78 7 0 13 0.00 0.0 0 8.5 17 50 M M 3 128 21 40
3 85 72 79 8 0 14 0.04 0.0 0 9.5 22 120 M M 6 29 140
4 86 67 77 6 0 12 0.00 0.0 0 7.3 15 70 M M 0 20 70
5 85 69 77 6 0 12 0.00 0.0 0 10.4 18 120 M M 1 24 110
6 85 76 81 10 0 16 0.00 0.0 0 13.0 18 100 M M 1 26 110
7 84 75 80 8 0 15 0.00 0.0 0 12.6 21 110 M M 1 28 100
8 84 68 76 4 0 11 0.04 0.0 0 8.1 17 110 M M 4 23 120
9 80 68 74 2 0 9 0.08 0.0 0 13.4 24 350 M M 7 18 32 360
10 80 69 75 3 0 10 0.06 0.0 0 21.3 30 60 M M 9 1 39 40
11 79 71 75 3 0 10 T 0.0 0 19.4 26 60 M M 8 44 60
12 78 71 75 3 0 10 0.07 0.0 0 18.4 25 90 M M 7 1 34 90
13 89 70 80 7 0 15 0.17 0.0 0 10.8 18 160 M M 7 13 27 120
14 84 68 76 3 0 11 0.02 0.0 0 7.2 17 140 M M 2 1 24 120
15 85 67 76 3 0 11 0.02 0.0 0 7.4 20 100 M M 2 3 24 90
16 86 68 77 4 0 12 0.80 0.0 0 8.0 28 350 M M 3 13 35 350
17 75 58 67 -6 0 2 0.11 0.0 0 10.0 24 290 M M 5 31 290
18 79 55 67 -7 0 2 0.00 0.0 0 9.0 17 30 M M 0 27 20
19 81 61 71 -3 0 6 0.00 0.0 0 10.2 18 60 M M 1 24 90
20 81 71 76 2 0 11 0.00 0.0 0 12.2 17 50 M M 2 25 60
21 83 72 78 4 0 13 0.00 0.0 0 10.3 17 110 M M 2 24 110
22 83 70 77 3 0 12 0.06 0.0 0 7.9 18 130 M M 3 3 24 130
23 83 67 75 1 0 10 0.00 0.0 0 11.1 23 50 M M 3 3 30 50
24 82 71 77 2 0 12 0.29 0.0 0 11.3 21 110 M M 6 13 28 110
25 82 70 76 1 0 11 0.06 0.0 0 10.2 22 60 M M 8 3 28 60
26 84 63 74 -1 0 9 0.74 T 0 8.5 33 310 M M 4 1235 46 300
27 84 66 75 0 0 10 0.87 0.0 0 11.5 44 290 M M 4 13 58 300
28 87 66 77 2 0 12 0.00 0.0 0 8.1 20 190 M M 2 8 27 200
29 88 72 80 4 0 15 0.41 0.0 0 10.2 21 170 M M 3 138 33 180
30 84 65 75 -1 0 10 0.01 0.0 0 17.0 35 260 M M 3 47 270
================================================================================
SM 2505 2042 0 331 3.85 T 332.6 M 111
================================================================================
AV 83.5 68.1 11.1 FASTST M M 4 MAX(MPH)
MISC ----> 44 290 58 300
================================================================================
NOTES:
# LAST OF SEVERAL OCCURRENCES
COLUMN 17 PEAK WIND IN M.P.H.
PRELIMINARY LOCAL CLIMATOLOGICAL DATA (WS FORM: F-6) , PAGE 2
STATION: MELBOURNE
MONTH: APRIL
YEAR: 2023
LATITUDE: 28 6 N
LONGITUDE: 80 39 W
[TEMPERATURE DATA] [PRECIPITATION DATA] SYMBOLS USED IN COLUMN 16
AVERAGE MONTHLY: 75.8 TOTAL FOR MONTH: 3.85 1 = FOG OR MIST
DPTR FM NORMAL: 2.7 DPTR FM NORMAL: 1.56 2 = FOG REDUCING VISIBILITY
HIGHEST: 92 ON 1 GRTST 24HR 0.91 ON 16-17 TO 1/4 MILE OR LESS
LOWEST: 55 ON 18 3 = THUNDER
SNOW, ICE PELLETS, HAIL 4 = ICE PELLETS
TOTAL MONTH: T 5 = HAIL
GRTST 24HR T ON 26-26 6 = FREEZING RAIN OR DRIZZLE
GRTST DEPTH: 0 7 = DUSTSTORM OR SANDSTORM:
VSBY 1/2 MILE OR LESS
8 = SMOKE OR HAZE
[NO. OF DAYS WITH] [WEATHER - DAYS WITH] 9 = BLOWING SNOW
X = TORNADO
MAX 32 OR BELOW: 0 0.01 INCH OR MORE: 17
MAX 90 OR ABOVE: 1 0.10 INCH OR MORE: 7
MIN 32 OR BELOW: 0 0.50 INCH OR MORE: 3
MIN 0 OR BELOW: 0 1.00 INCH OR MORE: 0
[HDD (BASE 65) ]
TOTAL THIS MO. 0 CLEAR (SCALE 0-3) 16
DPTR FM NORMAL -9 PTCLDY (SCALE 4-7) 12
TOTAL FM JUL 1 242 CLOUDY (SCALE 8-10) 2
DPTR FM NORMAL -143
[CDD (BASE 65) ]
TOTAL THIS MO. 331
DPTR FM NORMAL 79 [PRESSURE DATA]
TOTAL FM JAN 1 851 HIGHEST SLP 30.21 ON 6
DPTR FM NORMAL 266 LOWEST SLP 29.61 ON 30
[REMARKS]
#FINAL-04-23#
HAIL OCCURRED AT THE AIRPORT ON 4/26 (INCLUDED AS "T" IN SNOW COLUMN)