000
CXUS52 KMLB 021935
CLMMLB
CLIMATE REPORT
NATIONAL WEATHER SERVICE MELBOURNE FL
335 PM EDT MON OCT 02 2023
...................................
...THE MELBOURNE CLIMATE SUMMARY FOR THE MONTH OF SEPTEMBER 2023...
CLIMATE NORMAL PERIOD 1991 TO 2020
CLIMATE RECORD PERIOD 1939 TO 2023
WEATHER OBSERVED NORMAL DEPART LAST YEAR`S
VALUE DATE(S) VALUE FROM VALUE
NORMAL
..............................................................
TEMPERATURE (F)
MONTHLY RECORD
WARMEST 83.6 2018
COOLEST 77.9 1967
DAILY RECORD
HIGH 98 09/01/1972
LOW 57 09/21/1938
SEPTEMBER 2023
HIGHEST 93 09/17 95
LOWEST 67 09/23 63
AVG. MAXIMUM 88.4 87.6 0.8 88.1
AVG. MINIMUM 73.6 73.7 -0.1 73.6
MEAN 81.0 80.6 0.4 80.8
DAYS MAX >= 90 8 7.8 0.2 11
DAYS MAX <= 32 0 0.0 0.0 0
DAYS MIN <= 32 0 0.0 0.0 0
DAYS MIN <= 0 0 0.0 0.0 0
PRECIPITATION (INCHES)
MONTHLY RECORD
MAXIMUM 20.94 2017
MINIMUM 1.62 2002
DAILY RECORD
MAXIMUM 10.23 09/10/2017
SEPTEMBER 2023
TOTALS 9.19 7.63 1.56 15.51
DAYS >= .01 16 14.5 1.5 18
DAYS >= .10 10 9.1 0.9 15
DAYS >= .50 7 4.4 2.6 8
DAYS >= 1.00 4 2.1 1.9 5
GREATEST
24 HR. TOTAL 1.85 09/26 TO 09/27
SNOWFALL (INCHES)
TOTALS 0.0 MM MM 0.0
SINCE 7/1 0.0 MM MM MM
DAYS >= TRACE 0 0
DEGREE DAYS
HEATING TOTAL 0 0 0 0
SINCE 7/1 0 0 0 MM
COOLING TOTAL 485 470 15 482
SINCE 1/1 3406 2833 573 MM
..............................................................
WIND (MPH)
AVERAGE WIND SPEED 7.2
HIGHEST WIND SPEED/DIRECTION 33/360 DATE 09/20
HIGHEST GUST SPEED/DIRECTION 44/360 DATE 09/20
SKY COVER
POSSIBLE SUNSHINE (PERCENT) MM
AVERAGE SKY COVER 0.24
NUMBER OF DAYS FAIR 24
NUMBER OF DAYS PC 5
NUMBER OF DAYS CLOUDY 1
AVERAGE RH (PERCENT) 78
WEATHER CONDITIONS. NUMBER OF DAYS WITH
THUNDERSTORM 13 MIXED PRECIP 0
HEAVY RAIN 10 RAIN 10
LIGHT RAIN 18 LT FREEZING RAIN 0
HAIL 0 LIGHT SNOW 0
SLEET 0 FOG 12
FOG W/VIS <= 1/4 MILE 6 HAZE 5
- INDICATES NEGATIVE NUMBERS.
R INDICATES RECORD WAS SET OR TIED.
MM INDICATES DATA IS MISSING.
T INDICATES TRACE AMOUNT.
$$