000
CXUS54 KTSA 010950
CF6MLC
PRELIMINARY LOCAL CLIMATOLOGICAL DATA (WS FORM: F-6)
STATION: MCALESTER OKLAHOMA
MONTH: FEBRUARY
YEAR: 2022
LATITUDE: 34 52 N
LONGITUDE: 95 47 W
TEMPERATURE IN F: :PCPN: SNOW: WIND :SUNSHINE: SKY :PK WND
================================================================================
1 2 3 4 5 6A 6B 7 8 9 10 11 12 13 14 15 16 17 18
12Z AVG MX 2MIN
DY MAX MIN AVG DEP HDD CDD WTR SNW DPTH SPD SPD DIR MIN PSBL S-S WX SPD DR
================================================================================
1 64 55 60 17 5 0 0.00 0.0 M 6.9 14 180 M M 10 25 160
2 58 22 40 -3 25 0 0.30 M M 15.0 24 20 M M 10 1 35 20
3 22 18 20 -23 45 0 0.10 M M 16.7 24 360 M M 10 18 36 10
4 35 17 26 -17 39 0 T M M 8.1 18 360 M M 5 1 25 360
5 48 13 31 -12 34 0 0.00 0.0 M 4.7 15 210 M M 1 21 150
6 52 28 40 -3 25 0 0.00 0.0 M 4.9 16 210 M M 1 23 230
7 56 23 40 -4 25 0 0.00 0.0 M 4.8 15 330 M M 2 20 350
8 66 34 50 6 15 0 T 0.0 M 10.1 23 220 M M 1 31 210
9 69 26 48 4 17 0 0.00 0.0 M 2.8 15 260 M M 2 20 290
10 67 34 51 7 14 0 0.00 0.0 M 3.0 15 260 M M 3 19 260
11 74 32 53 9 12 0 0.00 0.0 M 10.1 24 20 M M 2 34 20
12 51 19 35 -10 30 0 0.00 0.0 M 12.3 26 20 M M 6 42 40
13 59 20 40 -5 25 0 0.00 0.0 M 6.2 21 320 M M 2 25 330
14 72 28 50 5 15 0 0.00 0.0 M 8.1 23 210 M M 1 8 30 210
15 69 46 58 13 7 0 0.00 0.0 M 11.4 21 180 M M 2 8 39 190
16 68 60 64 18 1 0 0.12 0.0 M 11.2 21 180 M M 8 1 40 200
17 65 25 45 -1 20 0 0.54 M M 14.8 28 320 M M 9 13 39 320
18 50 16 33 -13 32 0 0.00 0.0 M 3.5 8 210 M M 2 14 240
19 65 27 46 0 19 0 0.00 0.0 M 5.1 12 220 M M 1 8 19 180
20 69 45 57 10 8 0 0.00 0.0 M 10.8 23 210 M M 2 36 200
21 72 56 64 17 1 0 0.38 0.0 M 10.2 17 220 M M 7 13 31 180
22 66 25 46 -1 19 0 0.25 M M 13.8 24 10 M M 6 13 34 200
23 25 17 21 -27 44 0 0.25 M M 13.4 24 10 M M 9 1236 33 10
24 28 18 23 -25 42 0 T M M 8.1 15 340 M M 10 136 22 330
25 32 19 26 -22 39 0 0.00 0.0 M 9.3 17 20 M M 2 24 30
26 43 30 37 -11 28 0 0.00 0.0 M 4.0 8 100 M M 9 12 60
27 54 22 38 -11 27 0 0.00 0.0 M 2.8 14 360 M M 2 1 18 350
28 66 24 45 -4 20 0 0.00 0.0 M 5.0 15 210 M M 2 21 210
================================================================================
SM 1565 799 633 0 1.94 0.0 237.1 M 127
================================================================================
AV 55.9 28.5 8.5 FASTST M M 5 MAX(MPH)
MISC ----> 28 320 42 40
================================================================================
NOTES:
# LAST OF SEVERAL OCCURRENCES
COLUMN 17 PEAK WIND IN M.P.H.
PRELIMINARY LOCAL CLIMATOLOGICAL DATA (WS FORM: F-6) , PAGE 2
STATION: MCALESTER OKLAHOMA
MONTH: FEBRUARY
YEAR: 2022
LATITUDE: 34 52 N
LONGITUDE: 95 47 W
[TEMPERATURE DATA] [PRECIPITATION DATA] SYMBOLS USED IN COLUMN 16
AVERAGE MONTHLY: 42.2 TOTAL FOR MONTH: 1.94 1 = FOG OR MIST
DPTR FM NORMAL: -3.3 DPTR FM NORMAL: -0.45 2 = FOG REDUCING VISIBILITY
HIGHEST: 74 ON 11 GRTST 24HR 0.66 ON 16-17 TO 1/4 MILE OR LESS
LOWEST: 13 ON 5 3 = THUNDER
SNOW, ICE PELLETS, HAIL 4 = ICE PELLETS
TOTAL MONTH: 0.0 INCH 5 = HAIL
GRTST 24HR 0.0 6 = FREEZING RAIN OR DRIZZLE
GRTST DEPTH: M ON M 7 = DUSTSTORM OR SANDSTORM:
VSBY 1/2 MILE OR LESS
8 = SMOKE OR HAZE
[NO. OF DAYS WITH] [WEATHER - DAYS WITH] 9 = BLOWING SNOW
X = TORNADO
MAX 32 OR BELOW: 4 0.01 INCH OR MORE: 7
MAX 90 OR ABOVE: 0 0.10 INCH OR MORE: 7
MIN 32 OR BELOW: 21 0.50 INCH OR MORE: 1
MIN 0 OR BELOW: 0 1.00 INCH OR MORE: 0
[HDD (BASE 65) ]
TOTAL THIS MO. 633 CLEAR (SCALE 0-3) 16
DPTR FM NORMAL 82 PTCLDY (SCALE 4-7) 4
TOTAL FM JUL 1 2212 CLOUDY (SCALE 8-10) 8
DPTR FM NORMAL -309
[CDD (BASE 65) ]
TOTAL THIS MO. 0
DPTR FM NORMAL -3 [PRESSURE DATA]
TOTAL FM JAN 1 0 HIGHEST SLP 30.63 ON 4
DPTR FM NORMAL -1 LOWEST SLP 29.63 ON 22
[REMARKS]
#FINAL-02-22#