000
CXUS51 KCAR 010600
CF6MLT
PRELIMINARY LOCAL CLIMATOLOGICAL DATA (WS FORM: F-6)
STATION: MILLINOCKET ME
MONTH: SEPTEMBER
YEAR: 2021
LATITUDE: 45 39 N
LONGITUDE: 68 41 W
TEMPERATURE IN F: :PCPN: SNOW: WIND :SUNSHINE: SKY :PK WND
================================================================================
1 2 3 4 5 6A 6B 7 8 9 10 11 12 13 14 15 16 17 18
12Z AVG MX 2MIN
DY MAX MIN AVG DEP HDD CDD WTR SNW DPTH SPD SPD DIR MIN PSBL S-S WX SPD DR
================================================================================
1 71 56 64 0 1 0 0.00 M M 5.2 18 320 M M 3 30 290
2 63 54 59 -4 6 0 0.70 M M 6.0 17 350 M M 9 1 23 340
3 67 51 59 -4 6 0 0.14 M M 6.2 15 310 M M 9 24 310
4 71 47 59 -4 6 0 0.00 M M 4.0 15 360 M M 3 21 350
5 65 44 55 -7 10 0 0.03 M M 2.8 12 120 M M 5 12 15 140
6 76 54 65 3 0 0 0.34 M M 4.4 16 290 M M 7 1 29 280
7 71 51 61 -1 4 0 0.00 M M 4.9 16 300 M M 4 25 310
8 77 47 62 1 3 0 0.00 M M 4.4 14 150 M M 3 12 23 160
9 67 61 64 3 1 0 1.34 M M 3.5 9 340 M M 10 1 14 170
10 71 54 63 2 2 0 0.69 M M 6.6 20 320 M M 8 1 27 330
11 71 48 60 0 5 0 0.00 M M 4.6 16 320 M M 1 23 320
12 76 51 64 4 1 0 T M M 4.5 13 200 M M 2 21 220
13 71 48 60 1 5 0 T M M 6.0 20 300 M M 3 26 300
14 68 46 57 -2 8 0 0.00 M M 2.3 12 300 M M 1 14 330
15 65 55 60 1 5 0 0.74 M M 3.8 12 300 M M 10 1 18 150
16 72 48 60 2 5 0 0.00 M M 2.1 8 350 M M 1 13 280
17 74 45 60 2 5 0 0.00 M M 2.3 10 150 M M 4 12 18 160
18 77 56 67 10 0 2 0.41 M M 3.5 14 360 M M 7 1 18 350
19 69 44 57 0 8 0 0.00 M M 6.1 17 330 M M 0 23 40
20 69 40 55 -1 10 0 0.00 M M 1.6 7 150 M M 0 1 13 240
21 70 48 59 3 6 0 0.00 M M 4.3 12 170 M M 3 1 21 150
22 74 60 67 11 0 2 0.00 M M 3.5 10 180 M M 9 1 19 210
23 78 61 70 15 0 5 0.00 M M 3.8 12 160 M M 6 1 18 150
24 77 59 68 13 0 3 0.98 M M 6.6 16 310 M M 10 1 25 150
25 69 58 64 10 1 0 0.86 M M 2.1 7 110 M M 10 1 10 90
26 67 48 58 4 7 0 1.03 M M 4.1 20 300 M M 7 1 26 300
27 69 48 59 6 6 0 T M M 3.2 9 250 M M 5 15 210
28 65 45 55 2 10 0 0.00 M M 4.0 14 310 M M 2 19 250
29 62 38 50 -2 15 0 0.01 M M 3.5 12 340 M M 5 16 350
30 61 47 54 2 11 0 0.01 M M 5.8 17 350 M M 8 23 360
================================================================================
SM 2103 1512 147 12 7.28 M 125.7 M 155
================================================================================
AV 70.1 50.4 4.2 FASTST M M 5 MAX(MPH)
MISC ----> # 20 320 30 290
================================================================================
NOTES:
# LAST OF SEVERAL OCCURRENCES
COLUMN 17 PEAK WIND IN M.P.H.
PRELIMINARY LOCAL CLIMATOLOGICAL DATA (WS FORM: F-6) , PAGE 2
STATION: MILLINOCKET ME
MONTH: SEPTEMBER
YEAR: 2021
LATITUDE: 45 39 N
LONGITUDE: 68 41 W
[TEMPERATURE DATA] [PRECIPITATION DATA] SYMBOLS USED IN COLUMN 16
AVERAGE MONTHLY: 60.3 TOTAL FOR MONTH: 7.28 1 = FOG OR MIST
DPTR FM NORMAL: 2.0 DPTR FM NORMAL: 3.67 2 = FOG REDUCING VISIBILITY
HIGHEST: 78 ON 23 GRTST 24HR 1.98 ON 9-10 TO 1/4 MILE OR LESS
LOWEST: 38 ON 29 3 = THUNDER
SNOW, ICE PELLETS, HAIL 4 = ICE PELLETS
TOTAL MONTH: M 5 = HAIL
GRTST 24HR M ON M 6 = FREEZING RAIN OR DRIZZLE
GRTST DEPTH: M ON M 7 = DUSTSTORM OR SANDSTORM:
VSBY 1/2 MILE OR LESS
8 = SMOKE OR HAZE
[NO. OF DAYS WITH] [WEATHER - DAYS WITH] 9 = BLOWING SNOW
X = TORNADO
MAX 32 OR BELOW: 0 0.01 INCH OR MORE: 13
MAX 90 OR ABOVE: 0 0.10 INCH OR MORE: 10
MIN 32 OR BELOW: 0 0.50 INCH OR MORE: 7
MIN 0 OR BELOW: 0 1.00 INCH OR MORE: 2
[HDD (BASE 65) ]
TOTAL THIS MO. 147 CLEAR (SCALE 0-3) 11
DPTR FM NORMAL -81 PTCLDY (SCALE 4-7) 12
TOTAL FM JUL 1 224 CLOUDY (SCALE 8-10) 7
DPTR FM NORMAL -73
[CDD (BASE 65) ]
TOTAL THIS MO. 12
DPTR FM NORMAL -12 [PRESSURE DATA]
TOTAL FM JAN 1 422 HIGHEST SLP M ON M
DPTR FM NORMAL 130 LOWEST SLP 29.60 ON 6
[REMARKS]
#FINAL-09-21#