000
CXUS51 KCAR 010707
CLMMLT
CLIMATE REPORT
NATIONAL WEATHER SERVICE CARIBOU ME
307 AM EDT SAT APR 01 2023
...................................
...THE MILLINOCKET ME CLIMATE SUMMARY FOR THE MONTH OF MARCH 2023...
CLIMATE NORMAL PERIOD: 1991 TO 2020
CLIMATE RECORD PERIOD: 1903 TO 2023
WEATHER OBSERVED NORMAL DEPART LAST YEAR`S
VALUE DATE(S) VALUE FROM VALUE DATE(S)
NORMAL
................................................................
TEMPERATURE (F)
RECORD
HIGH 80 03/22/2012
LOW -32 03/02/1920
HIGHEST 47 03/29 MM MM 61 03/18
LOWEST 7 03/01 MM MM -5 03/01
AVG. MAXIMUM 39.9 37.5 2.4 38.8
AVG. MINIMUM 22.8 17.8 5.0 20.9
MEAN 31.3 27.6 3.7 29.8
DAYS MAX >= 90 0 0.0 0.0 0
DAYS MAX <= 32 5 8.9 -3.9 8
DAYS MIN <= 32 30 28.7 1.3 27
DAYS MIN <= 0 0 2.3 -2.3 3
PRECIPITATION (INCHES)
RECORD
MAXIMUM 4.62 2010
MINIMUM 0.46 2006
TOTALS 1.93 -1.04
DAILY AVG. 0.06 0.10 -0.03 0.11
DAYS >= .01 10 10.7 -0.7 11
DAYS >= .10 6 5.5 0.5 7
DAYS >= .50 1 1.5 -0.5 3
DAYS >= 1.00 0 0.5 -0.5 0
SNOWFALL (INCHES)
RECORDS
TOTAL MM MM
TOTALS MM MM MM MM
SINCE 7/1 MM MM MM MM
SNOWDEPTH AVG. MM MM
DAYS >= 1.0 MM MM MM MM
GREATEST
SNOW DEPTH MM MM MM
24 HR TOTAL MM MM
DEGREE DAYS
HEATING TOTAL 1036 1158 -122 1081
SINCE 7/1 6181 7121 -940 MM
COOLING TOTAL 0 0 0 0
SINCE 1/1 0 0 0 MM
................................................................
WIND (MPH)
AVERAGE WIND SPEED 6.7
HIGHEST WIND SPEED/DIRECTION 33/300 DATE 03/05
HIGHEST GUST SPEED/DIRECTION 57/310 DATE 03/05
SKY COVER
POSSIBLE SUNSHINE (PERCENT) MM
AVERAGE SKY COVER 0.55
NUMBER OF DAYS FAIR 10
NUMBER OF DAYS PC 14
NUMBER OF DAYS CLOUDY 7
AVERAGE RH (PERCENT) 70
WEATHER CONDITIONS. NUMBER OF DAYS WITH
THUNDERSTORM 0 MIXED PRECIP 0
HEAVY RAIN 0 RAIN 1
LIGHT RAIN 3 FREEZING RAIN 1
LT FREEZING RAIN 2 HAIL 0
HEAVY SNOW 0 SNOW 4
LIGHT SNOW 15 SLEET 0
FOG 17 FOG W/VIS <= 1/4 MILE 4
HAZE 5
- INDICATES NEGATIVE NUMBERS.
* INDICATES RECORD WAS SET OR TIED.
MM INDICATES DATA IS MISSING.
T INDICATES TRACE AMOUNT.
$$