000
CXUS54 KSHV 011300
CF6MLU
PRELIMINARY LOCAL CLIMATOLOGICAL DATA (WS FORM: F-6)
STATION: MONROE
MONTH: OCTOBER
YEAR: 2023
LATITUDE: 32 30 N
LONGITUDE: 92 2 W
TEMPERATURE IN F: :PCPN: SNOW: WIND :SUNSHINE: SKY :PK WND
================================================================================
1 2 3 4 5 6A 6B 7 8 9 10 11 12 13 14 15 16 17 18
12Z AVG MX 2MIN
DY MAX MIN AVG DEP HDD CDD WTR SNW DPTH SPD SPD DIR MIN PSBL S-S WX SPD DR
================================================================================
1 95 63 79 7 0 14 0.00 0.0 0 4.2 15 60 M M 1 22 60
2 92 61 77 5 0 12 0.00 0.0 0 4.0 16 60 M M 1 24 40
3 92 59 76 5 0 11 0.00 0.0 0 3.4 13 190 M M 0 18 110
4 88 73 81 10 0 16 0.00 0.0 0 5.0 15 50 M M 6 8 21 170
5 77 70 74 3 0 9 0.38 0.0 0 5.0 15 160 M M 7 18 27 180
6 86 63 75 5 0 10 0.00 0.0 0 8.7 16 70 M M 5 18 23 70
7 72 49 61 -9 4 0 0.00 0.0 0 8.7 21 20 M M 0 30 20
8 77 44 61 -8 4 0 0.00 0.0 0 1.2 10 270 M M 0 14 260
9 87 44 66 -3 0 1 0.00 0.0 0 5.6 17 240 M M 0 1 23 240
10 86 55 71 2 0 6 0.00 0.0 0 4.7 12 230 M M 0 16 230
11 69 63 66 -2 0 1 0.01 0.0 0 4.2 13 150 M M 5 21 180
12 71 56 64 -4 1 0 0.00 0.0 0 1.4 7 180 M M 8 12 11 80
13 85 55 70 3 0 5 T 0.0 0 4.0 16 330 M M 4 12 24 320
14 72 56 64 -3 1 0 0.00 0.0 0 9.5 21 330 M M 0 27 340
15 69 53 61 -6 4 0 0.03 0.0 0 9.9 23 10 M M 9 34 10
16 70 47 59 -7 6 0 0.00 0.0 0 8.0 17 330 M M 1 24 340
17 75 44 60 -6 5 0 0.00 0.0 0 1.9 13 280 M M 0 16 280
18 81 41 61 -4 4 0 0.00 0.0 0 4.4 16 210 M M 0 1 23 180
19 86 57 72 7 0 7 0.00 0.0 0 6.1 18 260 M M 3 27 260
20 93 53 73 8 0 8 0.00 0.0 0 5.3 17 320 M M 0 1 23 280
21 89 50 70 6 0 5 0.00 0.0 0 3.0 14 220 M M 0 1 20 220
22 91 56 74 10 0 9 0.00 0.0 0 1.5 8 60 M M 0 11 220
23 91 62 77 13 0 12 0.00 0.0 0 3.1 13 190 M M 0 19 180
24 88 59 74 11 0 9 0.00 0.0 0 5.7 17 200 M M 0 8 24 190
25 89 66 78 15 0 13 0.00 0.0 0 5.1 14 190 M M 2 23 190
26 88 67 78 16 0 13 0.00 0.0 0 5.5 14 180 M M 5 22 140
27 86 71 79 17 0 14 T 0.0 0 3.5 14 160 M M 7 24 150
28 90 71 81 19 0 16 0.00 0.0 0 4.0 12 190 M M 4 17 130
29 85 57 71 10 0 6 0.00 0.0 0 5.2 21 360 M M 4 1 27 360
30 57 44 51 -10 14 0 0.21 0.0 0 12.0 22 350 M M 10 1 30 360
31 58 37 48 -12 17 0 0.00 0.0 0 8.8 18 340 M M 1 24 350
================================================================================
SM 2535 1746 60 197 0.63 0.0 162.6 M 83
================================================================================
AV 81.8 56.3 5.2 FASTST M M 3 MAX(MPH)
MISC ----> 23 10 34 10
================================================================================
NOTES:
# LAST OF SEVERAL OCCURRENCES
COLUMN 17 PEAK WIND IN M.P.H.
PRELIMINARY LOCAL CLIMATOLOGICAL DATA (WS FORM: F-6) , PAGE 2
STATION: MONROE
MONTH: OCTOBER
YEAR: 2023
LATITUDE: 32 30 N
LONGITUDE: 92 2 W
[TEMPERATURE DATA] [PRECIPITATION DATA] SYMBOLS USED IN COLUMN 16
AVERAGE MONTHLY: 69.0 TOTAL FOR MONTH: 0.63 1 = FOG OR MIST
DPTR FM NORMAL: 2.7 DPTR FM NORMAL: -4.32 2 = FOG REDUCING VISIBILITY
HIGHEST: 95 ON 1 GRTST 24HR 0.38 ON 5- 5 TO 1/4 MILE OR LESS
LOWEST: 37 ON 31 3 = THUNDER
SNOW, ICE PELLETS, HAIL 4 = ICE PELLETS
TOTAL MONTH: 0.0 INCH 5 = HAIL
GRTST 24HR 0.0 6 = FREEZING RAIN OR DRIZZLE
GRTST DEPTH: 0 7 = DUSTSTORM OR SANDSTORM:
VSBY 1/2 MILE OR LESS
8 = SMOKE OR HAZE
[NO. OF DAYS WITH] [WEATHER - DAYS WITH] 9 = BLOWING SNOW
X = TORNADO
MAX 32 OR BELOW: 0 0.01 INCH OR MORE: 4
MAX 90 OR ABOVE: 7 0.10 INCH OR MORE: 2
MIN 32 OR BELOW: 0 0.50 INCH OR MORE: 0
MIN 0 OR BELOW: 0 1.00 INCH OR MORE: 0
[HDD (BASE 65) ]
TOTAL THIS MO. 60 CLEAR (SCALE 0-3) 18
DPTR FM NORMAL -24 PTCLDY (SCALE 4-7) 10
TOTAL FM JUL 1 60 CLOUDY (SCALE 8-10) 3
DPTR FM NORMAL -27
[CDD (BASE 65) ]
TOTAL THIS MO. 197
DPTR FM NORMAL 74 [PRESSURE DATA]
TOTAL FM JAN 1 3059 HIGHEST SLP 30.40 ON 31
DPTR FM NORMAL 592 LOWEST SLP 29.72 ON 12
[REMARKS]
#FINAL-10-23#