000
CXUS51 KPHI 020620
CLMMPO
CLIMATE REPORT
NATIONAL WEATHER SERVICE MOUNT HOLLY NJ
120 AM EST SAT MAR 02 2024
...................................
...THE MOUNT POCONO PA CLIMATE SUMMARY FOR THE MONTH OF FEBRUARY 2024...
CLIMATE NORMAL PERIOD: 1991 TO 2020
CLIMATE RECORD PERIOD: 1901 TO 2024
WEATHER OBSERVED NORMAL DEPART LAST YEAR`S
VALUE DATE(S) VALUE FROM VALUE
NORMAL
..............................................................
TEMPERATURE (F)
RECORD
HIGH 70 02/25/1930
LOW -25 02/09/1934
HIGHEST 54 MM MM 60
LOWEST 5 MM MM -7
AVG. MAXIMUM 38.6 33.4 5.2 41.4
AVG. MINIMUM 21.2 16.9 4.3 21.2
MEAN 29.9 25.2 4.7 31.3
DAYS MAX >= 90 0 0.0 0.0 0
DAYS MAX <= 32 8 13.3 -5.3 6
DAYS MIN <= 32 27 26.4 0.6 26
DAYS MIN <= 0 0 1.3 -1.3 1
PRECIPITATION (INCHES)
RECORD
MAXIMUM 9.57 1981
MINIMUM 0.17 1933
TOTALS 2.73 2.45 0.28 1.75
DAILY AVG. 0.09 0.08 0.01 0.06
DAYS >= .01 11 11.6 -0.6 10
DAYS >= .10 4 5.2 -1.2 5
DAYS >= .50 2 1.5 0.5 1
DAYS >= 1.00 1 0.4 0.6 0
GREATEST
24 HR. TOTAL 1.13 02/13 TO 02/13 1.00
DEGREE DAYS
HEATING TOTAL 1010 1116 -106 941
SINCE 7/1 4492 5270 -778 MM
COOLING TOTAL 0 0 0 0
SINCE 1/1 0 0 0 MM
..............................................................
WIND (MPH)
AVERAGE WIND SPEED 9.6
HIGHEST WIND SPEED/DIRECTION 38/280 DATE 02/28
HIGHEST GUST SPEED/DIRECTION 51/270 DATE 02/28
SKY COVER
POSSIBLE SUNSHINE (PERCENT) MM
AVERAGE SKY COVER 0.39
NUMBER OF DAYS FAIR 14
NUMBER OF DAYS PC 10
NUMBER OF DAYS CLOUDY 5
AVERAGE RH (PERCENT) 70
WEATHER CONDITIONS. NUMBER OF DAYS WITH
THUNDERSTORM 0 MIXED PRECIP 0
HEAVY RAIN 2 RAIN 4
LIGHT RAIN 7 FREEZING RAIN 0
LT FREEZING RAIN 0 HEAVY SNOW 0
SNOW 1 LIGHT SNOW 11
SLEET 1 FOG 13
FOG W/VIS <= 1/4 MILE 5 HAZE 0
- INDICATES NEGATIVE NUMBERS.
R INDICATES RECORD WAS SET OR TIED.
MM INDICATES DATA IS MISSING.
T INDICATES TRACE AMOUNT.
$$