000
CXUS53 KMPX 011820 CCA
CF6MPX
PRELIMINARY LOCAL CLIMATOLOGICAL DATA (WS FORM: F-6)
STATION: CHANHASSEN MN
MONTH: JANUARY
YEAR: 2024
LATITUDE: 44 50 N
LONGITUDE: 93 34 W
TEMPERATURE IN F: :PCPN: SNOW: WIND :SUNSHINE: SKY :PK WND
================================================================================
1 2 3 4 5 6A 6B 7 8 9 10 11 12 13 14 15 16 17 18
12Z AVG MX 2MIN
DY MAX MIN AVG DEP HDD CDD WTR SNW DPTH SPD SPD DIR MIN PSBL S-S WX SPD DR
================================================================================
1 24 20 22 7 43 0 0.00 0.0 T M M M M M M M M
2 33 23 28 13 37 0 0.00 0.0 T M M M M M M M M
3 31 23 27 12 38 0 0.00 0.0 0 M M M M M M M M
4 25 21 23 8 42 0 T T 0 M M M M M M M M
5 32 24 28 13 37 0 0.05 0.4 0 M M M M M M M M
6 30 24 27 12 38 0 0.01 0.2 T M M M M M M M M
7 24 18 21 7 44 0 T T T M M M M M M M M
8 28 19 24 10 41 0 0.07 0.9 T M M M M M M M M
9 28 23 26 12 39 0 T T 1 M M M M M M M M
10 24 18 21 7 44 0 0.02 0.3 1 M M M M M M M M
11 24 4 14 0 51 0 T T 1 M M M M M M M M
12 12 3 8 -6 57 0 T T 1 M M M M M M M M
13 9 -9 0 -14 65 0 0.02 0.5 2 M M M M M M M M
14 -2 -10 -6 -20 71 0 0.00 0.0 2 M M M M M M M M
15 1 -11 -5 -19 70 0 T T 2 M M M M M M M M
16 6 -6 0 -14 65 0 T T 2 M M M M M M M M
17 10 -1 5 -9 60 0 0.00 0.0 2 M M M M M M M M
18 6 -1 3 -11 62 0 T T 2 M M M M M M M M
19 4 -4 0 -14 65 0 T 0.1 2 M M M M M M M M
20 9 -9 0 -13 65 0 0.00 0.0 2 M M M M M M M M
21 21 0 11 -2 54 0 0.00 0.0 2 M M M M M M M M
22 32 18 25 12 40 0 0.00 0.0 1 M M M M M M M M
23 31 26 29 15 36 0 T 0.0 T M M M M M M M M
24 35 29 32 18 33 0 T 0.0 T M M M M M M M M
25 35 32 34 20 31 0 0.01 0.0 0 M M M M M M M M
26 37 33 35 21 30 0 0.01 0.0 0 M M M M M M M M
27 34 29 32 18 33 0 T 0.0 0 M M M M M M M M
28 31 26 29 15 36 0 0.00 0.0 0 M M M M M M M M
29 47 26 37 23 28 0 0.00 0.0 0 M M M M M M M M
30 40 30 35 21 30 0 T 0.0 0 M M M M M M M M
31 53 28 41 27 24 0 0.00 0.0 0 M M M M M M M M
================================================================================
SM 754 446 1409 0 0.19 2.4 M M M
================================================================================
AV 24.3 14.4 M FASTST M M M MAX(MPH)
MISC ----> M M M M
================================================================================
NOTES:
# LAST OF SEVERAL OCCURRENCES
COLUMN 17 PEAK WIND IN M.P.H.
PRELIMINARY LOCAL CLIMATOLOGICAL DATA (WS FORM: F-6) , PAGE 2
STATION: CHANHASSEN MN
MONTH: JANUARY
YEAR: 2024
LATITUDE: 44 50 N
LONGITUDE: 93 34 W
[TEMPERATURE DATA] [PRECIPITATION DATA] SYMBOLS USED IN COLUMN 16
AVERAGE MONTHLY: 19.4 TOTAL FOR MONTH: 0.19 1 = FOG OR MIST
DPTR FM NORMAL: 5.4 DPTR FM NORMAL: -0.68 2 = FOG REDUCING VISIBILITY
HIGHEST: 53 ON 31 GRTST 24HR 0.14 ON 8- 9 TO 1/4 MILE OR LESS
LOWEST: -11 ON 15 3 = THUNDER
SNOW, ICE PELLETS, HAIL 4 = ICE PELLETS
TOTAL MONTH: 2.4 INCHES 5 = HAIL
GRTST 24HR 0.9 ON 8- 8 6 = FREEZING RAIN OR DRIZZLE
GRTST DEPTH: 2 ON 21,20 7 = DUSTSTORM OR SANDSTORM:
VSBY 1/2 MILE OR LESS
8 = SMOKE OR HAZE
[NO. OF DAYS WITH] [WEATHER - DAYS WITH] 9 = BLOWING SNOW
X = TORNADO
MAX 32 OR BELOW: 23 0.01 INCH OR MORE: 7
MAX 90 OR ABOVE: 0 0.10 INCH OR MORE: 0
MIN 32 OR BELOW: 30 0.50 INCH OR MORE: 0
MIN 0 OR BELOW: 9 1.00 INCH OR MORE: 0
[HDD (BASE 65) ]
TOTAL THIS MO. 1409 CLEAR (SCALE 0-3) 0
DPTR FM NORMAL -172 PTCLDY (SCALE 4-7) 0
TOTAL FM JUL 1 3872 CLOUDY (SCALE 8-10) 31
DPTR FM NORMAL -823
[CDD (BASE 65) ]
TOTAL THIS MO. 0
DPTR FM NORMAL 0 [PRESSURE DATA]
TOTAL FM JAN 1 0 HIGHEST SLP M ON M
DPTR FM NORMAL 0 LOWEST SLP M ON M
[REMARKS]
#FINAL-01-24#