000
CXUS54 KMAF 251110
CF6MRF
PRELIMINARY LOCAL CLIMATOLOGICAL DATA (WS FORM: F-6)
STATION: MARFA
MONTH: APRIL
YEAR: 2024
LATITUDE: 30 22 N
LONGITUDE: 104 1 W
TEMPERATURE IN F: :PCPN: SNOW: WIND :SUNSHINE: SKY :PK WND
================================================================================
1 2 3 4 5 6A 6B 7 8 9 10 11 12 13 14 15 16 17 18
12Z AVG MX 2MIN
DY MAX MIN AVG DEP HDD CDD WTR SNW DPTH SPD SPD DIR MIN PSBL S-S WX SPD DR
================================================================================
1 76 47 62 M 3 0 M M M 19.5 47 220 M M 2 8 60 270
2 62 32 47 M 18 0 0.02 M M 14.0 25 10 M M 4 31 20
3 71 26 49 M 16 0 M M M 4.6 12 200 M M 0 18 230
4 75 33 54 M 11 0 M M M 6.7 12 160 M M 0 17 150
5 81 34 58 M 7 0 M M M 12.0 25 170 M M 0 38 140
6 79 43 61 M 4 0 M M M 16.2 32 220 M M 0 44 250
7 74 40 57 M 8 0 M M M 10.5 20 250 M M 0 30 250
8 77 39 58 M 7 0 M M M 8.6 22 200 M M 0 31 190
9 69 37 53 M 12 0 M M M 12.7 29 290 M M 2 37 290
10 72 31 52 M 13 0 M M M 12.6 24 280 M M 0 33 270
11 75 32 54 M 11 0 M M M 8.7 15 130 M M 0 23 190
12 77 41 59 M 6 0 M M M 9.1 16 120 M M 0 23 160
13 80 41 61 M 4 0 M M M 5.8 16 190 M M 0 M M
14 85 45 65 M 0 0 M M M 6.1 15 250 M M 0 20 240
15 88 54 71 M 0 6 M M M 10.1 22 280 M M 1 31 250
16 78 46 62 M 3 0 M M M 11.6 23 300 M M 0 8 32 290
17 86 46 66 M 0 1 M M M 7.0 17 240 M M 0 22 270
18 88 41 65 M 0 0 M M M 8.0 16 240 M M 0 25 240
19 74 52 63 M 2 0 M M M 13.4 22 40 M M 0 25 40
20 64 46 55 M 10 0 T M M 14.0 25 10 M M 5 32 10
21 59 44 52 M 13 0 M M M 14.5 21 40 M M 8 1 22 40
22 76 51 64 M 1 0 M M M 7.5 14 140 M M 5 18 220
23 88 48 68 M 0 3 M M M 7.1 17 250 M M 0 24 310
24 90 51 71 M 0 6 M M M 7.0 20 180 M M 0 21 120
================================================================================
SM 1844 1000 149 16 0.02 M 247.2 M 27
================================================================================
AV 76.8 41.7 10.3 FASTST M M 1 MAX(MPH)
MISC ----> 47 220 60 270
================================================================================
NOTES:
# LAST OF SEVERAL OCCURRENCES
COLUMN 17 PEAK WIND IN M.P.H.
PRELIMINARY LOCAL CLIMATOLOGICAL DATA (WS FORM: F-6) , PAGE 2
STATION: MARFA
MONTH: APRIL
YEAR: 2024
LATITUDE: 30 22 N
LONGITUDE: 104 1 W
[TEMPERATURE DATA] [PRECIPITATION DATA] SYMBOLS USED IN COLUMN 16
AVERAGE MONTHLY: 59.3 TOTAL FOR MONTH: 0.02 1 = FOG OR MIST
DPTR FM NORMAL: 0.0 DPTR FM NORMAL: 0.02 2 = FOG REDUCING VISIBILITY
HIGHEST: 90 ON 24 GRTST 24HR 0.02 ON 2- 2 TO 1/4 MILE OR LESS
LOWEST: 26 ON 3 3 = THUNDER
SNOW, ICE PELLETS, HAIL 4 = ICE PELLETS
TOTAL MONTH: M 5 = HAIL
GRTST 24HR M ON M 6 = FREEZING RAIN OR DRIZZLE
GRTST DEPTH: M ON M 7 = DUSTSTORM OR SANDSTORM:
VSBY 1/2 MILE OR LESS
8 = SMOKE OR HAZE
[NO. OF DAYS WITH] [WEATHER - DAYS WITH] 9 = BLOWING SNOW
X = TORNADO
MAX 32 OR BELOW: 0 0.01 INCH OR MORE: 1
MAX 90 OR ABOVE: 1 0.10 INCH OR MORE: 0
MIN 32 OR BELOW: 4 0.50 INCH OR MORE: 0
MIN 0 OR BELOW: 0 1.00 INCH OR MORE: 0
[HDD (BASE 65) ]
TOTAL THIS MO. 149 CLEAR (SCALE 0-3) 20
DPTR FM NORMAL M PTCLDY (SCALE 4-7) 4
TOTAL FM JUL 1 2775 CLOUDY (SCALE 8-10) 0
DPTR FM NORMAL M
[CDD (BASE 65) ]
TOTAL THIS MO. 16
DPTR FM NORMAL M [PRESSURE DATA]
TOTAL FM JAN 1 16 HIGHEST SLP M ON M
DPTR FM NORMAL M LOWEST SLP M ON M
[REMARKS]