000
CXUS54 KHUN 012019
CF6MSL
PRELIMINARY LOCAL CLIMATOLOGICAL DATA (WS FORM: F-6)
STATION: MUSCLE SHOALS
MONTH: JANUARY
YEAR: 2023
LATITUDE: 34 45 N
LONGITUDE: 87 37 W
TEMPERATURE IN F: :PCPN: SNOW: WIND :SUNSHINE: SKY :PK WND
================================================================================
1 2 3 4 5 6A 6B 7 8 9 10 11 12 13 14 15 16 17 18
12Z AVG MX 2MIN
DY MAX MIN AVG DEP HDD CDD WTR SNW DPTH SPD SPD DIR MIN PSBL S-S WX SPD DR
================================================================================
1 76 50 63 20 2 0 0.00 0.0 0 6.3 15 200 M M 4 1 19 200
2 74 56 65 22 0 0 0.07 0.0 0 9.0 20 190 M M 8 1 29 160
3 73 60 67 24 0 2 0.93 0.0 0 11.7 31 300 M M 8 13 40 290
4 67 45 56 13 9 0 0.35 0.0 0 10.0 23 270 M M 2 13 30 280
5 58 36 47 4 18 0 0.00 0.0 0 7.6 24 270 M M 0 33 270
6 56 34 45 2 20 0 0.00 0.0 0 3.0 9 250 M M 0 13 250
7 58 38 48 5 17 0 T 0.0 0 4.9 10 150 M M 9 8 16 260
8 55 41 48 5 17 0 T 0.0 0 5.2 12 330 M M 9 12 19 320
9 54 33 44 1 21 0 0.00 0.0 0 3.1 9 360 M M 0 18 14 10
10 66 29 48 5 17 0 0.00 0.0 0 5.6 16 260 M M 0 1 21 240
11 68 50 59 16 6 0 0.00 0.0 0 8.1 15 200 M M 8 1 21 210
12 73 42 58 15 7 0 0.30 0.0 0 16.0 33 280 M M 7 13 57 290
13 42 35 39 -4 26 0 T T 0 10.8 18 340 M M 10 18 31 330
14 47 31 39 -4 26 0 0.00 0.0 0 5.5 14 330 M M 5 20 350
15 57 26 42 -1 23 0 0.00 0.0 0 3.5 10 140 M M 0 14 110
16 63 38 51 8 14 0 0.07 0.0 0 9.4 20 190 M M 7 8 29 190
17 71 52 62 19 3 0 0.02 0.0 0 5.5 18 210 M M 7 1 28 210
18 72 51 62 19 3 0 0.01 0.0 0 11.2 25 190 M M 9 12 37 190
19 69 42 56 13 9 0 0.60 0.0 0 14.9 33 260 M M 2 1 46 260
20 55 35 45 2 20 0 0.00 0.0 0 6.2 13 270 M M 0 22 300
21 52 35 44 1 21 0 0.03 0.0 0 7.1 15 120 M M 3 21 120
22 50 43 47 4 18 0 0.34 0.0 0 4.8 13 300 M M 10 18 16 300
23 50 30 40 -3 25 0 0.00 0.0 0 4.6 14 290 M M 4 1 20 290
24 52 27 40 -3 25 0 0.36 0.0 0 5.9 17 110 M M 5 12 26 80
25 56 40 48 5 17 0 0.23 0.0 0 14.4 31 240 M M 10 1 47 240
26 47 29 38 -5 27 0 0.00 0.0 0 10.0 21 300 M M 7 27 270
27 56 25 41 -2 24 0 0.00 0.0 0 7.5 23 260 M M 0 27 260
28 62 31 47 4 18 0 0.01 0.0 0 6.8 17 180 M M 4 24 180
29 55 47 51 7 14 0 0.52 0.0 0 6.4 20 160 M M 10 12 27 140
30 60 49 55 11 10 0 0.02 0.0 0 4.5 12 290 M M 10 12 13 150
31 50 35 43 -1 22 0 0.61 0.0 0 6.1 14 20 M M 10 1 20 20
================================================================================
SM 1844 1215 479 2 4.47 T 235.6 M 168
================================================================================
AV 59.5 39.2 7.6 FASTST M M 5 MAX(MPH)
MISC ----> # 33 280 57 290
================================================================================
NOTES:
# LAST OF SEVERAL OCCURRENCES
COLUMN 17 PEAK WIND IN M.P.H.
PRELIMINARY LOCAL CLIMATOLOGICAL DATA (WS FORM: F-6) , PAGE 2
STATION: MUSCLE SHOALS
MONTH: JANUARY
YEAR: 2023
LATITUDE: 34 45 N
LONGITUDE: 87 37 W
[TEMPERATURE DATA] [PRECIPITATION DATA] SYMBOLS USED IN COLUMN 16
AVERAGE MONTHLY: 49.3 TOTAL FOR MONTH: 4.47 1 = FOG OR MIST
DPTR FM NORMAL: 6.4 DPTR FM NORMAL: -0.24 2 = FOG REDUCING VISIBILITY
HIGHEST: 76 ON 1 GRTST 24HR 1.12 ON 3- 4 TO 1/4 MILE OR LESS
LOWEST: 25 ON 27 3 = THUNDER
SNOW, ICE PELLETS, HAIL 4 = ICE PELLETS
TOTAL MONTH: T 5 = HAIL
GRTST 24HR T ON 13-13 6 = FREEZING RAIN OR DRIZZLE
GRTST DEPTH: 0 7 = DUSTSTORM OR SANDSTORM:
VSBY 1/2 MILE OR LESS
8 = SMOKE OR HAZE
[NO. OF DAYS WITH] [WEATHER - DAYS WITH] 9 = BLOWING SNOW
X = TORNADO
MAX 32 OR BELOW: 0 0.01 INCH OR MORE: 16
MAX 90 OR ABOVE: 0 0.10 INCH OR MORE: 9
MIN 32 OR BELOW: 8 0.50 INCH OR MORE: 4
MIN 0 OR BELOW: 0 1.00 INCH OR MORE: 0
[HDD (BASE 65) ]
TOTAL THIS MO. 479 CLEAR (SCALE 0-3) 10
DPTR FM NORMAL -205 PTCLDY (SCALE 4-7) 12
TOTAL FM JUL 1 1606 CLOUDY (SCALE 8-10) 9
DPTR FM NORMAL -198
[CDD (BASE 65) ]
TOTAL THIS MO. 2
DPTR FM NORMAL 1 [PRESSURE DATA]
TOTAL FM JAN 1 2 HIGHEST SLP 30.36 ON 28
DPTR FM NORMAL 1 LOWEST SLP 29.55 ON 25
[REMARKS]
#FINAL-01-23#