000
CXUS55 KMSO 012035
CF6MSO
PRELIMINARY LOCAL CLIMATOLOGICAL DATA (WS FORM: F-6)
STATION: MISSOULA MT
MONTH: SEPTEMBER
YEAR: 2020
LATITUDE: 46 55 N
LONGITUDE: 114 5 W
TEMPERATURE IN F: :PCPN: SNOW: WIND :SUNSHINE: SKY :PK WND
================================================================================
1 2 3 4 5 6A 6B 7 8 9 10 11 12 13 14 15 16 17 18
12Z AVG MX 2MIN
DY MAX MIN AVG DEP HDD CDD WTR SNW DPTH SPD SPD DIR MIN PSBL S-S WX SPD DR
================================================================================
1 84 42 63 0 2 0 0.00 0.0 0 6.5 28 270 M M 2 34 270
2 86 45 66 3 0 1 0.00 0.0 0 9.6 32 290 M M 0 40 290
3 90 49 70 8 0 5 0.00 0.0 0 5.5 23 290 M M 0 27 280
4 94 50 72 10 0 7 0.00 0.0 0 2.9 8 340 M M 0 11 260
5 95 50 73 11 0 8 0.00 0.0 0 4.4 24 300 M M 0 18 29 300
6 91 48 70 9 0 5 0.00 0.0 0 4.3 23 290 M M 0 28 290
7 67 40 54 -7 11 0 0.03 0.0 0 6.5 26 70 M M 8 37 80
8 63 31 47 -13 18 0 0.00 0.0 0 4.4 14 10 M M 2 19 10
9 78 33 56 -4 9 0 0.00 0.0 0 1.8 10 360 M M 0 15 290
10 85 39 62 2 3 0 0.00 0.0 0 2.2 12 10 M M 0 14 10
11 87 43 65 6 0 0 0.00 0.0 0 2.7 14 10 M M 0 16 320
12 86 45 66 7 0 1 0.00 0.0 0 1.8 10 310 M M 0 8 12 310
13 75 45 60 1 5 0 0.00 0.0 0 1.4 8 120 M M 5 8 9 110
14 74 44 59 1 6 0 0.00 0.0 0 0.8 8 130 M M 4 18 9 130
15 76 41 59 1 6 0 0.00 0.0 0 0.8 6 120 M M 8 18 7 120
16 79 41 60 3 5 0 0.00 0.0 0 1.5 8 120 M M 10 18 10 130
17 75 41 58 1 7 0 0.00 0.0 0 1.1 8 120 M M 8 8 10 130
18 72 43 58 1 7 0 T 0.0 0 1.7 18 240 M M 6 18 23 240
19 66 51 59 3 6 0 0.11 0.0 0 4.6 16 230 M M 8 18 19 230
20 71 45 58 2 7 0 0.00 0.0 0 4.1 15 290 M M 7 1 20 310
21 80 39 60 5 5 0 T 0.0 0 1.0 10 340 M M 1 13 350
22 73 41 57 2 8 0 0.00 0.0 0 3.0 15 360 M M 1 18 350
23 74 45 60 6 5 0 0.00 0.0 0 2.1 9 110 M M 1 12 130
24 65 41 53 -1 12 0 0.01 0.0 0 5.9 24 280 M M 5 30 290
25 60 33 47 -7 18 0 0.09 0.0 0 4.0 13 320 M M 5 1 27 290
26 60 45 53 0 12 0 0.06 0.0 0 9.8 24 270 M M 8 1 30 250
27 64 40 52 -1 13 0 T 0.0 0 5.8 18 260 M M 6 21 270
28 69 33 51 -1 14 0 0.00 0.0 0 2.2 7 340 M M 0 1 10 140
29 79 36 58 6 7 0 0.00 0.0 0 2.0 7 340 M M 0 11 190
30 79 37 58 6 7 0 0.00 0.0 0 3.3 15 20 M M 0 18 360
================================================================================
SM 2297 1256 193 27 0.30 0.0 107.7 M 95
================================================================================
AV 76.6 41.9 3.6 FASTST M M 3 MAX(MPH)
MISC ----> 32 290 40 290
================================================================================
NOTES:
# LAST OF SEVERAL OCCURRENCES
COLUMN 17 PEAK WIND IN M.P.H.
PRELIMINARY LOCAL CLIMATOLOGICAL DATA (WS FORM: F-6) , PAGE 2
STATION: MISSOULA MT
MONTH: SEPTEMBER
YEAR: 2020
LATITUDE: 46 55 N
LONGITUDE: 114 5 W
[TEMPERATURE DATA] [PRECIPITATION DATA] SYMBOLS USED IN COLUMN 16
AVERAGE MONTHLY: 59.2 TOTAL FOR MONTH: 0.30 1 = FOG OR MIST
DPTR FM NORMAL: 1.8 DPTR FM NORMAL: -0.87 2 = FOG REDUCING VISIBILITY
HIGHEST: 95 ON 5 GRTST 24HR 0.14 ON 25-26 TO 1/4 MILE OR LESS
LOWEST: 31 ON 8 3 = THUNDER
SNOW, ICE PELLETS, HAIL 4 = ICE PELLETS
TOTAL MONTH: 0.0 INCH 5 = HAIL
GRTST 24HR 0.0 6 = FREEZING RAIN OR DRIZZLE
GRTST DEPTH: 0 7 = DUSTSTORM OR SANDSTORM:
VSBY 1/2 MILE OR LESS
8 = SMOKE OR HAZE
[NO. OF DAYS WITH] [WEATHER - DAYS WITH] 9 = BLOWING SNOW
X = TORNADO
MAX 32 OR BELOW: 0 0.01 INCH OR MORE: 5
MAX 90 OR ABOVE: 4 0.10 INCH OR MORE: 1
MIN 32 OR BELOW: 1 0.50 INCH OR MORE: 0
MIN 0 OR BELOW: 0 1.00 INCH OR MORE: 0
[HDD (BASE 65) ]
TOTAL THIS MO. 193 CLEAR (SCALE 0-3) 17
DPTR FM NORMAL -48 PTCLDY (SCALE 4-7) 9
TOTAL FM JUL 1 251 CLOUDY (SCALE 8-10) 4
DPTR FM NORMAL -76
[CDD (BASE 65) ]
TOTAL THIS MO. 27
DPTR FM NORMAL 12 [PRESSURE DATA]
TOTAL FM JAN 1 326 HIGHEST SLP 30.60 ON 8
DPTR FM NORMAL -6 LOWEST SLP 29.74 ON 24
[REMARKS]
#FINAL-09-20#