000
CXUS53 KGRB 021221
CF6MTW
PRELIMINARY LOCAL CLIMATOLOGICAL DATA (WS FORM: F-6)
STATION: MANITOWOC AWOS
MONTH: JULY
YEAR: 2022
LATITUDE: 44 7 N
LONGITUDE: 87 40 W
TEMPERATURE IN F: :PCPN: SNOW: WIND :SUNSHINE: SKY :PK WND
================================================================================
1 2 3 4 5 6A 6B 7 8 9 10 11 12 13 14 15 16 17 18
12Z AVG MX 2MIN
DY MAX MIN AVG DEP HDD CDD WTR SNW DPTH SPD SPD DIR MIN PSBL S-S WX SPD DR
================================================================================
1 75 61 68 M 0 3 T M M 7.4 12 330 M M 1 18 340
2 80 61 71 M 0 6 T M M 6.8 13 150 M M 2 M M
3 73 56 65 M 0 0 M M M 4.7 8 150 M M 1 1 M M
4 74 60 67 M 0 2 0.35 M M 5.8 14 170 M M 5 1 M M
5 78 64 71 M 0 6 M M M 4.2 9 130 M M 6 128 M M
6 70 62 66 M 0 1 M M M 7.9 13 10 M M 6 20 30
7 80 59 70 M 0 5 M M M 4.4 10 160 M M 2 1 M M
8 70 60 65 M 0 0 0.03 M M 6.9 14 20 M M 5 1 23 30
9 75 56 66 M 0 1 M M M 5.2 10 120 M M 1 M M
10 77 52 65 M 0 0 0.04 M M 7.2 18 170 M M 1 3 24 170
11 85 61 73 M 0 8 0.02 M M 10.1 18 270 M M 4 31 300
12 79 63 71 M 0 6 0.26 M M 9.2 14 300 M M 5 1 22 320
13 72 57 65 M 0 0 M M M 5.1 10 10 M M 6 1 17 10
14 72 53 63 M 2 0 M M M 5.0 10 130 M M 0 M M
15 63 54 59 M 6 0 0.18 M M 3.1 8 90 M M 7 1 M M
16 71 59 65 M 0 0 M M M 2.1 9 130 M M 5 128 M M
17 80 59 70 M 0 5 T M M 3.4 8 70 M M 2 12 M M
18 88 59 74 M 0 9 M M M 6.0 13 250 M M 0 1 22 250
19 84 72 78 M 0 13 T M M 9.8 18 160 M M 1 8 26 160
20 82 71 77 M 0 12 T M M 13.9 25 290 M M 4 36 290
21 86 67 77 M 0 12 M M M 10.4 18 250 M M 1 23 250
22 89 64 77 M 0 12 M M M 10.6 16 270 M M 1 28 270
23 86 66 76 M 0 11 0.83 M M 7.7 24 280 M M 2 13 40 310
24 81 64 73 M 0 8 1.08 M M 9.6 16 160 M M 6 13 51 200
25 76 57 67 M 0 2 M M M 6.9 16 290 M M 1 21 290
26 76 58 67 M 0 2 M M M 7.0 16 160 M M 2 M M
27 82 67 75 M 0 10 T M M 8.7 18 280 M M 6 30 250
28 75 63 69 M 0 4 M M M 9.7 15 280 M M 4 24 290
29 77 58 68 M 0 3 M M M 6.5 13 300 M M 2 17 290
30 80 59 70 M 0 5 M M M 7.9 15 170 M M 1 20 170
31 80 59 70 M 0 5 M M M 8.8 21 170 M M 2 29 180
================================================================================
SM 2416 1881 8 151 2.79 M 222.1 M 92
================================================================================
AV 77.9 60.7 7.2 FASTST M M 3 MAX(MPH)
MISC ----> 25 290 51 200
================================================================================
NOTES:
# LAST OF SEVERAL OCCURRENCES
COLUMN 17 PEAK WIND IN M.P.H.
PRELIMINARY LOCAL CLIMATOLOGICAL DATA (WS FORM: F-6) , PAGE 2
STATION: MANITOWOC AWOS
MONTH: JULY
YEAR: 2022
LATITUDE: 44 7 N
LONGITUDE: 87 40 W
[TEMPERATURE DATA] [PRECIPITATION DATA] SYMBOLS USED IN COLUMN 16
AVERAGE MONTHLY: 69.3 TOTAL FOR MONTH: 2.79 1 = FOG OR MIST
DPTR FM NORMAL: 0.0 DPTR FM NORMAL: M 2 = FOG REDUCING VISIBILITY
HIGHEST: 89 ON 22 GRTST 24HR 1.91 ON 23-24 TO 1/4 MILE OR LESS
LOWEST: 52 ON 10 3 = THUNDER
SNOW, ICE PELLETS, HAIL 4 = ICE PELLETS
TOTAL MONTH: M 5 = HAIL
GRTST 24HR M ON M 6 = FREEZING RAIN OR DRIZZLE
GRTST DEPTH: M ON M 7 = DUSTSTORM OR SANDSTORM:
VSBY 1/2 MILE OR LESS
8 = SMOKE OR HAZE
[NO. OF DAYS WITH] [WEATHER - DAYS WITH] 9 = BLOWING SNOW
X = TORNADO
MAX 32 OR BELOW: 0 0.01 INCH OR MORE: 8
MAX 90 OR ABOVE: 0 0.10 INCH OR MORE: 5
MIN 32 OR BELOW: 0 0.50 INCH OR MORE: 2
MIN 0 OR BELOW: 0 1.00 INCH OR MORE: 1
[HDD (BASE 65) ]
TOTAL THIS MO. 8 CLEAR (SCALE 0-3) 18
DPTR FM NORMAL M PTCLDY (SCALE 4-7) 13
TOTAL FM JUL 1 8 CLOUDY (SCALE 8-10) 0
DPTR FM NORMAL M
[CDD (BASE 65) ]
TOTAL THIS MO. 151
DPTR FM NORMAL M [PRESSURE DATA]
TOTAL FM JAN 1 235 HIGHEST SLP 30.28 ON 9
DPTR FM NORMAL 235 LOWEST SLP 29.45 ON 20
[REMARKS]
#FINAL-07-22#