000
CXUS53 KGRB 240647
CF6MTW
PRELIMINARY LOCAL CLIMATOLOGICAL DATA (WS FORM: F-6)
STATION: MANITOWOC AWOS
MONTH: JUNE
YEAR: 2022
LATITUDE: 44 7 N
LONGITUDE: 87 40 W
TEMPERATURE IN F: :PCPN: SNOW: WIND :SUNSHINE: SKY :PK WND
================================================================================
1 2 3 4 5 6A 6B 7 8 9 10 11 12 13 14 15 16 17 18
12Z AVG MX 2MIN
DY MAX MIN AVG DEP HDD CDD WTR SNW DPTH SPD SPD DIR MIN PSBL S-S WX SPD DR
================================================================================
1 71 0 36 M 29 0 M M M 8.8 14 110 M M 1 20 330
2 74 45 60 M 5 0 T M M 4.2 12 110 M M 2 M M
3 70 48 59 M 6 0 M M M 9.8 24 290 M M 0 37 300
4 68 41 55 M 10 0 M M M 5.8 15 160 M M 0 18 160
5 61 49 55 M 10 0 0.36 M M 3.3 8 80 M M 8 18 M M
6 58 53 56 M 9 0 1.10 M M 6.7 10 110 M M 9 1 16 30
7 64 52 58 M 7 0 M M M 6.6 10 100 M M 5 M M
8 58 49 54 M 11 0 0.44 M M 4.5 13 180 M M 9 128 M M
9 75 50 63 M 2 0 T M M 6.3 15 320 M M 3 8 23 320
10 75 51 63 M 2 0 M M M 4.5 12 130 M M 3 M M
11 69 56 63 M 2 0 0.11 M M 5.6 13 350 M M 6 18 20 350
12 61 51 56 M 9 0 M M M 6.1 10 30 M M 2 16 50
13 67 49 58 M 7 0 0.62 M M 4.6 10 250 M M 3 138 M M
14 72 59 66 M 0 1 0.01 M M 5.5 13 160 M M 7 12 M M
15 87 59 73 M 0 8 0.25 M M 10.1 25 270 M M 1 3 33 270
16 85 65 75 M 0 10 M M M 14.0 25 240 M M 0 44 260
17 81 53 67 M 0 2 M M M 10.2 21 330 M M 0 8 30 330
18 67 48 58 M 7 0 M M M 5.5 13 40 M M 0 18 40
19 69 46 58 M 7 0 M M M 6.8 16 180 M M 1 21 180
20 91 56 74 M 0 9 M M M 7.2 16 230 M M 0 1 23 230
21 93 64 79 M 0 14 M M M 11.3 21 260 M M 0 28 260
22 83 60 72 M 0 7 M M M 9.4 16 320 M M 0 23 320
23 75 53 64 M 1 0 M M M 7.7 15 180 M M 0 M M
================================================================================
SM 1674 1157 124 51 2.89 M 164.2 M 60
================================================================================
AV 72.8 50.3 7.1 FASTST M M 3 MAX(MPH)
MISC ----> 25 240 44 260
================================================================================
NOTES:
# LAST OF SEVERAL OCCURRENCES
COLUMN 17 PEAK WIND IN M.P.H.
PRELIMINARY LOCAL CLIMATOLOGICAL DATA (WS FORM: F-6) , PAGE 2
STATION: MANITOWOC AWOS
MONTH: JUNE
YEAR: 2022
LATITUDE: 44 7 N
LONGITUDE: 87 40 W
[TEMPERATURE DATA] [PRECIPITATION DATA] SYMBOLS USED IN COLUMN 16
AVERAGE MONTHLY: 61.5 TOTAL FOR MONTH: 2.89 1 = FOG OR MIST
DPTR FM NORMAL: 0.0 DPTR FM NORMAL: 2.89 2 = FOG REDUCING VISIBILITY
HIGHEST: 93 ON 21 GRTST 24HR 1.38 ON 5- 6 TO 1/4 MILE OR LESS
LOWEST: 0 ON 1 3 = THUNDER
SNOW, ICE PELLETS, HAIL 4 = ICE PELLETS
TOTAL MONTH: M 5 = HAIL
GRTST 24HR M ON M 6 = FREEZING RAIN OR DRIZZLE
GRTST DEPTH: M ON M 7 = DUSTSTORM OR SANDSTORM:
VSBY 1/2 MILE OR LESS
8 = SMOKE OR HAZE
[NO. OF DAYS WITH] [WEATHER - DAYS WITH] 9 = BLOWING SNOW
X = TORNADO
MAX 32 OR BELOW: 0 0.01 INCH OR MORE: 7
MAX 90 OR ABOVE: 2 0.10 INCH OR MORE: 6
MIN 32 OR BELOW: 1 0.50 INCH OR MORE: 2
MIN 0 OR BELOW: 1 1.00 INCH OR MORE: 1
[HDD (BASE 65) ]
TOTAL THIS MO. 124 CLEAR (SCALE 0-3) 15
DPTR FM NORMAL M PTCLDY (SCALE 4-7) 6
TOTAL FM JUL 1 7290 CLOUDY (SCALE 8-10) 2
DPTR FM NORMAL 5495
[CDD (BASE 65) ]
TOTAL THIS MO. 51
DPTR FM NORMAL M [PRESSURE DATA]
TOTAL FM JAN 1 60 HIGHEST SLP M ON M
DPTR FM NORMAL 60 LOWEST SLP M ON M
[REMARKS]