000
CXUS55 KBOI 011002
CF6MUO
PRELIMINARY LOCAL CLIMATOLOGICAL DATA (WS FORM: F-6)
STATION: MOUNTAIN HOME AFB
MONTH: JUNE
YEAR: 2021
LATITUDE: 43 2 N
LONGITUDE: 115 52 W
TEMPERATURE IN F: :PCPN: SNOW: WIND :SUNSHINE: SKY :PK WND
================================================================================
1 2 3 4 5 6A 6B 7 8 9 10 11 12 13 14 15 16 17 18
12Z AVG MX 2MIN
DY MAX MIN AVG DEP HDD CDD WTR SNW DPTH SPD SPD DIR MIN PSBL S-S WX SPD DR
================================================================================
1 90 52 71 8 0 6 T M M 8.3 20 310 M M 0 25 330
2 96 58 77 14 0 12 T M M 7.3 13 300 M M 0 18 270
3 101 58 80 16 0 15 T M M 8.5 20 300 M M 1 37 180
4 95 69 82 18 0 17 0.00 M M 13.3 28 210 M M 2 45 230
5 87 60 74 10 0 9 0.00 M M 18.1 36 320 M M 1 44 320
6 80 47 64 0 1 0 0.00 M M 12.4 28 320 M M 0 33 310
7 82 44 63 -2 2 0 0.00 M M 8.4 15 290 M M 1 21 320
8 81 54 68 3 0 3 0.00 M M 11.1 22 320 M M 3 23 320
9 80 54 67 2 0 2 0.00 M M 16.3 27 330 M M 3 40 290
10 61 45 53 -13 12 0 0.59 M M 11.7 27 290 M M 6 1 37 290
11 78 45 62 -4 3 0 0.00 M M 12.3 25 100 M M 3 33 110
12 85 57 71 5 0 6 T M M 7.0 15 310 M M 2 M M
13 103 56 80 14 0 15 0.00 M M 8.0 16 310 M M 0 18 90
14 95 66 81 14 0 16 0.00 M M 8.5 17 330 M M 1 16 310
15 92 61 77 10 0 12 0.00 M M 12.5 28 330 M M 0 43 310
16 85 53 69 2 0 4 0.00 M M 13.0 21 290 M M 0 31 300
17 92 55 74 6 0 9 0.00 M M 10.2 20 320 M M 0 24 320
18 97 55 76 8 0 11 0.00 M M 7.7 16 330 M M 0 20 320
19 96 59 78 10 0 13 0.00 M M 13.8 25 330 M M 0 38 340
20 90 64 77 8 0 12 0.00 M M 16.6 22 300 M M 0 31 300
21 97 63 80 11 0 15 0.00 M M 11.0 24 90 M M 0 32 90
22 100 68 84 15 0 19 T M M 14.1 43 310 M M 3 3 55 310
23 92 58 75 5 0 10 T M M 11.7 29 290 M M 2 46 280
24 95 57 76 6 0 11 0.00 M M 12.1 25 310 M M 1 32 300
25 93 65 79 9 0 14 0.00 M M 13.5 24 310 M M 1 37 310
26 95 65 80 9 0 15 T M M 8.5 16 100 M M 1 25 100
27 98 63 81 10 0 16 0.00 M M 7.4 13 130 M M 0 20 100
28 100 70 85 14 0 20 0.00 M M 14.4 22 100 M M 0 32 90
29 103 66 85 13 0 20 0.00 M M 12.1 21 130 M M 0 27 90
30 102 72 87 15 0 22 0.00 M M 13.3 21 110 M M 1 36 170
================================================================================
SM 2741 1759 18 324 0.59 M 343.2 M 32
================================================================================
AV 91.4 58.6 11.4 FASTST M M 1 MAX(MPH)
MISC ----> 43 310 55 310
================================================================================
NOTES:
# LAST OF SEVERAL OCCURRENCES
COLUMN 17 PEAK WIND IN M.P.H.
PRELIMINARY LOCAL CLIMATOLOGICAL DATA (WS FORM: F-6) , PAGE 2
STATION: MOUNTAIN HOME AFB
MONTH: JUNE
YEAR: 2021
LATITUDE: 43 2 N
LONGITUDE: 115 52 W
[TEMPERATURE DATA] [PRECIPITATION DATA] SYMBOLS USED IN COLUMN 16
AVERAGE MONTHLY: 75.0 TOTAL FOR MONTH: 0.59 1 = FOG OR MIST
DPTR FM NORMAL: 7.8 DPTR FM NORMAL: 0.00 2 = FOG REDUCING VISIBILITY
HIGHEST: 103 ON 29,13 GRTST 24HR 0.59 ON 10-10 TO 1/4 MILE OR LESS
LOWEST: 44 ON 7 3 = THUNDER
SNOW, ICE PELLETS, HAIL 4 = ICE PELLETS
TOTAL MONTH: M 5 = HAIL
GRTST 24HR M ON M 6 = FREEZING RAIN OR DRIZZLE
GRTST DEPTH: M ON M 7 = DUSTSTORM OR SANDSTORM:
VSBY 1/2 MILE OR LESS
8 = SMOKE OR HAZE
[NO. OF DAYS WITH] [WEATHER - DAYS WITH] 9 = BLOWING SNOW
X = TORNADO
MAX 32 OR BELOW: 0 0.01 INCH OR MORE: 1
MAX 90 OR ABOVE: 21 0.10 INCH OR MORE: 1
MIN 32 OR BELOW: 0 0.50 INCH OR MORE: 1
MIN 0 OR BELOW: 0 1.00 INCH OR MORE: 0
[HDD (BASE 65) ]
TOTAL THIS MO. 18 CLEAR (SCALE 0-3) 27
DPTR FM NORMAL -57 PTCLDY (SCALE 4-7) 3
TOTAL FM JUL 1 5421 CLOUDY (SCALE 8-10) 0
DPTR FM NORMAL -417
[CDD (BASE 65) ]
TOTAL THIS MO. 324
DPTR FM NORMAL 190 [PRESSURE DATA]
TOTAL FM JAN 1 343 HIGHEST SLP M ON M
DPTR FM NORMAL 173 LOWEST SLP M ON M
[REMARKS]
#FINAL-06-21#