000
CXUS55 KBOI 181536
CF6MUO
PRELIMINARY LOCAL CLIMATOLOGICAL DATA (WS FORM: F-6)
STATION: MOUNTAIN HOME AFB
MONTH: FEBRUARY
YEAR: 2020
LATITUDE: 43 2 N
LONGITUDE: 115 52 W
TEMPERATURE IN F: :PCPN: SNOW: WIND :SUNSHINE: SKY :PK WND
================================================================================
1 2 3 4 5 6A 6B 7 8 9 10 11 12 13 14 15 16 17 18
12Z AVG MX 2MIN
DY MAX MIN AVG DEP HDD CDD WTR SNW DPTH SPD SPD DIR MIN PSBL S-S WX SPD DR
================================================================================
1 47 34 41 9 24 0 0.00 M M 15.3 21 110 M M 5 23 110
2 41 26 34 2 31 0 T M M 18.9 27 300 M M 4 1 39 300
3 38 24 31 -2 34 0 0.00 M M 24.5 31 310 M M 1 45 310
4 35 19 27 -6 38 0 0.00 M M 12.5 17 320 M M 2 30 320
5 36 28 32 -1 33 0 0.05 M M 3.6 10 290 M M 8 126 M M
6 53 31 42 9 23 0 T M M 11.2 23 310 M M 10 1 31 300
7 57 36 47 14 18 0 T M M 13.6 24 320 M M 7 32 310
8 46 30 38 5 27 0 T M M 14.6 36 320 M M 4 46 310
9 43 23 33 -1 32 0 0.00 M M 11.2 21 310 M M 1 M M
10 45 23 34 0 31 0 0.00 M M 12.4 24 320 M M 1 31 310
11 45 20 33 -1 32 0 0.00 M M 3.0 9 320 M M 1 M M
12 48 27 38 4 27 0 0.00 M M 14.2 23 310 M M 1 30 330
13 51 20 36 2 29 0 0.00 M M 7.3 18 120 M M 0 23 120
14 47 24 36 1 29 0 0.00 M M 12.4 25 330 M M 3 36 330
15 46 24 35 0 30 0 0.00 M M 4.9 9 360 M M 8 M M
16 46 29 38 3 27 0 0.16 M M 7.7 18 310 M M 7 1 24 310
17 40 22 31 -4 34 0 T M M 8.0 20 330 M M 4 30 340
18 39 16 28 -8 37 0 0.00 M M 3.0 10 110 M M 0 M M
19 39 17 28 -8 37 0 0.00 M M 8.8 14 120 M M 0 23 120
20 43 12 28 -8 37 0 0.00 M M 12.0 24 130 M M 0 33 120
21 46 17 32 -4 33 0 0.00 M M 3.8 12 100 M M 0 M M
22 49 17 33 -4 32 0 0.00 M M 3.1 14 110 M M 0 M M
23 59 20 40 3 25 0 T M M 9.0 43 340 M M 2 8 56 340
24 44 22 33 -4 32 0 0.00 M M 12.2 24 330 M M 1 33 320
25 43 20 32 -6 33 0 0.00 M M 4.7 13 320 M M 0 M M
26 52 24 38 0 27 0 0.00 M M 7.9 18 120 M M 3 18 110
27 55 20 38 0 27 0 0.00 M M 3.7 10 340 M M 0 M M
28 60 28 44 6 21 0 0.00 M M 16.3 24 120 M M 0 36 120
29 51 29 40 1 25 0 0.00 M M 10.2 25 330 M M 3 39 330
================================================================================
SM 1344 682 865 0 0.21 M 290.0 M 76
================================================================================
AV 46.3 23.5 10.0 FASTST M M 3 MAX(MPH)
MISC ----> 43 340 56 340
================================================================================
NOTES:
# LAST OF SEVERAL OCCURRENCES
COLUMN 17 PEAK WIND IN M.P.H.
PRELIMINARY LOCAL CLIMATOLOGICAL DATA (WS FORM: F-6) , PAGE 2
STATION: MOUNTAIN HOME AFB
MONTH: FEBRUARY
YEAR: 2020
LATITUDE: 43 2 N
LONGITUDE: 115 52 W
[TEMPERATURE DATA] [PRECIPITATION DATA] SYMBOLS USED IN COLUMN 16
AVERAGE MONTHLY: 34.9 TOTAL FOR MONTH: 0.21 1 = FOG OR MIST
DPTR FM NORMAL: -0.1 DPTR FM NORMAL: -0.65 2 = FOG REDUCING VISIBILITY
HIGHEST: 60 ON 28 GRTST 24HR 0.16 ON 16-16 TO 1/4 MILE OR LESS
LOWEST: 12 ON 20 3 = THUNDER
SNOW, ICE PELLETS, HAIL 4 = ICE PELLETS
TOTAL MONTH: M 5 = HAIL
GRTST 24HR M ON M 6 = FREEZING RAIN OR DRIZZLE
GRTST DEPTH: M ON M 7 = DUSTSTORM OR SANDSTORM:
VSBY 1/2 MILE OR LESS
8 = SMOKE OR HAZE
[NO. OF DAYS WITH] [WEATHER - DAYS WITH] 9 = BLOWING SNOW
X = TORNADO
MAX 32 OR BELOW: 0 0.01 INCH OR MORE: 2
MAX 90 OR ABOVE: 0 0.10 INCH OR MORE: 1
MIN 32 OR BELOW: 27 0.50 INCH OR MORE: 0
MIN 0 OR BELOW: 0 1.00 INCH OR MORE: 0
[HDD (BASE 65) ]
TOTAL THIS MO. 865 CLEAR (SCALE 0-3) 19
DPTR FM NORMAL -49 PTCLDY (SCALE 4-7) 8
TOTAL FM JUL 1 4339 CLOUDY (SCALE 8-10) 2
DPTR FM NORMAL -33
[CDD (BASE 65) ]
TOTAL THIS MO. 0
DPTR FM NORMAL 0 [PRESSURE DATA]
TOTAL FM JAN 1 0 HIGHEST SLP M ON M
DPTR FM NORMAL 0 LOWEST SLP M ON M
[REMARKS]
#FINAL-02-20#