000
CXUS56 KOTX 010910
CF6MWH
PRELIMINARY LOCAL CLIMATOLOGICAL DATA (WS FORM: F-6)
STATION: MOSES LAKE WA AIRPORT
MONTH: APRIL
YEAR: 2021
LATITUDE: 47 12 N
LONGITUDE: 119 19 W
TEMPERATURE IN F: :PCPN: SNOW: WIND :SUNSHINE: SKY :PK WND
================================================================================
1 2 3 4 5 6A 6B 7 8 9 10 11 12 13 14 15 16 17 18
12Z AVG MX 2MIN
DY MAX MIN AVG DEP HDD CDD WTR SNW DPTH SPD SPD DIR MIN PSBL S-S WX SPD DR
================================================================================
1 68 31 50 3 15 0 0.00 M M 5.2 16 280 M M 0 20 280
2 67 35 51 4 14 0 0.00 M M 5.5 14 180 M M 0 18 180
3 68 36 52 4 13 0 0.00 M M 3.9 13 180 M M 0 15 190
4 62 43 53 5 12 0 0.00 M M 8.8 24 330 M M 4 29 330
5 65 34 50 2 15 0 0.00 M M 9.1 22 340 M M 2 26 340
6 68 28 48 0 17 0 0.00 M M 5.1 15 180 M M 0 19 160
7 59 31 45 -3 20 0 0.00 M M 7.3 25 290 M M 2 33 290
8 61 38 50 2 15 0 0.00 M M 11.6 26 280 M M 1 33 270
9 63 30 47 -2 18 0 0.00 M M 8.3 17 180 M M 1 21 170
10 55 30 43 -6 22 0 0.00 M M 16.3 30 300 M M 3 39 310
11 59 29 44 -5 21 0 0.00 M M 4.6 17 350 M M 0 29 300
12 63 25 44 -5 21 0 0.00 M M 10.7 24 40 M M 2 30 30
13 65 38 52 3 13 0 0.00 M M 17.5 33 50 M M 0 44 50
14 74 33 54 4 11 0 0.00 M M 14.2 28 70 M M 0 36 20
15 77 40 59 9 6 0 0.00 M M 10.5 24 70 M M 0 33 80
16 78 37 58 8 7 0 0.00 M M 8.9 21 50 M M 0 25 70
17 79 37 58 8 7 0 0.00 M M 5.4 10 200 M M 0 12 220
18 86 37 62 11 3 0 0.00 M M 9.6 24 50 M M 1 8 33 70
19 66 41 54 3 11 0 0.00 M M 10.5 24 60 M M 0 32 60
20 70 35 53 2 12 0 0.00 M M 7.9 18 40 M M 0 23 30
21 75 33 54 3 11 0 0.00 M M 7.0 17 180 M M 0 21 180
22 77 45 61 9 4 0 0.00 M M 10.9 23 20 M M 3 27 360
23 70 40 55 3 10 0 0.00 M M 5.1 18 170 M M 2 23 190
24 59 43 51 -1 14 0 0.32 M M 6.5 15 260 M M 8 8 18 270
25 66 39 53 1 12 0 T M M 7.8 20 240 M M 1 23 250
26 69 34 52 -1 13 0 0.00 M M 4.8 15 290 M M 1 18 280
27 72 40 56 3 9 0 0.00 M M 7.2 18 220 M M 0 25 220
28 75 44 60 7 5 0 0.00 M M 5.4 14 230 M M 1 18 180
29 83 49 66 12 0 1 0.00 M M 3.6 13 350 M M 0 14 350
30 81 53 67 13 0 2 0.01 M M 10.0 24 250 M M 2 31 230
================================================================================
SM 2080 1108 351 3 0.33 M 249.2 M 34
================================================================================
AV 69.3 36.9 8.3 FASTST M M 1 MAX(MPH)
MISC ----> 33 50 44 50
================================================================================
NOTES:
# LAST OF SEVERAL OCCURRENCES
COLUMN 17 PEAK WIND IN M.P.H.
PRELIMINARY LOCAL CLIMATOLOGICAL DATA (WS FORM: F-6) , PAGE 2
STATION: MOSES LAKE WA AIRPORT
MONTH: APRIL
YEAR: 2021
LATITUDE: 47 12 N
LONGITUDE: 119 19 W
[TEMPERATURE DATA] [PRECIPITATION DATA] SYMBOLS USED IN COLUMN 16
AVERAGE MONTHLY: 53.1 TOTAL FOR MONTH: 0.33 1 = FOG OR MIST
DPTR FM NORMAL: 2.9 DPTR FM NORMAL: -0.37 2 = FOG REDUCING VISIBILITY
HIGHEST: 86 ON 18 GRTST 24HR 0.32 ON 24-24 TO 1/4 MILE OR LESS
LOWEST: 25 ON 12 3 = THUNDER
SNOW, ICE PELLETS, HAIL 4 = ICE PELLETS
TOTAL MONTH: M 5 = HAIL
GRTST 24HR M ON M 6 = FREEZING RAIN OR DRIZZLE
GRTST DEPTH: M ON M 7 = DUSTSTORM OR SANDSTORM:
VSBY 1/2 MILE OR LESS
8 = SMOKE OR HAZE
[NO. OF DAYS WITH] [WEATHER - DAYS WITH] 9 = BLOWING SNOW
X = TORNADO
MAX 32 OR BELOW: 0 0.01 INCH OR MORE: 2
MAX 90 OR ABOVE: 0 0.10 INCH OR MORE: 1
MIN 32 OR BELOW: 7 0.50 INCH OR MORE: 0
MIN 0 OR BELOW: 0 1.00 INCH OR MORE: 0
[HDD (BASE 65) ]
TOTAL THIS MO. 351 CLEAR (SCALE 0-3) 28
DPTR FM NORMAL -94 PTCLDY (SCALE 4-7) 2
TOTAL FM JUL 1 4715 CLOUDY (SCALE 8-10) 0
DPTR FM NORMAL -901
[CDD (BASE 65) ]
TOTAL THIS MO. 3
DPTR FM NORMAL 2 [PRESSURE DATA]
TOTAL FM JAN 1 3 HIGHEST SLP M ON M
DPTR FM NORMAL 2 LOWEST SLP 29.60 ON 25
[REMARKS]
#FINAL-04-21#