000
CXUS54 KFWD 190731
CF6MWL
PRELIMINARY LOCAL CLIMATOLOGICAL DATA (WS FORM: F-6)
STATION: MINERAL WELLS
MONTH: APRIL
YEAR: 2024
LATITUDE: 32 46 N
LONGITUDE: 98 4 W
TEMPERATURE IN F: :PCPN: SNOW: WIND :SUNSHINE: SKY :PK WND
================================================================================
1 2 3 4 5 6A 6B 7 8 9 10 11 12 13 14 15 16 17 18
12Z AVG MX 2MIN
DY MAX MIN AVG DEP HDD CDD WTR SNW DPTH SPD SPD DIR MIN PSBL S-S WX SPD DR
================================================================================
1 80 61 71 9 0 6 0.07 M M 9.3 23 340 M M 6 138 30 160
2 64 45 55 -7 10 0 0.00 M M 11.6 25 310 M M 4 34 300
3 73 41 57 -5 8 0 0.00 M M 7.1 22 340 M M 0 28 350
4 85 43 64 1 1 0 0.00 M M 4.5 13 140 M M 0 15 140
5 88 52 70 7 0 5 0.00 M M 7.4 22 180 M M 0 31 170
6 79 59 69 6 0 4 0.00 M M 14.3 25 150 M M 5 35 160
7 80 51 66 3 0 1 0.00 M M 10.2 21 290 M M 0 30 330
8 81 50 66 3 0 1 0.61 M M 8.5 30 340 M M 2 138 40 330
9 69 59 64 0 1 0 0.34 M M 9.6 21 60 M M 9 13 29 70
10 64 48 56 -8 9 0 1.15 M M 11.3 30 330 M M 7 13 41 330
11 73 45 59 -5 6 0 0.00 M M 7.2 18 10 M M 0 1 26 10
12 81 44 63 -1 2 0 0.00 M M 8.8 22 190 M M 0 30 170
13 83 56 70 6 0 5 0.00 M M 13.5 25 160 M M 0 37 180
14 87 62 75 11 0 10 0.00 M M 10.4 17 200 M M 0 23 190
15 78 69 74 9 0 9 T M M 14.6 29 130 M M 7 3 41 120
16 88 67 78 13 0 13 0.06 M M 9.5 23 160 M M 3 18 33 160
17 87 67 77 12 0 12 0.00 M M 9.9 18 150 M M 3 128 25 160
18 87 59 73 8 0 8 0.00 M M 12.1 21 350 M M 4 1 27 340
================================================================================
SM 1427 978 37 74 2.23 M 179.8 M 50
================================================================================
AV 79.3 54.3 10.0 FASTST M M 3 MAX(MPH)
MISC ----> # 30 340 # 41 330
================================================================================
NOTES:
# LAST OF SEVERAL OCCURRENCES
COLUMN 17 PEAK WIND IN M.P.H.
PRELIMINARY LOCAL CLIMATOLOGICAL DATA (WS FORM: F-6) , PAGE 2
STATION: MINERAL WELLS
MONTH: APRIL
YEAR: 2024
LATITUDE: 32 46 N
LONGITUDE: 98 4 W
[TEMPERATURE DATA] [PRECIPITATION DATA] SYMBOLS USED IN COLUMN 16
AVERAGE MONTHLY: 66.8 TOTAL FOR MONTH: 2.23 1 = FOG OR MIST
DPTR FM NORMAL: 3.2 DPTR FM NORMAL: 0.78 2 = FOG REDUCING VISIBILITY
HIGHEST: 88 ON 16, 5 GRTST 24HR 1.16 ON 9-10 TO 1/4 MILE OR LESS
LOWEST: 41 ON 3 3 = THUNDER
SNOW, ICE PELLETS, HAIL 4 = ICE PELLETS
TOTAL MONTH: M 5 = HAIL
GRTST 24HR M ON M 6 = FREEZING RAIN OR DRIZZLE
GRTST DEPTH: M ON M 7 = DUSTSTORM OR SANDSTORM:
VSBY 1/2 MILE OR LESS
8 = SMOKE OR HAZE
[NO. OF DAYS WITH] [WEATHER - DAYS WITH] 9 = BLOWING SNOW
X = TORNADO
MAX 32 OR BELOW: 0 0.01 INCH OR MORE: 5
MAX 90 OR ABOVE: 0 0.10 INCH OR MORE: 3
MIN 32 OR BELOW: 0 0.50 INCH OR MORE: 2
MIN 0 OR BELOW: 0 1.00 INCH OR MORE: 1
[HDD (BASE 65) ]
TOTAL THIS MO. 37 CLEAR (SCALE 0-3) 9
DPTR FM NORMAL -35 PTCLDY (SCALE 4-7) 8
TOTAL FM JUL 1 1961 CLOUDY (SCALE 8-10) 1
DPTR FM NORMAL -406
[CDD (BASE 65) ]
TOTAL THIS MO. 74
DPTR FM NORMAL 27 [PRESSURE DATA]
TOTAL FM JAN 1 138 HIGHEST SLP M ON M
DPTR FM NORMAL 48 LOWEST SLP 29.46 ON 1
[REMARKS]