000
CXUS55 KBOI 011002
CF6MYL
PRELIMINARY LOCAL CLIMATOLOGICAL DATA (WS FORM: F-6)
STATION: MCCALL ID
MONTH: APRIL
YEAR: 2021
LATITUDE: 44 52 N
LONGITUDE: 116 6 W
TEMPERATURE IN F: :PCPN: SNOW: WIND :SUNSHINE: SKY :PK WND
================================================================================
1 2 3 4 5 6A 6B 7 8 9 10 11 12 13 14 15 16 17 18
12Z AVG MX 2MIN
DY MAX MIN AVG DEP HDD CDD WTR SNW DPTH SPD SPD DIR MIN PSBL S-S WX SPD DR
================================================================================
1 53 18 36 3 29 0 0.00 M M 3.6 15 190 M M 0 19 190
2 55 27 41 8 24 0 0.00 M M 2.4 14 210 M M 0 18 200
3 57 26 42 9 23 0 0.00 M M 2.4 10 180 M M 0 14 170
4 53 31 42 8 23 0 0.00 M M 3.5 12 190 M M 1 18 330
5 42 31 37 3 28 0 0.07 M M 10.7 22 20 M M 8 1 33 10
6 52 23 38 4 27 0 0.00 M M 4.6 14 10 M M 0 19 10
7 52 21 37 3 28 0 0.00 M M 4.6 14 200 M M 1 19 210
8 41 25 33 -2 32 0 0.01 M M 8.1 28 290 M M 7 18 40 290
9 46 14 30 -5 35 0 0.00 M M 2.8 10 180 M M 0 13 180
10 42 22 32 -3 33 0 0.00 M M 7.2 24 260 M M 5 35 250
11 38 18 28 -7 37 0 0.00 M M 8.5 18 270 M M 0 27 260
12 44 24 34 -2 31 0 0.00 M M 7.2 14 30 M M 1 20 360
13 44 31 38 2 27 0 0.00 M M 9.9 20 350 M M 3 28 350
14 47 27 37 1 28 0 0.00 M M 9.0 16 350 M M 3 24 350
15 50 25 38 2 27 0 0.00 M M 6.8 18 350 M M 2 29 330
16 52 29 41 4 24 0 0.00 M M 7.1 16 340 M M 0 23 360
17 60 25 43 6 22 0 0.00 M M 4.9 14 320 M M 0 19 350
18 63 25 44 7 21 0 0.00 M M 2.9 14 250 M M 0 21 280
19 50 29 40 2 25 0 T M M 8.8 23 20 M M 2 36 350
20 55 24 40 2 25 0 0.00 M M 6.0 16 310 M M 0 27 310
21 58 24 41 3 24 0 0.00 0.0 0 4.0 13 340 M M 0 17 330
22 56 25 41 2 24 0 T M M 4.1 20 20 M M 4 3 28 350
23 57 28 43 4 22 0 T M M 5.3 16 240 M M 3 21 220
24 44 34 39 0 26 0 0.25 M M 4.2 15 160 M M 9 1 19 170
25 41 30 36 -4 29 0 0.37 M M 4.1 17 180 M M 9 12 23 180
26 51 29 40 0 25 0 0.00 M M 6.5 21 360 M M 4 1 30 20
27 56 31 44 4 21 0 0.00 M M 6.3 14 290 M M 1 20 270
28 63 28 46 5 19 0 0.00 M M 3.5 14 280 M M 0 20 20
29 71 33 52 11 13 0 0.00 M M 3.4 14 200 M M 0 20 200
30 73 37 55 14 10 0 0.00 M M 4.9 15 240 M M 0 24 230
================================================================================
SM 1566 794 762 0 0.70 0.0 167.3 M 63
================================================================================
AV 52.2 26.5 5.6 FASTST M M 2 MAX(MPH)
MISC ----> 28 290 40 290
================================================================================
NOTES:
# LAST OF SEVERAL OCCURRENCES
COLUMN 17 PEAK WIND IN M.P.H.
PRELIMINARY LOCAL CLIMATOLOGICAL DATA (WS FORM: F-6) , PAGE 2
STATION: MCCALL ID
MONTH: APRIL
YEAR: 2021
LATITUDE: 44 52 N
LONGITUDE: 116 6 W
[TEMPERATURE DATA] [PRECIPITATION DATA] SYMBOLS USED IN COLUMN 16
AVERAGE MONTHLY: 39.3 TOTAL FOR MONTH: 0.70 1 = FOG OR MIST
DPTR FM NORMAL: 2.5 DPTR FM NORMAL: -1.22 2 = FOG REDUCING VISIBILITY
HIGHEST: 73 ON 30 GRTST 24HR 0.51 ON 24-25 TO 1/4 MILE OR LESS
LOWEST: 14 ON 9 3 = THUNDER
SNOW, ICE PELLETS, HAIL 4 = ICE PELLETS
TOTAL MONTH: 0.0 INCH 5 = HAIL
GRTST 24HR 0.0 6 = FREEZING RAIN OR DRIZZLE
GRTST DEPTH: 0 7 = DUSTSTORM OR SANDSTORM:
VSBY 1/2 MILE OR LESS
8 = SMOKE OR HAZE
[NO. OF DAYS WITH] [WEATHER - DAYS WITH] 9 = BLOWING SNOW
X = TORNADO
MAX 32 OR BELOW: 0 0.01 INCH OR MORE: 4
MAX 90 OR ABOVE: 0 0.10 INCH OR MORE: 2
MIN 32 OR BELOW: 27 0.50 INCH OR MORE: 0
MIN 0 OR BELOW: 0 1.00 INCH OR MORE: 0
[HDD (BASE 65) ]
TOTAL THIS MO. 762 CLEAR (SCALE 0-3) 22
DPTR FM NORMAL -84 PTCLDY (SCALE 4-7) 5
TOTAL FM JUL 1 7880 CLOUDY (SCALE 8-10) 3
DPTR FM NORMAL -755
[CDD (BASE 65) ]
TOTAL THIS MO. 0
DPTR FM NORMAL 0 [PRESSURE DATA]
TOTAL FM JAN 1 0 HIGHEST SLP 30.36 ON 29
DPTR FM NORMAL 0 LOWEST SLP 29.67 ON 26
[REMARKS]
#FINAL-04-21#