000
CXUS56 KMTR 011000
CF6OAK
PRELIMINARY LOCAL CLIMATOLOGICAL DATA (WS FORM: F-6)

                                          STATION:   OAKLAND AIRPORT
                                          MONTH:     OCTOBER
                                          YEAR:      2011
                                          LATITUDE:   37 43 N
                                          LONGITUDE: 122 13 W

  TEMPERATURE IN F:       :PCPN:    SNOW:  WIND      :SUNSHINE: SKY     :PK WND
================================================================================
1   2   3   4   5  6A  6B    7    8   9   10  11  12  13   14  15   16   17  18
                                     12Z  AVG MX 2MIN
DY MAX MIN AVG DEP HDD CDD  WTR  SNW DPTH SPD SPD DIR MIN PSBL S-S WX    SPD DR
================================================================================

 1  74  64  69   6   0   4 0.00  0.0    0  8.7 17 270   M    M   7        24 220
 2  73  58  66   3   0   1 0.00  0.0    0  6.5 18 280   M    M   6        21 280
 3  66  56  61  -1   4   0 0.20  0.0    0  8.1 18 190   M    M   9 18     22 230
 4  68  56  62   0   3   0 0.27  0.0    0 12.4 26 140   M    M   9 1      33 140
 5  66  56  61  -1   4   0 0.48  0.0    0 14.2 31 150   M    M   6 1      38 150
 6  63  47  55  -7  10   0 0.40  0.0    0  8.8 17  40   M    M   6 1      29  90
 7  66  42  54  -8  11   0 0.01  0.0    0  5.3 14 290   M    M   1        22 280
 8  67  44  56  -6   9   0 0.00  0.0    0  5.5 16 280   M    M   3        18 280
 9  69  53  61  -1   4   0 0.00  0.0    0  4.8 15 290   M    M   7        17 290
10  59  51  55  -7  10   0 0.30  0.0    0  6.5 12 150   M    M  10 1      16 230
11  73  54  64   3   1   0 0.02  0.0    0  4.5 13 300   M    M   5 1      16 300
12  81  50  66   5   0   1 0.00  0.0    0  3.9 14 300   M    M   4 1      15 300
13  83  59  71  10   0   6 0.00  0.0    0  4.1 14 310   M    M   3        16 310
14  84  60  72  11   0   7 0.00  0.0    0  3.3 10 300   M    M   4        13 310
15  75  63  69   8   0   4 0.00  0.0    0  6.5 16 310   M    M   7        20 300
16  75  56  66   5   0   1 0.00  0.0    0  5.5 15 310   M    M   6        18 300
17  84  59  72  12   0   7 0.00  0.0    0  4.6 12 300   M    M   2        14 310
18  70  57  64   4   1   0 0.01  0.0    0  8.9 21 290   M    M   5 18     37  50
19  70  62  66   6   0   1 0.00  0.0    0 10.2 17 270   M    M   7        23 260
20  68  59  64   4   1   0 0.00  0.0    0  6.9 16 270   M    M   7        22 360
21  77  59  68   8   0   3 0.00  0.0    0  4.2 12 270   M    M   4        20 220
22  84  50  67   7   0   2 0.00  0.0    0  3.4 15 290   M    M   1 1      32 250
23  85  54  70  11   0   5 0.00  0.0    0  3.1 12 310   M    M   2        13 300
24  72  60  66   7   0   1 0.00  0.0    0  6.4 18 250   M    M   4 8      22 250
25  70  53  62   3   3   0 0.00  0.0    0  4.2 15 290   M    M   4        17 290
26  74  44  59   0   6   0 0.00  0.0    0  4.4 13 240   M    M   3 18     20 230
27  76  47  62   3   3   0 0.00  0.0    0  4.8 10 300   M    M   2        14 290
28  77  49  63   5   2   0 0.00  0.0    0  4.5 13 310   M    M   1        23 280
29  77  49  63   5   2   0 0.00  0.0    0  3.4 13 310   M    M   0        15 300
30  81  51  66   8   0   1 0.00  0.0    0  3.9 13 300   M    M   0        14 300
31  77  52  65   7   0   0 0.00  0.0    0  4.2 13 280   M    M   1        15 280
================================================================================
SM 2284 1674        74  44  1.69     0.0 185.7          M      136
================================================================================
AV 73.7 54.0                               6.0 FASTST   M    M   4    MAX(MPH)
                                 MISC ---->  # 31 150               # 38  150
================================================================================
NOTES:
# LAST OF SEVERAL OCCURRENCES

COLUMN 17 PEAK WIND IN M.P.H.

PRELIMINARY LOCAL CLIMATOLOGICAL DATA (WS FORM: F-6) , PAGE 2

                                          STATION:  OAKLAND AIRPORT
                                          MONTH:    OCTOBER
                                          YEAR:     2011
                                          LATITUDE:   37 43 N
                                          LONGITUDE: 122 13 W

[TEMPERATURE DATA]      [PRECIPITATION DATA]       SYMBOLS USED IN COLUMN 16

AVERAGE MONTHLY: 63.8   TOTAL FOR MONTH:   1.69    1 = FOG OR MIST
DPTR FM NORMAL:   3.3   DPTR FM NORMAL:    0.49    2 = FOG REDUCING VISIBILITY
HIGHEST:    85 ON 23    GRTST 24HR  0.74 ON  4- 5      TO 1/4 MILE OR LESS
LOWEST:     42 ON  7                               3 = THUNDER
                        SNOW, ICE PELLETS, HAIL    4 = ICE PELLETS
                        TOTAL MONTH:   0.0 INCH    5 = HAIL
                        GRTST 24HR     0.0         6 = FREEZING RAIN OR DRIZZLE
                        GRTST DEPTH:   0           7 = DUSTSTORM OR SANDSTORM:
                                                       VSBY 1/2 MILE OR LESS
                                                   8 = SMOKE OR HAZE
[NO. OF DAYS WITH]      [WEATHER - DAYS WITH]      9 = BLOWING SNOW
                                                   X = TORNADO
MAX 32 OR BELOW:   0    0.01 INCH OR MORE:   8
MAX 90 OR ABOVE:   0    0.10 INCH OR MORE:   5
MIN 32 OR BELOW:   0    0.50 INCH OR MORE:   0
MIN  0 OR BELOW:   0    1.00 INCH OR MORE:   0

[HDD (BASE 65) ]
TOTAL THIS MO.    74    CLEAR  (SCALE 0-3)  11
DPTR FM NORMAL   -78    PTCLDY (SCALE 4-7)  17
TOTAL FM JUL 1   359    CLOUDY (SCALE 8-10)  3
DPTR FM NORMAL     7

[CDD (BASE 65) ]
TOTAL THIS MO.    44
DPTR FM NORMAL    32    [PRESSURE DATA]
TOTAL FM JAN 1   152    HIGHEST SLP 30.18 ON 21
DPTR FM NORMAL    15    LOWEST  SLP 29.61 ON  5

[REMARKS]
#FINAL-10-11#
