000
CXUS56 KMTR 011000
CF6OAK
PRELIMINARY LOCAL CLIMATOLOGICAL DATA (WS FORM: F-6)

                                          STATION:   OAKLAND AIRPORT
                                          MONTH:     OCTOBER
                                          YEAR:      2013
                                          LATITUDE:   37 43 N
                                          LONGITUDE: 122 13 W

  TEMPERATURE IN F:       :PCPN:    SNOW:  WIND      :SUNSHINE: SKY     :PK WND
================================================================================
1   2   3   4   5  6A  6B    7    8   9   10  11  12  13   14  15   16   17  18
                                     12Z  AVG MX 2MIN
DY MAX MIN AVG DEP HDD CDD  WTR  SNW DPTH SPD SPD DIR MIN PSBL S-S WX    SPD DR
================================================================================

 1  69  55  62  -1   3   0 0.00  0.0    0  8.1 14 270   M    M   5        14 270
 2  68  56  62  -1   3   0 0.00  0.0    0  8.0 18 260   M    M   3        18 260
 3  71  55  63   1   2   0 0.00  0.0    0 14.1 26 280   M    M   1        26 280
 4  87  58  73  11   0   8 0.00  0.0    0 12.0 26  50   M    M   0        32  20
 5  82  56  69   7   0   4 0.00  0.0    0  4.8 10 310   M    M   0        21 160
 6  84  48  66   4   0   1 0.00  0.0    0  4.6 12 300   M    M   5        14 300
 7  78  50  64   2   1   0 0.00  0.0    0  5.1 14 280   M    M   3        16 280
 8  71  48  60  -2   5   0 0.00  0.0    0  4.5 16 290   M    M   3        20 160
 9  67  49  58  -4   7   0 0.00  0.0    0  6.0 15 280   M    M   3        18 270
10  68  48  58  -4   7   0 0.00  0.0    0  5.0 15 310   M    M   2        22 310
11  63  50  57  -4   8   0 0.00  0.0    0  6.9 18 280   M    M   6 1      20 290
12  64  51  58  -3   7   0 0.00  0.0    0  6.2 20 270   M    M   5 18     22 280
13  72  49  61   0   4   0 0.00  0.0    0  5.4 17 280   M    M   1 1      20 280
14  76  48  62   1   3   0 0.00  0.0    0  5.6 12 320   M    M   0         M  M
15  83  45  64   3   1   0 0.00  0.0    0  4.1 17  30   M    M   0        21  40
16  82  46  64   3   1   0 0.00  0.0    0  3.8 10 280   M    M   2        20 160
17  80  47  64   4   1   0 0.00  0.0    0  4.7 13 290   M    M   0 8      21 360
18  71  48  60   0   5   0 0.00  0.0    0  4.6 14 300   M    M   1 18     17 300
19  76  47  62   2   3   0 0.00  0.0    0  4.0 15 290   M    M   0 128    16 300
20  65  48  57  -3   8   0 0.00    M    0  6.0 15 300   M    M   4 128    29 330
21  63  49  56  -4   9   0 0.00  0.0    0  5.5 16 300   M    M   5 18     17 150
22  65  47  56  -4   9   0 0.00  0.0    0  4.6 16 290   M    M   7 18     18 290
23  61  51  56  -3   9   0 0.00  0.0    0  6.5 18 290   M    M   8 128    20 290
24  59  52  56  -3   9   0 0.00  0.0    0  6.4 15 280   M    M   7        32 280
25  67  47  57  -2   8   0 0.00  0.0    0  5.2 14 280   M    M   5 1      32  80
26  72  45  59   0   6   0 0.00  0.0    0  4.6 13 300   M    M   2 18     14 300
27  60  51  56  -3   9   0 0.01  0.0    0 17.2 44 270   M    M   8 18     51 270
28  60  45  53  -5  12   0 0.00  0.0    0  8.9 28 280   M    M   4 18     32 280
29  62  47  55  -3  10   0    T  0.0    0  6.0 13 270   M    M   6 18     22 240
30  65  45  55  -3  10   0 0.00  0.0    0  4.8 13 310   M    M   2 1      15 310
31  69  45  57  -1   8   0 0.00  0.0    0  3.3  7 270   M    M   0         M  M
================================================================================
SM 2180 1526       168  13  0.01     0.0 196.5          M       98
================================================================================
AV 70.3 49.2                               6.3 FASTST   M    M   3    MAX(MPH)
                                 MISC ---->  # 44 270               # 51  270
================================================================================
NOTES:
# LAST OF SEVERAL OCCURRENCES

COLUMN 17 PEAK WIND IN M.P.H.

PRELIMINARY LOCAL CLIMATOLOGICAL DATA (WS FORM: F-6) , PAGE 2

                                          STATION:  OAKLAND AIRPORT
                                          MONTH:    OCTOBER
                                          YEAR:     2013
                                          LATITUDE:   37 43 N
                                          LONGITUDE: 122 13 W

[TEMPERATURE DATA]      [PRECIPITATION DATA]       SYMBOLS USED IN COLUMN 16

AVERAGE MONTHLY: 59.8   TOTAL FOR MONTH:   0.01    1 = FOG OR MIST
DPTR FM NORMAL:  -0.7   DPTR FM NORMAL:   -1.19    2 = FOG REDUCING VISIBILITY
HIGHEST:    87 ON  4    GRTST 24HR  0.01 ON 27-27      TO 1/4 MILE OR LESS
LOWEST:     45 ON 31,30                            3 = THUNDER
                        SNOW, ICE PELLETS, HAIL    4 = ICE PELLETS
                        TOTAL MONTH:   0.0 INCH    5 = HAIL
                        GRTST 24HR     0.0         6 = FREEZING RAIN OR DRIZZLE
                        GRTST DEPTH:   0           7 = DUSTSTORM OR SANDSTORM:
                                                       VSBY 1/2 MILE OR LESS
                                                   8 = SMOKE OR HAZE
[NO. OF DAYS WITH]      [WEATHER - DAYS WITH]      9 = BLOWING SNOW
                                                   X = TORNADO
MAX 32 OR BELOW:   0    0.01 INCH OR MORE:   1
MAX 90 OR ABOVE:   0    0.10 INCH OR MORE:   0
MIN 32 OR BELOW:   0    0.50 INCH OR MORE:   0
MIN  0 OR BELOW:   0    1.00 INCH OR MORE:   0

[HDD (BASE 65) ]
TOTAL THIS MO.   168    CLEAR  (SCALE 0-3)  18
DPTR FM NORMAL    16    PTCLDY (SCALE 4-7)  13
TOTAL FM JUL 1   272    CLOUDY (SCALE 8-10)  0
DPTR FM NORMAL   -80

[CDD (BASE 65) ]
TOTAL THIS MO.    13
DPTR FM NORMAL     1    [PRESSURE DATA]
TOTAL FM JAN 1   212    HIGHEST SLP 30.11 ON 14
DPTR FM NORMAL    75    LOWEST  SLP 29.64 ON  9

[REMARKS]
#FINAL-10-13#
