000
CXUS56 KMTR 011000
CF6OAK
PRELIMINARY LOCAL CLIMATOLOGICAL DATA (WS FORM: F-6)

                                          STATION:   OAKLAND AIRPORT
                                          MONTH:     MARCH
                                          YEAR:      2014
                                          LATITUDE:   37 43 N
                                          LONGITUDE: 122 13 W

  TEMPERATURE IN F:       :PCPN:    SNOW:  WIND      :SUNSHINE: SKY     :PK WND
================================================================================
1   2   3   4   5  6A  6B    7    8   9   10  11  12  13   14  15   16   17  18
                                     12Z  AVG MX 2MIN
DY MAX MIN AVG DEP HDD CDD  WTR  SNW DPTH SPD SPD DIR MIN PSBL S-S WX    SPD DR
================================================================================

 1  69  54  62   9   3   0 0.03  0.0    0  9.9 17 150   M    M   9        25 100
 2  61  53  57   4   8   0 0.02  0.0    0  9.1 20 150   M    M   8 1      26 300
 3  61  50  56   3   9   0 0.10  0.0    0  6.3 18 120   M    M   9        28 340
 4  66  55  61   8   4   0    T  0.0    0  5.0 17  10   M    M   9         M 330
 5  66  54  60   6   5   0 0.26  0.0    0  5.7 20 170   M    M  10 18     23 160
 6  65  51  58   4   7   0 0.01  0.0    0  7.6 15 280   M    M   7 18     20 250
 7  66  48  57   3   8   0 0.00  0.0    0  5.9 14 280   M    M   3 1      24 300
 8  72  46  59   5   6   0 0.00  0.0    0  3.9 17 350   M    M   6 1       M  M
 9  71  55  63   9   2   0    T  0.0    0  5.7 13 280   M    M   8        18  70
10  68  56  62   8   3   0    T  0.0    0  8.1 20 290   M    M   6        22 300
11  74  47  61   7   4   0 0.00  0.0    0 10.5 30  30   M    M   1        37  20
12  78  53  66  12   0   1 0.00  0.0    0 16.1 32  40   M    M   0        40  40
13  73  47  60   6   5   0 0.00  0.0    0  7.3 21 290   M    M   1        23 290
14  67  53  60   6   5   0 0.00  0.0    0  6.5 13 280   M    M   5        21 160
15  77  47  62   8   3   0 0.00  0.0    0  5.6 14 300   M    M   1 1      16 300
16  72  48  60   6   5   0 0.00  0.0    0  7.7 21 280   M    M   4 1      23 300
17  69  49  59   5   6   0    T  0.0    0 11.0 22 270   M    M   3        29 270
18  70  43  57   3   8   0 0.00  0.0    0  5.0 17 280   M    M   1        22 240
19  73  45  59   5   6   0 0.00  0.0    0  5.5 14  20   M    M   3        26 340
20  70  50  60   5   5   0 0.00  0.0    0  7.5 18 280   M    M   6         M  90
21  63  48  56   1   9   0 0.00  0.0    0  8.0 20 290   M    M   3        37 280
22  65  51  58   3   7   0 0.00  0.0    0  8.1 16 280   M    M   3        23 100
23  65  48  57   2   8   0 0.00  0.0    0  6.7 15 290   M    M   3        20 320
24  72  46  59   4   6   0 0.00  0.0    0  6.2 18 290   M    M   2 8      29 270
25  63  45  54  -1  11   0 0.15  0.0    0  8.1 18 280   M    M   7 1      29 310
26  62  53  58   3   7   0 0.63  0.0    0 12.0 23 270   M    M   9 1      35 260
27  65  56  61   6   4   0    T  0.0    0  9.2 17 220   M    M   8        25 100
28  69  56  63   8   2   0 0.01  0.0    0  9.1 17 220   M    M   8        30 310
29  60  53  57   1   8   0 0.87  0.0    0 12.0 24 150   M    M   9 1      29 160
30  61  50  56   0   9   0 0.00  0.0    0  9.9 17 250   M    M   5        21 260
31  57  48  53  -3  12   0 0.57    M    0 12.7 31 150   M    M   7 13     36 180
================================================================================
SM 2090 1558       185   1  2.65     0.0 251.9          M      164
================================================================================
AV 67.4 50.3                               8.1 FASTST   M    M   5    MAX(MPH)
                                 MISC ---->  # 32  40               # 40   40
================================================================================
NOTES:
# LAST OF SEVERAL OCCURRENCES

COLUMN 17 PEAK WIND IN M.P.H.

PRELIMINARY LOCAL CLIMATOLOGICAL DATA (WS FORM: F-6) , PAGE 2

                                          STATION:  OAKLAND AIRPORT
                                          MONTH:    MARCH
                                          YEAR:     2014
                                          LATITUDE:   37 43 N
                                          LONGITUDE: 122 13 W

[TEMPERATURE DATA]      [PRECIPITATION DATA]       SYMBOLS USED IN COLUMN 16

AVERAGE MONTHLY: 58.8   TOTAL FOR MONTH:   2.65    1 = FOG OR MIST
DPTR FM NORMAL:   4.4   DPTR FM NORMAL:   -0.43    2 = FOG REDUCING VISIBILITY
HIGHEST:    78 ON 12    GRTST 24HR  0.87 ON 29-29      TO 1/4 MILE OR LESS
LOWEST:     43 ON 18                               3 = THUNDER
                        SNOW, ICE PELLETS, HAIL    4 = ICE PELLETS
                        TOTAL MONTH:   0.0 INCH    5 = HAIL
                        GRTST 24HR     0.0         6 = FREEZING RAIN OR DRIZZLE
                        GRTST DEPTH:   0           7 = DUSTSTORM OR SANDSTORM:
                                                       VSBY 1/2 MILE OR LESS
                                                   8 = SMOKE OR HAZE
[NO. OF DAYS WITH]      [WEATHER - DAYS WITH]      9 = BLOWING SNOW
                                                   X = TORNADO
MAX 32 OR BELOW:   0    0.01 INCH OR MORE:  10
MAX 90 OR ABOVE:   0    0.10 INCH OR MORE:   6
MIN 32 OR BELOW:   0    0.50 INCH OR MORE:   3
MIN  0 OR BELOW:   0    1.00 INCH OR MORE:   0

[HDD (BASE 65) ]
TOTAL THIS MO.   185    CLEAR  (SCALE 0-3)   7
DPTR FM NORMAL  -146    PTCLDY (SCALE 4-7)  18
TOTAL FM JUL 1  2006    CLOUDY (SCALE 8-10)  6
DPTR FM NORMAL  -347

[CDD (BASE 65) ]
TOTAL THIS MO.     1
DPTR FM NORMAL     0    [PRESSURE DATA]
TOTAL FM JAN 1     1    HIGHEST SLP M ON M
DPTR FM NORMAL     0    LOWEST  SLP 29.46 ON  1

[REMARKS]
#FINAL-03-14#
