000
CXUS56 KMTR 011000
CF6OAK
PRELIMINARY LOCAL CLIMATOLOGICAL DATA (WS FORM: F-6)

                                          STATION:   OAKLAND AIRPORT
                                          MONTH:     JANUARY
                                          YEAR:      2014
                                          LATITUDE:   37 43 N
                                          LONGITUDE: 122 13 W

  TEMPERATURE IN F:       :PCPN:    SNOW:  WIND      :SUNSHINE: SKY     :PK WND
================================================================================
1   2   3   4   5  6A  6B    7    8   9   10  11  12  13   14  15   16   17  18
                                     12Z  AVG MX 2MIN
DY MAX MIN AVG DEP HDD CDD  WTR  SNW DPTH SPD SPD DIR MIN PSBL S-S WX    SPD DR
================================================================================

 1  60  34  47  -1  18   0 0.00  0.0    0  2.1  5  60   M    M   3 18      5  60
 2  61  36  49   1  16   0 0.00  0.0    0  2.0  8 160   M    M   4 1       9 140
 3  64  39  52   4  13   0 0.00  0.0    0  2.7  8 300   M    M   3        10 320
 4  62  37  50   2  15   0 0.00  0.0    0  2.7  7 290   M    M   3 12      9 240
 5  68  37  53   5  12   0 0.00  0.0    0  4.7 16  30   M    M   1        22  40
 6  58  38  48   0  17   0 0.00  0.0    0  2.6  9 170   M    M   8 8      12 160
 7  60  42  51   2  14   0    T  0.0    0  2.2 10 280   M    M   8 18     13 270
 8  55  45  50   1  15   0    T  0.0    0  4.5 13 270   M    M   7 1       M 280
 9  59  44  52   3  13   0 0.01  0.0    0  4.8 16 280   M    M   5 1      20 290
10  58  41  50   1  15   0 0.00  0.0    0  2.7  8 280   M    M   4 18     10 270
11  56  42  49   0  16   0    T  0.0    0  3.0 14 280   M    M   7 1      20 150
12  60  38  49   0  16   0 0.00  0.0    0  5.3 17 300   M    M   4 1      36  60
13  70  39  55   6  10   0 0.00  0.0    0  7.8 23  40   M    M   1        31  30
14  74  41  58   9   7   0 0.00  0.0    0  4.6 20  40   M    M   0        28 270
15  77  43  60  11   5   0 0.00  0.0    0  5.6 21  30   M    M   0        25  40
16  69  42  56   7   9   0 0.00  0.0    0  3.4 14 190   M    M   0        18 160
17  62  35  49   0  16   0 0.00  0.0    0  2.3  7 270   M    M   0 18      9 260
18  67  36  52   3  13   0 0.00  0.0    0  2.5  9 280   M    M   0        10 290
19  64  35  50   0  15   0 0.00  0.0    0  1.6 10 310   M    M   2        13 310
20  66  36  51   1  14   0 0.00  0.0    0  1.6  6 260   M    M   2 18     15 320
21  65  34  50   0  15   0 0.00  0.0    0  2.8  9 270   M    M   3        10 300
22  67  34  51   1  14   0 0.00  0.0    0  3.1 12 300   M    M   0 1      14 300
23  71  38  55   5  10   0 0.00  0.0    0  6.5 20  30   M    M   0 18     25 180
24  63  41  52   2  13   0 0.00  0.0    0  2.2  7 200   M    M   3 18      8 200
25  70  41  56   6   9   0 0.00  0.0    0  2.6  8 280   M    M   3 8       9 320
26  69  43  56   6   9   0 0.00  0.0    0  5.6 14 290   M    M   5 1      26 330
27  57  49  53   3  12   0 0.00  0.0    0  3.8 14 280   M    M   9 18     23 150
28  63  49  56   6   9   0 0.00  0.0    0  3.4 13 270   M    M   9 18     24  80
29  61  55  58   8   7   0    T  0.0    0  3.6 16 300   M    M  10 18     29 310
30  59  51  55   5  10   0 0.03  0.0    0  9.4 23 270   M    M   7        30 270
31  61  41  51   0  14   0 0.00  0.0    0  6.9 18 280   M    M   3 1      22 280
================================================================================
SM 1976 1256       391   0  0.04     0.0 118.6          M      114
================================================================================
AV 63.7 40.5                               3.8 FASTST   M    M   4    MAX(MPH)
                                 MISC ---->  # 23  40               # 36   60
================================================================================
NOTES:
# LAST OF SEVERAL OCCURRENCES

COLUMN 17 PEAK WIND IN M.P.H.

PRELIMINARY LOCAL CLIMATOLOGICAL DATA (WS FORM: F-6) , PAGE 2

                                          STATION:  OAKLAND AIRPORT
                                          MONTH:    JANUARY
                                          YEAR:     2014
                                          LATITUDE:   37 43 N
                                          LONGITUDE: 122 13 W

[TEMPERATURE DATA]      [PRECIPITATION DATA]       SYMBOLS USED IN COLUMN 16

AVERAGE MONTHLY: 52.1   TOTAL FOR MONTH:   0.04    1 = FOG OR MIST
DPTR FM NORMAL:   2.8   DPTR FM NORMAL:   -3.95    2 = FOG REDUCING VISIBILITY
HIGHEST:    77 ON 15    GRTST 24HR  0.03 ON 30-30      TO 1/4 MILE OR LESS
LOWEST:     34 ON 22,21                            3 = THUNDER
                        SNOW, ICE PELLETS, HAIL    4 = ICE PELLETS
                        TOTAL MONTH:   0.0 INCH    5 = HAIL
                        GRTST 24HR     0.0         6 = FREEZING RAIN OR DRIZZLE
                        GRTST DEPTH:   0           7 = DUSTSTORM OR SANDSTORM:
                                                       VSBY 1/2 MILE OR LESS
                                                   8 = SMOKE OR HAZE
[NO. OF DAYS WITH]      [WEATHER - DAYS WITH]      9 = BLOWING SNOW
                                                   X = TORNADO
MAX 32 OR BELOW:   0    0.01 INCH OR MORE:   2
MAX 90 OR ABOVE:   0    0.10 INCH OR MORE:   0
MIN 32 OR BELOW:   0    0.50 INCH OR MORE:   0
MIN  0 OR BELOW:   0    1.00 INCH OR MORE:   0

[HDD (BASE 65) ]
TOTAL THIS MO.   391    CLEAR  (SCALE 0-3)  14
DPTR FM NORMAL   -96    PTCLDY (SCALE 4-7)  14
TOTAL FM JUL 1  1514    CLOUDY (SCALE 8-10)  3
DPTR FM NORMAL  -145

[CDD (BASE 65) ]
TOTAL THIS MO.     0
DPTR FM NORMAL     0    [PRESSURE DATA]
TOTAL FM JAN 1     0    HIGHEST SLP M ON M
DPTR FM NORMAL     0    LOWEST  SLP 29.87 ON M

[REMARKS]
#FINAL-01-14#
