000
CXUS56 KMTR 011837
CF6OAK
PRELIMINARY LOCAL CLIMATOLOGICAL DATA (WS FORM: F-6)

                                          STATION:   OAKLAND AIRPORT
                                          MONTH:     FEBRUARY
                                          YEAR:      2011
                                          LATITUDE:   37 43 N
                                          LONGITUDE: 122 13 W

  TEMPERATURE IN F:       :PCPN:    SNOW:  WIND      :SUNSHINE: SKY     :PK WND
================================================================================
1   2   3   4   5  6A  6B    7    8   9   10  11  12  13   14  15   16   17  18
                                     12Z  AVG MX 2MIN
DY MAX MIN AVG DEP HDD CDD  WTR  SNW DPTH SPD SPD DIR MIN PSBL S-S WX    SPD DR
================================================================================

 1  67  46  57   6   8   0 0.00  0.0    0  7.4 26  10   M    M   5 18     32  20
 2  64  43  54   3  11   0 0.00  0.0    0  6.6 20  70   M    M   2        26  50
 3  60  38  49  -2  16   0 0.00  0.0    0  3.2  9 130   M    M   4        16 350
 4  65  38  52   0  13   0 0.00  0.0    0  3.4 12 310   M    M   3 8      13 310
 5  74  41  58   6   7   0 0.00  0.0    0  5.0 14 320   M    M   4 1      32 330
 6  81  52  67  15   0   2 0.00  0.0    0  6.7 17  40   M    M   3        25 340
 7  68  45  57   5   8   0 0.00  0.0    0  5.0 15 250   M    M   1 18     17 250
 8  63  47  55   3  10   0 0.00  0.0    0 12.6 28 350   M    M   0        36 340
 9  63  40  52   0  13   0 0.00  0.0    0  7.7 22  60   M    M   0        25  60
10  61  37  49  -3  16   0 0.00  0.0    0  3.4 10 270   M    M   1        13 300
11  61  37  49  -3  16   0 0.00  0.0    0  2.8  9 240   M    M   3        14 200
12  66  40  53   1  12   0 0.00  0.0    0  4.9 13 290   M    M   1        14 290
13  59  40  50  -3  15   0 0.00  0.0    0  5.7 22 220   M    M   6 18      M  M
14  58  49  54   1  11   0 0.14  0.0    0 16.5 32 140   M    M  10 18     39 150
15  61  52  57   4   8   0 0.18  0.0    0 19.9 30 160   M    M   9 1      37 170
16  54  46  50  -3  15   0 0.42  0.0    0 16.6 29 270   M    M   8 13     35 270
17  50  44  47  -6  18   0 0.69  0.0    0 17.8 32 140   M    M   8 1      39 170
18  47  39  43 -10  22   0 0.62  0.0    0  7.5 20  40   M    M   9 1      23  40
19  45  39  42 -11  23   0 0.76  0.0    0  6.9 20 150   M    M   9 1      24 350
20  54  35  45  -9  20   0 0.00  0.0    0  7.2 17 280   M    M   5 1      20 280
21  54  37  46  -8  19   0 0.00  0.0    0  7.0 20  50   M    M   5        31 330
22  56  39  48  -6  17   0 0.00  0.0    0  7.3 18  50   M    M   2        23 260
23  54  40  47  -7  18   0 0.00  0.0    0  7.3 16 280   M    M   4        18 280
24  52  43  48  -6  17   0 0.45  0.0    0 11.0 20 160   M    M   8 1      23 160
25  52  41  47  -7  18   0 0.48  0.0    0 18.3 33 200   M    M   7 1      40 200
26  51  32  42 -12  23   0 0.00  0.0    0  6.1 18 280   M    M   4         M  M
27  54  32  43 -11  22   0 0.00  0.0    0  6.5 15 270   M    M   1        23 270
28  56  37  47  -7  18   0 0.00  0.0    0  5.7 15 120   M    M   3        17 150
================================================================================
SM 1650 1149       414   2  3.74     0.0 236.0          M      125
================================================================================
AV 58.9 41.0                               8.4 FASTST   M    M   4    MAX(MPH)
                                 MISC ---->  # 33 200               # 40  200
================================================================================
NOTES:
# LAST OF SEVERAL OCCURRENCES

COLUMN 17 PEAK WIND IN M.P.H.

PRELIMINARY LOCAL CLIMATOLOGICAL DATA (WS FORM: F-6) , PAGE 2

                                          STATION:  OAKLAND AIRPORT
                                          MONTH:    FEBRUARY
                                          YEAR:     2011
                                          LATITUDE:   37 43 N
                                          LONGITUDE: 122 13 W

[TEMPERATURE DATA]      [PRECIPITATION DATA]       SYMBOLS USED IN COLUMN 16

AVERAGE MONTHLY: 50.0   TOTAL FOR MONTH:   3.74    1 = FOG OR MIST
DPTR FM NORMAL:     M   DPTR FM NORMAL:    0.96    2 = FOG REDUCING VISIBILITY
HIGHEST:    81 ON  6    GRTST 24HR  1.22 ON 18-19      TO 1/4 MILE OR LESS
LOWEST:     32 ON 27,26                            3 = THUNDER
                        SNOW, ICE PELLETS, HAIL    4 = ICE PELLETS
                        TOTAL MONTH:   0.0 INCH    5 = HAIL
                        GRTST 24HR     0.0         6 = FREEZING RAIN OR DRIZZLE
                        GRTST DEPTH:   0           7 = DUSTSTORM OR SANDSTORM:
                                                       VSBY 1/2 MILE OR LESS
                                                   8 = SMOKE OR HAZE
[NO. OF DAYS WITH]      [WEATHER - DAYS WITH]      9 = BLOWING SNOW
                                                   X = TORNADO
MAX 32 OR BELOW:   0    0.01 INCH OR MORE:   8
MAX 90 OR ABOVE:   0    0.10 INCH OR MORE:   8
MIN 32 OR BELOW:   2    0.50 INCH OR MORE:   3
MIN  0 OR BELOW:   0    1.00 INCH OR MORE:   0

[HDD (BASE 65) ]
TOTAL THIS MO.   414    CLEAR  (SCALE 0-3)  11
DPTR FM NORMAL    46    PTCLDY (SCALE 4-7)  12
TOTAL FM JUL 1  1787    CLOUDY (SCALE 8-10)  5
DPTR FM NORMAL  -199

[CDD (BASE 65) ]
TOTAL THIS MO.     2
DPTR FM NORMAL     2    [PRESSURE DATA]
TOTAL FM JAN 1     2    HIGHEST SLP 30.51 ON  3
DPTR FM NORMAL     2    LOWEST  SLP 29.64 ON 18

[REMARKS]
#FINAL-02-11#
