000
CXUS56 KMTR 011000
CF6OAK
PRELIMINARY LOCAL CLIMATOLOGICAL DATA (WS FORM: F-6)

                                          STATION:   OAKLAND AIRPORT
                                          MONTH:     MAY
                                          YEAR:      2013
                                          LATITUDE:   37 43 N
                                          LONGITUDE: 122 13 W

  TEMPERATURE IN F:       :PCPN:    SNOW:  WIND      :SUNSHINE: SKY     :PK WND
================================================================================
1   2   3   4   5  6A  6B    7    8   9   10  11  12  13   14  15   16   17  18
                                     12Z  AVG MX 2MIN
DY MAX MIN AVG DEP HDD CDD  WTR  SNW DPTH SPD SPD DIR MIN PSBL S-S WX    SPD DR
================================================================================

 1  88  55  72  13   0   7 0.00  0.0    0  7.2 21  30   M    M   0        29  20
 2  92  53  73  14   0   8 0.00  0.0    0  4.9 13 290   M    M   0        16 280
 3  88  56  72  13   0   7 0.00  0.0    0  5.2 15 280   M    M   0        18 290
 4  81  55  68   9   0   3 0.00  0.0    0  8.5 20 210   M    M   1 18     25 330
 5  70  60  65   6   0   0    T  0.0    0  9.7 20 150   M    M   8        28 150
 6  71  56  64   5   1   0 0.00  0.0    0  6.9 17 240   M    M   8        20 240
 7  73  57  65   6   0   0 0.00  0.0    0  8.1 18 270   M    M   8        23 250
 8  64  56  60   1   5   0 0.00  0.0    0 10.8 21 280   M    M   9        25 260
 9  65  55  60   1   5   0 0.00  0.0    0 13.2 23 270   M    M   8        26 270
10  65  54  60   1   5   0    T  0.0    0 10.1 21 280   M    M   9 1      24 280
11  76  55  66   7   0   1 0.00  0.0    0  7.8 20 290   M    M   7 1      22 290
12  70  52  61   2   4   0 0.00  0.0    0  7.8 18 280   M    M   5        21 270
13  68  55  62   3   3   0 0.00  0.0    0  9.0 21 270   M    M   5        24 290
14  67  54  61   2   4   0 0.00  0.0    0 11.4 23 270   M    M   3 1      30 260
15  65  54  60   1   5   0 0.00  0.0    0 14.4 25 270   M    M   7 1      32 240
16  66  56  61   2   4   0    T  0.0    0 12.4 20 270   M    M   8        25 250
17  67  54  61   2   4   0 0.00  0.0    0 14.5 23 260   M    M   4        29 260
18  70  54  62   3   3   0 0.00  0.0    0  8.5 20 270   M    M   3        30 300
19  76  51  64   4   1   0 0.00  0.0    0  6.2 20 280   M    M   0        23 280
20  83  51  67   7   0   2 0.00  0.0    0  7.8 21 290   M    M   2        25 290
21  69  52  61   1   4   0 0.00  0.0    0 14.2 28 290   M    M   3        33 270
22  66  50  58  -2   7   0 0.00  0.0    0 12.4 23 280   M    M   1        25 280
23  66  48  57  -3   8   0 0.00  0.0    0  9.2 20 260   M    M   1        35 320
24  66  50  58  -2   7   0 0.00  0.0    0 10.5 25 260   M    M   2        29 270
25  63  52  58  -2   7   0 0.00  0.0    0 13.7 24 270   M    M   6        29 270
26  67  55  61   1   4   0 0.00  0.0    0 15.5 25 270   M    M   6        29 270
27  64  53  59  -1   6   0 0.02  0.0    0 10.7 22 270   M    M   7 1      25 270
28  66  55  61   1   4   0    T  0.0    0 10.8 22 270   M    M   8 1      25 270
29  68  54  61   1   4   0 0.00  0.0    0 11.9 22 260   M    M   5        24 270
30  69  51  60   0   5   0 0.00  0.0    0  7.1 17 250   M    M   1        20 240
31  76  48  62   2   3   0 0.00  0.0    0  6.6 17 280   M    M   1        20 290
================================================================================
SM 2205 1661       103  28  0.02     0.0 307.0          M      136
================================================================================
AV 71.1 53.6                               9.9 FASTST   M    M   4    MAX(MPH)
                                 MISC ---->  # 28 290               # 35  320
================================================================================
NOTES:
# LAST OF SEVERAL OCCURRENCES

COLUMN 17 PEAK WIND IN M.P.H.

PRELIMINARY LOCAL CLIMATOLOGICAL DATA (WS FORM: F-6) , PAGE 2

                                          STATION:  OAKLAND AIRPORT
                                          MONTH:    MAY
                                          YEAR:     2013
                                          LATITUDE:   37 43 N
                                          LONGITUDE: 122 13 W

[TEMPERATURE DATA]      [PRECIPITATION DATA]       SYMBOLS USED IN COLUMN 16

AVERAGE MONTHLY: 62.4   TOTAL FOR MONTH:   0.02    1 = FOG OR MIST
DPTR FM NORMAL:   3.0   DPTR FM NORMAL:   -0.66    2 = FOG REDUCING VISIBILITY
HIGHEST:    92 ON  2    GRTST 24HR  0.02 ON 27-27      TO 1/4 MILE OR LESS
LOWEST:     48 ON 31,23                            3 = THUNDER
                        SNOW, ICE PELLETS, HAIL    4 = ICE PELLETS
                        TOTAL MONTH:   0.0 INCH    5 = HAIL
                        GRTST 24HR     0.0         6 = FREEZING RAIN OR DRIZZLE
                        GRTST DEPTH:   0           7 = DUSTSTORM OR SANDSTORM:
                                                       VSBY 1/2 MILE OR LESS
                                                   8 = SMOKE OR HAZE
[NO. OF DAYS WITH]      [WEATHER - DAYS WITH]      9 = BLOWING SNOW
                                                   X = TORNADO
MAX 32 OR BELOW:   0    0.01 INCH OR MORE:   1
MAX 90 OR ABOVE:   1    0.10 INCH OR MORE:   0
MIN 32 OR BELOW:   0    0.50 INCH OR MORE:   0
MIN  0 OR BELOW:   0    1.00 INCH OR MORE:   0

[HDD (BASE 65) ]
TOTAL THIS MO.   103    CLEAR  (SCALE 0-3)  12
DPTR FM NORMAL   -81    PTCLDY (SCALE 4-7)  17
TOTAL FM JUL 1  2371    CLOUDY (SCALE 8-10)  2
DPTR FM NORMAL  -399

[CDD (BASE 65) ]
TOTAL THIS MO.    28
DPTR FM NORMAL    18    [PRESSURE DATA]
TOTAL FM JAN 1    41    HIGHEST SLP 30.14 ON 27
DPTR FM NORMAL    25    LOWEST  SLP 29.57 ON  4

[REMARKS]
#FINAL-05-13#
