000
CXUS56 KMTR 011419
CF6OAK
PRELIMINARY LOCAL CLIMATOLOGICAL DATA (WS FORM: F-6)

                                          STATION:   OAKLAND AIRPORT
                                          MONTH:     OCTOBER
                                          YEAR:      2010
                                          LATITUDE:   37 43 N
                                          LONGITUDE: 122 13 W

  TEMPERATURE IN F:       :PCPN:    SNOW:  WIND      :SUNSHINE: SKY     :PK WND
================================================================================
1   2   3   4   5  6A  6B    7    8   9   10  11  12  13   14  15   16   17  18
                                     12Z  AVG MX 2MIN
DY MAX MIN AVG DEP HDD CDD  WTR  SNW DPTH SPD SPD DIR MIN PSBL S-S WX    SPD DR
================================================================================

 1  70  61  66   1   0   1 0.00  0.0    0  9.5 18 280   M    M   8        21 270
 2  71  59  65   0   0   0 0.00  0.0    0  8.3 20 300   M    M   8 1       M  M
 3  70  61  66   2   0   1 0.00  0.0    0 11.8 21 260   M    M   8        24 260
 4  70  59  65   1   0   0 0.00  0.0    0 10.5 25 270   M    M   6        29 280
 5  75  55  65   1   0   0 0.00  0.0    0  6.1 15 310   M    M   3        17 300
 6  76  56  66   2   0   1 0.00  0.0    0  6.0 17 280   M    M   4        21 250
 7  72  54  63  -1   2   0 0.00  0.0    0  5.2 16 300   M    M   3        20 290
 8  76  53  65   1   0   0 0.00  0.0    0  5.5 16 290   M    M   3        18 290
 9  78  54  66   2   0   1 0.00  0.0    0  4.6 15 270   M    M   3        17 270
10  77  57  67   4   0   2 0.00  0.0    0  4.0 13 290   M    M   1        15 280
11  87  56  72   9   0   7 0.00  0.0    0  3.4 32 240   M    M   0 18      M  M
12  91  58  75  12   0  10 0.00  0.0    0  4.6 13 310   M    M   0        16 300
13  92  57  75  12   0  10 0.00  0.0    0  4.9 14 310   M    M   0 8      16 300
14  90  59  75  12   0  10 0.00  0.0    0  4.4 18 290   M    M   3        22 320
15  76  59  68   6   0   3 0.00  0.0    0  7.2 20 300   M    M   2        24 300
16  66  54  60  -2   5   0    T  0.0    0  7.6 18 280   M    M   7        21 280
17  61  58  60  -2   5   0 0.04  0.0    0  8.0 16 260   M    M   7        30 300
18  67  54  61  -1   4   0 0.00  0.0    0  4.8 14 280   M    M   5 18     44 330
19  72  53  63   1   2   0 0.00  0.0    0  4.8 15 300   M    M   4 18     17 300
20  68  55  62   1   3   0 0.00  0.0    0  7.3 16 290   M    M   6 18     23  30
21  70  60  65   4   0   0    T  0.0    0  7.6 15 140   M    M   9        17 240
22  64  57  61   0   4   0 0.01  0.0    0  5.1 16 260   M    M   8 18     26 330
23  69  54  62   1   3   0 0.13  0.0    0 13.6 24 150   M    M   9 1      30 140
24  67  58  63   2   2   0 0.29  0.0    0 15.1 24 250   M    M   9 18     31 150
25  68  50  59  -1   6   0 0.00  0.0    0  7.5 20 290   M    M   4 1      22 290
26  70  51  61   1   4   0 0.00  0.0    0  5.9 15 250   M    M   1        20 330
27  68  46  57  -3   8   0 0.00  0.0    0  3.6 13 130   M    M   5        23 110
28  75  52  64   5   1   0 0.00  0.0    0  5.4 17 180   M    M   8        21 170
29  68  59  64   5   1   0 0.15  0.0    0  4.6 12  40   M    M   9        15  50
30  66  55  61   2   4   0 0.06  0.0    0  7.0 15 150   M    M   9 18     17 210
31  71  51  61   2   4   0 0.00  0.0    0  4.4 14 310   M    M   4        15 300
================================================================================
SM 2261 1725        58  46  0.68     0.0 208.3          M      156
================================================================================
AV 72.9 55.6                               6.7 FASTST   M    M   5    MAX(MPH)
                                 MISC ---->  # 32 240               # 44  330
================================================================================
NOTES:
# LAST OF SEVERAL OCCURRENCES

COLUMN 17 PEAK WIND IN M.P.H.

PRELIMINARY LOCAL CLIMATOLOGICAL DATA (WS FORM: F-6) , PAGE 2

                                          STATION:  OAKLAND AIRPORT
                                          MONTH:    OCTOBER
                                          YEAR:     2010
                                          LATITUDE:   37 43 N
                                          LONGITUDE: 122 13 W

[TEMPERATURE DATA]      [PRECIPITATION DATA]       SYMBOLS USED IN COLUMN 16

AVERAGE MONTHLY: 64.3   TOTAL FOR MONTH:   0.68    1 = FOG OR MIST
DPTR FM NORMAL:     M   DPTR FM NORMAL:   -0.76    2 = FOG REDUCING VISIBILITY
HIGHEST:    92 ON 13    GRTST 24HR  0.34 ON 23-24      TO 1/4 MILE OR LESS
LOWEST:     46 ON 27                               3 = THUNDER
                        SNOW, ICE PELLETS, HAIL    4 = ICE PELLETS
                        TOTAL MONTH:   0.0 INCH    5 = HAIL
                        GRTST 24HR     0.0         6 = FREEZING RAIN OR DRIZZLE
                        GRTST DEPTH:   0           7 = DUSTSTORM OR SANDSTORM:
                                                       VSBY 1/2 MILE OR LESS
                                                   8 = SMOKE OR HAZE
[NO. OF DAYS WITH]      [WEATHER - DAYS WITH]      9 = BLOWING SNOW
                                                   X = TORNADO
MAX 32 OR BELOW:   0    0.01 INCH OR MORE:   6
MAX 90 OR ABOVE:   3    0.10 INCH OR MORE:   3
MIN 32 OR BELOW:   0    0.50 INCH OR MORE:   0
MIN  0 OR BELOW:   0    1.00 INCH OR MORE:   0

[HDD (BASE 65) ]
TOTAL THIS MO.    58    CLEAR  (SCALE 0-3)   7
DPTR FM NORMAL   -79    PTCLDY (SCALE 4-7)  17
TOTAL FM JUL 1   187    CLOUDY (SCALE 8-10)  7
DPTR FM NORMAL  -135

[CDD (BASE 65) ]
TOTAL THIS MO.    46
DPTR FM NORMAL    32    [PRESSURE DATA]
TOTAL FM JAN 1   251    HIGHEST SLP 30.28 ON 31
DPTR FM NORMAL   103    LOWEST  SLP 29.85 ON 29

[REMARKS]
#FINAL-10-10#
