000
CXUS56 KMTR 011000
CF6OAK
PRELIMINARY LOCAL CLIMATOLOGICAL DATA (WS FORM: F-6)

                                          STATION:   OAKLAND AIRPORT
                                          MONTH:     NOVEMBER
                                          YEAR:      2010
                                          LATITUDE:   37 43 N
                                          LONGITUDE: 122 13 W

  TEMPERATURE IN F:       :PCPN:    SNOW:  WIND      :SUNSHINE: SKY     :PK WND
================================================================================
1   2   3   4   5  6A  6B    7    8   9   10  11  12  13   14  15   16   17  18
                                     12Z  AVG MX 2MIN
DY MAX MIN AVG DEP HDD CDD  WTR  SNW DPTH SPD SPD DIR MIN PSBL S-S WX    SPD DR
================================================================================

 1  74  52  63   5   2   0 0.01  0.0    0  5.1 15 310   M    M   0        16 300
 2  79  52  66   8   0   1 0.00  0.0    0  3.5 12 300   M    M   0 18     21 150
 3  77  53  65   7   0   0 0.01  0.0    0  2.6  9  80   M    M   3 18     13 270
 4  81  57  69  11   0   4 0.00  0.0    0  3.0 12 310   M    M   6 18     14 310
 5  69  59  64   6   1   0 0.00  0.0    0  7.7 14 320   M    M   7 18     17 320
 6  70  56  63   6   2   0 0.00  0.0    0  7.3 17 290   M    M   6        21 290
 7  64  58  61   4   4   0 0.70  0.0    0 14.2 26 150   M    M   9 18     31 150
 8  65  49  57   0   8   0 0.00  0.0    0  7.5 16 280   M    M   2        25 360
 9  63  45  54  -2  11   0 0.03  0.0    0  7.0 18 200   M    M   5 1      22 200
10  63  46  55  -1  10   0 0.17  0.0    0  6.9 17 280   M    M   3 1      21 280
11  69  42  56   0   9   0 0.00  0.0    0  5.1 17  40   M    M   2        22  50
12  66  40  53  -3  12   0 0.00  0.0    0  3.5 12 310   M    M   2        15 310
13  69  42  56   0   9   0 0.00  0.0    0  3.7 12 270   M    M   3        16 240
14  73  47  60   5   5   0 0.00  0.0    0  3.5 14 340   M    M   3        18 350
15  75  55  65  10   0   0 0.00  0.0    0  5.2 14 340   M    M   0        18 340
16  70  47  59   4   6   0 0.00  0.0    0  4.6 16 280   M    M   1         M 320
17  68  43  56   1   9   0 0.00  0.0    0  3.5 10 300   M    M   2 1      12 320
18  59  43  51  -4  14   0 0.00  0.0    0  7.0 16 280   M    M   7 12     18 270
19  56  46  51  -4  14   0 0.65  0.0    0  6.7 16 240   M    M  10 18     59 320
20  55  46  51  -3  14   0 0.75  0.0    0 13.6 30 280   M    M   9 13     37 170
21  56  46  51  -3  14   0 0.09  0.0    0 15.9 30 280   M    M   6 3      36 270
22  57  48  53  -1  12   0 0.13  0.0    0  8.8 18 200   M    M   8 18     28 160
23  55  42  49  -5  16   0 0.13  0.0    0 15.0 29 290   M    M   8 18     35 290
24  52  34  43 -10  22   0 0.00  0.0    0  4.3 18 360   M    M   0        45  80
25  55  32  44  -9  21   0 0.00  0.0    0  4.9 15  30   M    M   0        20  50
26  54  35  45  -8  20   0 0.00  0.0    0  4.2 10  90   M    M   5        14 260
27  54  46  50  -3  15   0 0.24  0.0    0 12.2 23 280   M    M   7 1      30 140
28  54  35  45  -7  20   0 0.00  0.0    0  4.2 13 320   M    M   3        16 320
29  55  32  44  -8  21   0 0.00  0.0    0  4.2 13  50   M    M   2        17 270
30  54  36  45  -7  20   0 0.00  0.0    0  2.5  9  80   M    M   5 8      20 150
================================================================================
SM 1911 1364       311   5  2.91     0.0 197.4          M      124
================================================================================
AV 63.7 45.5                               6.6 FASTST   M    M   4    MAX(MPH)
                                 MISC ---->  # 30 280               # 59  320
================================================================================
NOTES:
# LAST OF SEVERAL OCCURRENCES

COLUMN 17 PEAK WIND IN M.P.H.

PRELIMINARY LOCAL CLIMATOLOGICAL DATA (WS FORM: F-6) , PAGE 2

                                          STATION:  OAKLAND AIRPORT
                                          MONTH:    NOVEMBER
                                          YEAR:     2010
                                          LATITUDE:   37 43 N
                                          LONGITUDE: 122 13 W

[TEMPERATURE DATA]      [PRECIPITATION DATA]       SYMBOLS USED IN COLUMN 16

AVERAGE MONTHLY: 54.6   TOTAL FOR MONTH:   2.91    1 = FOG OR MIST
DPTR FM NORMAL:     M   DPTR FM NORMAL:    0.17    2 = FOG REDUCING VISIBILITY
HIGHEST:    81 ON  4    GRTST 24HR  0.94 ON 19-20      TO 1/4 MILE OR LESS
LOWEST:     32 ON 29,25                            3 = THUNDER
                        SNOW, ICE PELLETS, HAIL    4 = ICE PELLETS
                        TOTAL MONTH:   0.0 INCH    5 = HAIL
                        GRTST 24HR     0.0         6 = FREEZING RAIN OR DRIZZLE
                        GRTST DEPTH:   0           7 = DUSTSTORM OR SANDSTORM:
                                                       VSBY 1/2 MILE OR LESS
                                                   8 = SMOKE OR HAZE
[NO. OF DAYS WITH]      [WEATHER - DAYS WITH]      9 = BLOWING SNOW
                                                   X = TORNADO
MAX 32 OR BELOW:   0    0.01 INCH OR MORE:  11
MAX 90 OR ABOVE:   0    0.10 INCH OR MORE:   7
MIN 32 OR BELOW:   2    0.50 INCH OR MORE:   3
MIN  0 OR BELOW:   0    1.00 INCH OR MORE:   0

[HDD (BASE 65) ]
TOTAL THIS MO.   311    CLEAR  (SCALE 0-3)  13
DPTR FM NORMAL     7    PTCLDY (SCALE 4-7)  14
TOTAL FM JUL 1   498    CLOUDY (SCALE 8-10)  3
DPTR FM NORMAL  -128

[CDD (BASE 65) ]
TOTAL THIS MO.     5
DPTR FM NORMAL     5    [PRESSURE DATA]
TOTAL FM JAN 1   256    HIGHEST SLP 30.48 ON 12
DPTR FM NORMAL   108    LOWEST  SLP 29.65 ON 20

[REMARKS]
#FINAL-11-10#
