000
CXUS56 KMTR 011000
CF6OAK
PRELIMINARY LOCAL CLIMATOLOGICAL DATA (WS FORM: F-6)

                                          STATION:   OAKLAND AIRPORT
                                          MONTH:     JULY
                                          YEAR:      2011
                                          LATITUDE:   37 43 N
                                          LONGITUDE: 122 13 W

  TEMPERATURE IN F:       :PCPN:    SNOW:  WIND      :SUNSHINE: SKY     :PK WND
================================================================================
1   2   3   4   5  6A  6B    7    8   9   10  11  12  13   14  15   16   17  18
                                     12Z  AVG MX 2MIN
DY MAX MIN AVG DEP HDD CDD  WTR  SNW DPTH SPD SPD DIR MIN PSBL S-S WX    SPD DR
================================================================================

 1  81  53  67   4   0   2 0.00  0.0    0  6.1 16 300   M    M   0        20 310
 2  73  55  64   1   1   0 0.00  0.0    0  7.8 17 300   M    M   1        20 290
 3  86  55  71   8   0   6 0.00  0.0    0  6.9 18 290   M    M   0        21 290
 4  74  54  64   0   1   0 0.00  0.0    0  8.2 18 290   M    M   0        22 290
 5  84  53  69   5   0   4 0.00  0.0    0  7.2 15 300   M    M   1 1      17 300
 6  75  52  64   0   1   0 0.00  0.0    0  8.8 20 300   M    M   2 1      22 300
 7  70  52  61  -3   4   0 0.00  0.0    0 10.0 18 300   M    M   2 1      22 290
 8  73  52  63  -1   2   0 0.00  0.0    0  9.3 22 300   M    M   1        25 300
 9  66  52  59  -5   6   0 0.00  0.0    0  9.0 20 290   M    M   7 8      22 290
10  68  55  62  -2   3   0 0.00  0.0    0 12.2 18 260   M    M   4        23 240
11  62  52  57  -7   8   0 0.00  0.0    0 13.9 22 270   M    M  10        24 260
12  64  53  59  -5   6   0    T  0.0    0 12.3 22 260   M    M   9 1      29 260
13  65  54  60  -4   5   0    T  0.0    0 14.0 22 250   M    M   9 1      26 260
14  62  54  58  -6   7   0 0.00  0.0    0 12.8 20 270   M    M   9        37 250
15  61  54  58  -6   7   0    T  0.0    0 12.2 22 270   M    M   9        26 260
16  66  54  60  -4   5   0    T  0.0    0  9.8 16 280   M    M   9 1      17 260
17  70  55  63  -1   2   0    T  0.0    0 10.0 17 270   M    M   6         M  M
18  73  54  64   0   1   0 0.00  0.0    0  8.1 21 280   M    M   3        23 280
19  72  55  64   0   1   0 0.00  0.0    0  7.8 16 290   M    M   6        18 280
20  82  54  68   4   0   3 0.00  0.0    0  6.9 17 290   M    M   1         M  M
21  72  52  62  -2   3   0 0.00  0.0    M  8.3 18 300   M    M   3 1      25 330
22  75  53  64   0   1   0 0.00  0.0    0  8.2 20 300   M    M   5        24 310
23  69  55  62  -2   3   0 0.00  0.0    0  6.6 18 290   M    M   5        23 300
24  70  56  63  -1   2   0 0.00  0.0    0  9.8 18 290   M    M   6        21 290
25  66  52  59  -6   6   0 0.00  0.0    0  9.7 16 260   M    M   6        20 260
26  69  52  61  -4   4   0 0.00  0.0    0  8.8 18 290   M    M   5 1      21 300
27  73  51  62  -3   3   0 0.00  0.0    0  7.6 17 290   M    M   5 1      21 310
28  71  52  62  -3   3   0 0.00  0.0    0  9.1 21 300   M    M   6 18     24 300
29  68  54  61  -4   4   0 0.00  0.0    0 11.0 21 300   M    M   6        24 310
30  71  59  65   0   0   0 0.00  0.0    0  9.9 20 300   M    M   6        24 300
31  71  59  65   0   0   0 0.00  0.0    0 10.5 18 290   M    M   7        22 280
================================================================================
SM 2202 1667        89  15    T      0.0 292.8          M      149
================================================================================
AV 71.0 53.8                               9.4 FASTST   M    M   5    MAX(MPH)
                                 MISC ---->  # 22 300               # 37  250
================================================================================
NOTES:
# LAST OF SEVERAL OCCURRENCES

COLUMN 17 PEAK WIND IN M.P.H.

PRELIMINARY LOCAL CLIMATOLOGICAL DATA (WS FORM: F-6) , PAGE 2

                                          STATION:  OAKLAND AIRPORT
                                          MONTH:    JULY
                                          YEAR:     2011
                                          LATITUDE:   37 43 N
                                          LONGITUDE: 122 13 W

[TEMPERATURE DATA]      [PRECIPITATION DATA]       SYMBOLS USED IN COLUMN 16

AVERAGE MONTHLY: 62.4   TOTAL FOR MONTH:      T    1 = FOG OR MIST
DPTR FM NORMAL:     M   DPTR FM NORMAL:   -0.09    2 = FOG REDUCING VISIBILITY
HIGHEST:    86 ON  3    GRTST 24HR    T  ON 17-17      TO 1/4 MILE OR LESS
LOWEST:     51 ON 27                               3 = THUNDER
                        SNOW, ICE PELLETS, HAIL    4 = ICE PELLETS
                        TOTAL MONTH:   0.0 INCH    5 = HAIL
                        GRTST 24HR     0.0         6 = FREEZING RAIN OR DRIZZLE
                        GRTST DEPTH:   0           7 = DUSTSTORM OR SANDSTORM:
                                                       VSBY 1/2 MILE OR LESS
                                                   8 = SMOKE OR HAZE
[NO. OF DAYS WITH]      [WEATHER - DAYS WITH]      9 = BLOWING SNOW
                                                   X = TORNADO
MAX 32 OR BELOW:   0    0.01 INCH OR MORE:   0
MAX 90 OR ABOVE:   0    0.10 INCH OR MORE:   0
MIN 32 OR BELOW:   0    0.50 INCH OR MORE:   0
MIN  0 OR BELOW:   0    1.00 INCH OR MORE:   0

[HDD (BASE 65) ]
TOTAL THIS MO.    89    CLEAR  (SCALE 0-3)  11
DPTR FM NORMAL    18    PTCLDY (SCALE 4-7)  14
TOTAL FM JUL 1    89    CLOUDY (SCALE 8-10)  6
DPTR FM NORMAL    18

[CDD (BASE 65) ]
TOTAL THIS MO.    15
DPTR FM NORMAL   -10    [PRESSURE DATA]
TOTAL FM JAN 1    39    HIGHEST SLP 30.07 ON 24
DPTR FM NORMAL   -14    LOWEST  SLP 29.74 ON  2

[REMARKS]
#FINAL-07-11#
