000
CXUS56 KMTR 011000
CF6OAK
PRELIMINARY LOCAL CLIMATOLOGICAL DATA (WS FORM: F-6)

                                          STATION:   OAKLAND AIRPORT
                                          MONTH:     JUNE
                                          YEAR:      2010
                                          LATITUDE:   37 43 N
                                          LONGITUDE: 122 13 W

  TEMPERATURE IN F:       :PCPN:    SNOW:  WIND      :SUNSHINE: SKY     :PK WND
================================================================================
1   2   3   4   5  6A  6B    7    8   9   10  11  12  13   14  15   16   17  18
                                     12Z  AVG MX 2MIN
DY MAX MIN AVG DEP HDD CDD  WTR  SNW DPTH SPD SPD DIR MIN PSBL S-S WX    SPD DR
================================================================================

 1  66  55  61   0   4   0 0.00  0.0    0 14.7 24 270   M    M   8 1      28 260
 2  71  55  63   2   2   0 0.00  0.0    0  6.7 18 280   M    M   9 1      26 280
 3  73  58  66   5   0   1 0.00  0.0    0  6.5 17 280   M    M   8 18     25 260
 4  74  63  69   8   0   4 0.00  0.0    0  8.9 18 310   M    M   8        43 260
 5  78  58  68   7   0   3 0.00  0.0    0  8.4 20 260   M    M   5        22 260
 6  74  60  67   6   0   2 0.00  0.0    0 10.2 25 270   M    M   8 1      29 260
 7  67  55  61  -1   4   0 0.00  0.0    0  9.9 23 260   M    M   8 1      40 330
 8  64  55  60  -2   5   0 0.00  0.0    0 13.0 23 270   M    M   8        49 260
 9  68  57  63   1   2   0 0.00  0.0    0 15.0 25 280   M    M   8        58 250
10  71  55  63   1   2   0 0.00  0.0    0 12.5 21 280   M    M   3         M  M
11  78  56  67   5   0   2 0.00  0.0    0 10.4 24 280   M    M   0 18     55 220
12  92  55  74  12   0   9 0.00  0.0    0 10.1 28  30   M    M   0        36  20
13  79  56  68   6   0   3 0.00  0.0    0  8.4 18 310   M    M   0 18     23 300
14  67  53  60  -2   5   0 0.00  0.0    0  8.8 20 290   M    M   2 18     23 280
15  64  52  58  -4   7   0 0.00  0.0    0  7.6 18 260   M    M   6 8      21 270
16  75  49  62   0   3   0 0.00  0.0    0  7.3 18 290   M    M   0 8      21 290
17  73  51  62   0   3   0 0.00  0.0    0  7.2 20 280   M    M   2        33 190
18  63  53  58  -5   7   0 0.00  0.0    0 16.8 30 260   M    M   7 8      36 250
19  63  53  58  -5   7   0 0.00  0.0    0 17.6 26 260   M    M   7        31 250
20  71  53  62  -1   3   0 0.00  0.0    0  8.5 18 270   M    M   5        21 270
21  73  53  63   0   2   0 0.00  0.0    0  8.1 18 290   M    M   3        21 290
22  68  54  61  -2   4   0 0.00  0.0    0  8.7 22 290   M    M   5 18     24 290
23  66  55  61  -2   4   0 0.00  0.0    0  8.7 20 280   M    M   8        23 290
24  62  55  59  -4   6   0    T  0.0    0 12.0 22 260   M    M   9 18     25 260
25  67  56  62  -1   3   0    T  0.0    0  9.6 18 280   M    M   8 1      21 280
26  70  56  63   0   2   0 0.00  0.0    0 10.3 21 290   M    M   5        24 320
27  82  55  69   6   0   4 0.00  0.0    0  6.9 15 290   M    M   1        25 310
28  77  59  68   5   0   3 0.00  0.0    0 10.0 21 310   M    M   0 1      25 300
29  72  56  64   1   1   0 0.00  0.0    0 10.1 18 270   M    M   1        22 250
30  68  55  62  -1   3   0 0.00  0.0    0 10.2 21 260   M    M   1        30 250
================================================================================
SM 2136 1656        79  31    T      0.0 303.1          M      143
================================================================================
AV 71.2 55.2                              10.1 FASTST   M    M   5    MAX(MPH)
                                 MISC ---->  # 30 260               # 58  250
================================================================================
NOTES:
# LAST OF SEVERAL OCCURRENCES

COLUMN 17 PEAK WIND IN M.P.H.

PRELIMINARY LOCAL CLIMATOLOGICAL DATA (WS FORM: F-6) , PAGE 2

                                          STATION:  OAKLAND AIRPORT
                                          MONTH:    JUNE
                                          YEAR:     2010
                                          LATITUDE:   37 43 N
                                          LONGITUDE: 122 13 W

[TEMPERATURE DATA]      [PRECIPITATION DATA]       SYMBOLS USED IN COLUMN 16

AVERAGE MONTHLY: 63.2   TOTAL FOR MONTH:      T    1 = FOG OR MIST
DPTR FM NORMAL:     M   DPTR FM NORMAL:   -0.09    2 = FOG REDUCING VISIBILITY
HIGHEST:    92 ON 12    GRTST 24HR  0.01 ON  1- 2      TO 1/4 MILE OR LESS
LOWEST:     49 ON 16                               3 = THUNDER
                        SNOW, ICE PELLETS, HAIL    4 = ICE PELLETS
                        TOTAL MONTH:   0.0 INCH    5 = HAIL
                        GRTST 24HR     0.0         6 = FREEZING RAIN OR DRIZZLE
                        GRTST DEPTH:   0           7 = DUSTSTORM OR SANDSTORM:
                                                       VSBY 1/2 MILE OR LESS
                                                   8 = SMOKE OR HAZE
[NO. OF DAYS WITH]      [WEATHER - DAYS WITH]      9 = BLOWING SNOW
                                                   X = TORNADO
MAX 32 OR BELOW:   0    0.01 INCH OR MORE:   0
MAX 90 OR ABOVE:   1    0.10 INCH OR MORE:   0
MIN 32 OR BELOW:   0    0.50 INCH OR MORE:   0
MIN  0 OR BELOW:   0    1.00 INCH OR MORE:   0

[HDD (BASE 65) ]
TOTAL THIS MO.    79    CLEAR  (SCALE 0-3)  11
DPTR FM NORMAL   -36    PTCLDY (SCALE 4-7)  17
TOTAL FM JUL 1  2947    CLOUDY (SCALE 8-10)  2
DPTR FM NORMAL    35

[CDD (BASE 65) ]
TOTAL THIS MO.    31
DPTR FM NORMAL     9    [PRESSURE DATA]
TOTAL FM JAN 1    31    HIGHEST SLP 30.12 ON 20
DPTR FM NORMAL     3    LOWEST  SLP 29.72 ON 27

[REMARKS]
#FINAL-06-10#
