000
CXUS56 KMTR 011000
CF6OAK
PRELIMINARY LOCAL CLIMATOLOGICAL DATA (WS FORM: F-6)

                                          STATION:   OAKLAND AIRPORT
                                          MONTH:     SEPTEMBER
                                          YEAR:      2011
                                          LATITUDE:   37 43 N
                                          LONGITUDE: 122 13 W

  TEMPERATURE IN F:       :PCPN:    SNOW:  WIND      :SUNSHINE: SKY     :PK WND
================================================================================
1   2   3   4   5  6A  6B    7    8   9   10  11  12  13   14  15   16   17  18
                                     12Z  AVG MX 2MIN
DY MAX MIN AVG DEP HDD CDD  WTR  SNW DPTH SPD SPD DIR MIN PSBL S-S WX    SPD DR
================================================================================

 1  73  51  62  -3   3   0 0.00  0.0    0  7.0 17 300   M    M   3 1      22 290
 2  76  47  62  -3   3   0 0.00  0.0    0  6.3 18 310   M    M   1 18     22 310
 3  65  48  57  -8   8   0 0.00  0.0    0  8.3 17 300   M    M   6 18     21 300
 4  64  50  57  -8   8   0 0.00  0.0    0  9.0 20 290   M    M   7 18     22 290
 5  66  51  59  -6   6   0 0.00  0.0    0  8.7 18 290   M    M   6        20 290
 6  77  49  63  -2   2   0 0.00  0.0    0  5.0 15 290   M    M   4 18     17 290
 7  88  45  67   2   0   2 0.00  0.0    0  5.7 14 300   M    M   2 1      16 300
 8  67  51  59  -6   6   0 0.00  0.0    0  7.9 18 290   M    M   6 1      21 290
 9  64  49  57  -8   8   0 0.00  0.0    0  6.6 17 300   M    M   7 3      21 300
10  72  55  64  -1   1   0 0.00  0.0    0  7.9 20 320   M    M   3        24 320
11  72  53  63  -2   2   0    T  0.0    0  7.4 18 280   M    M   6        21 280
12  71  57  64  -1   1   0 0.00  0.0    0  8.4 18 280   M    M   5        22 240
13  68  54  61  -4   4   0 0.00  0.0    0  8.5 14 290   M    M   5 1      16 310
14  62  52  57  -8   8   0 0.00  0.0    0  9.2 18 290   M    M   8 18     22 290
15  64  54  59  -6   6   0 0.00  0.0    0 12.1 20 260   M    M   8        23 270
16  64  54  59  -6   6   0 0.00  0.0    0  9.9 18 270   M    M   6        22 260
17  70  51  61  -4   4   0 0.00  0.0    0  6.7 15 290   M    M   4        17 290
18  88  49  69   5   0   4 0.00  0.0    0  4.2 15 310   M    M   0        18 310
19  91  58  75  11   0  10 0.00  0.0    0  4.1 14 300   M    M   0        16 300
20  93  60  77  13   0  12 0.00  0.0    M  4.9 18 310   M    M   1        21 310
21  86  57  72   8   0   7 0.00  0.0    0  6.4 16 310   M    M   1 18     20 310
22  81  57  69   5   0   4 0.00  0.0    0  6.3 12 300   M    M   4 18     15 290
23  86  52  69   5   0   4 0.00  0.0    M  5.7 15 300   M    M   4        17 300
24  70  60  65   1   0   0 0.00  0.0    0 10.7 21 280   M    M   8        24 270
25  73  57  65   1   0   0    T  0.0    0  7.1 20 340   M    M   8         M  M
26  77  49  63  -1   2   0 0.00  0.0    0  5.8 18 280   M    M   3 1      21 280
27  84  55  70   7   0   5 0.00  0.0    0  4.3 14 300   M    M   2 8      17 310
28  92  58  75  12   0  10 0.00  0.0    M  3.4 13 300   M    M   1        15 310
29  74  60  67   4   0   2 0.00  0.0    0  7.1 18 310   M    M   4        23 320
30  73  61  67   4   0   2 0.00  0.0    0 11.3 20 240   M    M   6        24 250
================================================================================
SM 2251 1604        78  62    T      0.0 215.9          M      129
================================================================================
AV 75.0 53.5                               7.2 FASTST   M    M   4    MAX(MPH)
                                 MISC ---->  # 21 280               # 24  320
================================================================================
NOTES:
# LAST OF SEVERAL OCCURRENCES

COLUMN 17 PEAK WIND IN M.P.H.

PRELIMINARY LOCAL CLIMATOLOGICAL DATA (WS FORM: F-6) , PAGE 2

                                          STATION:  OAKLAND AIRPORT
                                          MONTH:    SEPTEMBER
                                          YEAR:     2011
                                          LATITUDE:   37 43 N
                                          LONGITUDE: 122 13 W

[TEMPERATURE DATA]      [PRECIPITATION DATA]       SYMBOLS USED IN COLUMN 16

AVERAGE MONTHLY: 64.2   TOTAL FOR MONTH:      T    1 = FOG OR MIST
DPTR FM NORMAL:  -0.2   DPTR FM NORMAL:   -0.22    2 = FOG REDUCING VISIBILITY
HIGHEST:    93 ON 20    GRTST 24HR    T  ON 25-25      TO 1/4 MILE OR LESS
LOWEST:     45 ON  7                               3 = THUNDER
                        SNOW, ICE PELLETS, HAIL    4 = ICE PELLETS
                        TOTAL MONTH:   0.0 INCH    5 = HAIL
                        GRTST 24HR     0.0         6 = FREEZING RAIN OR DRIZZLE
                        GRTST DEPTH:   0           7 = DUSTSTORM OR SANDSTORM:
                                                       VSBY 1/2 MILE OR LESS
                                                   8 = SMOKE OR HAZE
[NO. OF DAYS WITH]      [WEATHER - DAYS WITH]      9 = BLOWING SNOW
                                                   X = TORNADO
MAX 32 OR BELOW:   0    0.01 INCH OR MORE:   0
MAX 90 OR ABOVE:   3    0.10 INCH OR MORE:   0
MIN 32 OR BELOW:   0    0.50 INCH OR MORE:   0
MIN  0 OR BELOW:   0    1.00 INCH OR MORE:   0

[HDD (BASE 65) ]
TOTAL THIS MO.    78    CLEAR  (SCALE 0-3)  11
DPTR FM NORMAL    18    PTCLDY (SCALE 4-7)  19
TOTAL FM JUL 1   285    CLOUDY (SCALE 8-10)  0
DPTR FM NORMAL    85

[CDD (BASE 65) ]
TOTAL THIS MO.    62
DPTR FM NORMAL    17    [PRESSURE DATA]
TOTAL FM JAN 1   108    HIGHEST SLP 30.09 ON M
DPTR FM NORMAL   -17    LOWEST  SLP 29.70 ON 10

[REMARKS]
#FINAL-09-11#
