000
CXUS56 KMTR 011000
CF6OAK
PRELIMINARY LOCAL CLIMATOLOGICAL DATA (WS FORM: F-6)

                                          STATION:   OAKLAND AIRPORT
                                          MONTH:     MAY
                                          YEAR:      2011
                                          LATITUDE:   37 43 N
                                          LONGITUDE: 122 13 W

  TEMPERATURE IN F:       :PCPN:    SNOW:  WIND      :SUNSHINE: SKY     :PK WND
================================================================================
1   2   3   4   5  6A  6B    7    8   9   10  11  12  13   14  15   16   17  18
                                     12Z  AVG MX 2MIN
DY MAX MIN AVG DEP HDD CDD  WTR  SNW DPTH SPD SPD DIR MIN PSBL S-S WX    SPD DR
================================================================================

 1  74  44  59   1   6   0 0.00  0.0    0  5.5 14 280   M    M   2        16 270
 2  66  48  57  -1   8   0 0.00  0.0    0  8.9 17 280   M    M   3        21 290
 3  69  49  59   1   6   0 0.00  0.0    0  7.3 15 240   M    M   3         M  M
 4  84  50  67   9   0   2 0.00  0.0    0  6.6 16 280   M    M   0        22 210
 5  80  51  66   7   0   1 0.00  0.0    0  6.3 17 290   M    M   1        22 300
 6  60  51  56  -3   9   0 0.00  0.0    0 14.1 24 260   M    M   5        29 260
 7  62  51  57  -2   8   0 0.00  0.0    0 17.9 28 260   M    M   7        35 270
 8  62  47  55  -4  10   0 0.00  0.0    0 17.8 26 280   M    M   5        32 260
 9  65  46  56  -3   9   0 0.00  0.0    0  8.1 22 270   M    M   2        25 270
10  63  46  55  -4  10   0 0.00  0.0    0  9.6 21 270   M    M   3        32  90
11  61  51  56  -3   9   0    T  0.0    0 12.9 21 260   M    M   8        25 270
12  66  51  59   0   6   0 0.00  0.0    0 10.7 22 270   M    M   4        25 260
13  62  50  56  -3   9   0 0.00  0.0    0 13.7 26 260   M    M   4         M  M
14  60  48  54  -5  11   0 0.19  0.0    0 12.3 22 250   M    M   9        28 210
15  60  46  53  -7  12   0 0.06  0.0    0 12.7 41 270   M    M   7        77 320
16  61  49  55  -5  10   0 0.24  0.0    0 13.4 29 160   M    M  10 8      35 160
17  56  51  54  -6  11   0 0.08  0.0    0 17.4 23 180   M    M  10 1      30 190
18  64  50  57  -3   8   0 0.02  0.0    0 11.4 23 270   M    M   6 1      83 100
19  65  49  57  -3   8   0 0.00  0.0    0  8.7 20 280   M    M   5        25 280
20  62  53  58  -2   7   0 0.00  0.0    0 11.2 20 270   M    M   7        23 260
21  63  53  58  -2   7   0 0.00  0.0    0 11.7 21 250   M    M   6        24 250
22  64  50  57  -3   8   0 0.00  0.0    0 16.1 30 280   M    M   7        36 280
23  66  52  59  -2   6   0 0.00  0.0    0 13.8 30 280   M    M   2        33 280
24  64  47  56  -5   9   0 0.00  0.0    0 10.3 21 280   M    M   4        24 280
25  61  53  57  -4   8   0 0.06  0.0    0 11.3 23 230   M    M   7 1      29 230
26  65  50  58  -3   7   0 0.00  0.0    0 12.2 23 260   M    M   5         M  M
27  64  54  59  -2   6   0 0.00  0.0    0 12.2 31 320   M    M   7         M  M
28  64  51  58  -3   7   0 0.20  0.0    0 12.8 23 290   M    M   6 1      82 330
29  67  49  58  -3   7   0 0.00  0.0    0 10.5 23 290   M    M   3        28 290
30  62  51  57  -4   8   0 0.00  0.0    0 12.5 23 270   M    M   6        28 270
31  59  53  56  -5   9   0 0.30  0.0    0 10.3 20 150   M    M   9 1      52 320
================================================================================
SM 2001 1544       239   3  1.15     0.0 360.2          M      163
================================================================================
AV 64.5 49.8                              11.6 FASTST   M    M   5    MAX(MPH)
                                 MISC ---->  # 41 270               # 83  100
================================================================================
NOTES:
# LAST OF SEVERAL OCCURRENCES

COLUMN 17 PEAK WIND IN M.P.H.

PRELIMINARY LOCAL CLIMATOLOGICAL DATA (WS FORM: F-6) , PAGE 2

                                          STATION:  OAKLAND AIRPORT
                                          MONTH:    MAY
                                          YEAR:     2011
                                          LATITUDE:   37 43 N
                                          LONGITUDE: 122 13 W

[TEMPERATURE DATA]      [PRECIPITATION DATA]       SYMBOLS USED IN COLUMN 16

AVERAGE MONTHLY: 57.2   TOTAL FOR MONTH:   1.15    1 = FOG OR MIST
DPTR FM NORMAL:     M   DPTR FM NORMAL:    0.96    2 = FOG REDUCING VISIBILITY
HIGHEST:    84 ON  4    GRTST 24HR  0.30 ON 31-31      TO 1/4 MILE OR LESS
LOWEST:     44 ON  1                               3 = THUNDER
                        SNOW, ICE PELLETS, HAIL    4 = ICE PELLETS
                        TOTAL MONTH:   0.0 INCH    5 = HAIL
                        GRTST 24HR     0.0         6 = FREEZING RAIN OR DRIZZLE
                        GRTST DEPTH:   0           7 = DUSTSTORM OR SANDSTORM:
                                                       VSBY 1/2 MILE OR LESS
                                                   8 = SMOKE OR HAZE
[NO. OF DAYS WITH]      [WEATHER - DAYS WITH]      9 = BLOWING SNOW
                                                   X = TORNADO
MAX 32 OR BELOW:   0    0.01 INCH OR MORE:   8
MAX 90 OR ABOVE:   0    0.10 INCH OR MORE:   4
MIN 32 OR BELOW:   0    0.50 INCH OR MORE:   0
MIN  0 OR BELOW:   0    1.00 INCH OR MORE:   0

[HDD (BASE 65) ]
TOTAL THIS MO.   239    CLEAR  (SCALE 0-3)   8
DPTR FM NORMAL    41    PTCLDY (SCALE 4-7)  18
TOTAL FM JUL 1  2654    CLOUDY (SCALE 8-10)  5
DPTR FM NORMAL  -143

[CDD (BASE 65) ]
TOTAL THIS MO.     3
DPTR FM NORMAL    -3    [PRESSURE DATA]
TOTAL FM JAN 1     7    HIGHEST SLP 30.24 ON  3
DPTR FM NORMAL     1    LOWEST  SLP 29.94 ON M

[REMARKS]
#FINAL-05-11#
