000
CXUS56 KMTR 011000
CF6OAK
PRELIMINARY LOCAL CLIMATOLOGICAL DATA (WS FORM: F-6)

                                          STATION:   OAKLAND AIRPORT
                                          MONTH:     SEPTEMBER
                                          YEAR:      2010
                                          LATITUDE:   37 43 N
                                          LONGITUDE: 122 13 W

  TEMPERATURE IN F:       :PCPN:    SNOW:  WIND      :SUNSHINE: SKY     :PK WND
================================================================================
1   2   3   4   5  6A  6B    7    8   9   10  11  12  13   14  15   16   17  18
                                     12Z  AVG MX 2MIN
DY MAX MIN AVG DEP HDD CDD  WTR  SNW DPTH SPD SPD DIR MIN PSBL S-S WX    SPD DR
================================================================================

 1  92  58  75   9   0  10 0.00  0.0    0  4.0 14 310   M    M   0        18 320
 2  89  63  76  10   0  11 0.00  0.0    0  6.9 17 300   M    M   1 8      21 310
 3  78  58  68   2   0   3 0.00  0.0    0  7.8 17 290   M    M   2 1      20 290
 4  70  56  63  -3   2   0 0.00  0.0    0  7.9 20 280   M    M   5        22 280
 5  77  55  66   0   0   1 0.00  0.0    0  6.9 18 280   M    M   1        20 280
 6  89  52  71   5   0   6 0.00  0.0    0  5.5 15 310   M    M   0 1      20 310
 7  68  56  62  -4   3   0 0.00  0.0    0 13.6 28 270   M    M   5 8      32 270
 8  69  59  64  -2   1   0    T  0.0    0 15.6 28 270   M    M   9 1      31 250
 9  74  56  65  -1   0   0 0.00  0.0    0  7.0 18 290   M    M   5        54 210
10  81  53  67   1   0   2 0.00  0.0    0  4.7 15 310   M    M   1        18 310
11  84  54  69   3   0   4 0.00  0.0    0  5.9 16 300   M    M   1 1      20 290
12  68  55  62  -4   3   0 0.00  0.0    0  9.3 20 290   M    M   4        22 310
13  67  57  62  -4   3   0 0.00  0.0    0  8.1 17 290   M    M   7 18     18 290
14  69  56  63  -3   2   0 0.00  0.0    0  7.1 16 290   M    M   6 1      20 280
15  68  57  63  -3   2   0 0.00  0.0    0  7.8 18 270   M    M   8        24 250
16  74  60  67   1   0   2    T  0.0    0  6.9 16 270   M    M   7 18     21 270
17  72  63  68   2   0   3    T  0.0    0  8.1 17 270   M    M   9 18     22 240
18  75  60  68   2   0   3 0.01  0.0    0  6.9 16 280   M    M   8 1      22 260
19  74  57  66   0   0   1 0.00  0.0    0  6.4 15 290   M    M   7        17 310
20  77  58  68   2   0   3 0.00  0.0    0  7.3 17 280   M    M   4        22 160
21  70  60  65  -1   0   0 0.00  0.0    M 14.7 26 280   M    M   8        32 290
22  71  60  66   0   0   1 0.00  0.0    0 14.1 24 280   M    M   3        30 280
23  80  57  69   4   0   4 0.00  0.0    0  6.7 16 290   M    M   4        18 280
24  85  54  70   5   0   5 0.00  0.0    0  4.3 15 300   M    M   0        18 290
25  94  55  75  10   0  10 0.00  0.0    0  5.0 14 310   M    M   0        16 320
26  89  55  72   7   0   7 0.00  0.0    0  4.3 14 300   M    M   1        16 300
27  96  55  76  11   0  11 0.00  0.0    0  2.6 12 310   M    M   0 18     15 260
28 100  63  82  17   0  17 0.00  0.0    0  3.8 13 300   M    M   2        18 290
29  88  62  75  10   0  10 0.00  0.0    0  4.6 13 300   M    M   2        17 330
30  73  57  65   0   0   0 0.00  0.0    0  8.6 17 300   M    M   4 1      22 290
================================================================================
SM 2361 1721        16 114  0.01     0.0 222.4          M      114
================================================================================
AV 78.7 57.4                               7.4 FASTST   M    M   4    MAX(MPH)
                                 MISC ---->  # 28 270               # 54  210
================================================================================
NOTES:
# LAST OF SEVERAL OCCURRENCES

COLUMN 17 PEAK WIND IN M.P.H.

PRELIMINARY LOCAL CLIMATOLOGICAL DATA (WS FORM: F-6) , PAGE 2

                                          STATION:  OAKLAND AIRPORT
                                          MONTH:    SEPTEMBER
                                          YEAR:     2010
                                          LATITUDE:   37 43 N
                                          LONGITUDE: 122 13 W

[TEMPERATURE DATA]      [PRECIPITATION DATA]       SYMBOLS USED IN COLUMN 16

AVERAGE MONTHLY: 68.0   TOTAL FOR MONTH:   0.01    1 = FOG OR MIST
DPTR FM NORMAL:     M   DPTR FM NORMAL:   -0.30    2 = FOG REDUCING VISIBILITY
HIGHEST:   100 ON 28    GRTST 24HR  0.01 ON 18-18      TO 1/4 MILE OR LESS
LOWEST:     52 ON  6                               3 = THUNDER
                        SNOW, ICE PELLETS, HAIL    4 = ICE PELLETS
                        TOTAL MONTH:   0.0 INCH    5 = HAIL
                        GRTST 24HR     0.0         6 = FREEZING RAIN OR DRIZZLE
                        GRTST DEPTH:   0           7 = DUSTSTORM OR SANDSTORM:
                                                       VSBY 1/2 MILE OR LESS
                                                   8 = SMOKE OR HAZE
[NO. OF DAYS WITH]      [WEATHER - DAYS WITH]      9 = BLOWING SNOW
                                                   X = TORNADO
MAX 32 OR BELOW:   0    0.01 INCH OR MORE:   1
MAX 90 OR ABOVE:   4    0.10 INCH OR MORE:   0
MIN 32 OR BELOW:   0    0.50 INCH OR MORE:   0
MIN  0 OR BELOW:   0    1.00 INCH OR MORE:   0

[HDD (BASE 65) ]
TOTAL THIS MO.    16    CLEAR  (SCALE 0-3)  13
DPTR FM NORMAL   -40    PTCLDY (SCALE 4-7)  14
TOTAL FM JUL 1   129    CLOUDY (SCALE 8-10)  3
DPTR FM NORMAL   -56

[CDD (BASE 65) ]
TOTAL THIS MO.   114
DPTR FM NORMAL    64    [PRESSURE DATA]
TOTAL FM JAN 1   205    HIGHEST SLP 30.04 ON 14
DPTR FM NORMAL    71    LOWEST  SLP 29.70 ON 29

[REMARKS]
#FINAL-09-10#
