000
CXUS56 KMTR 011000
CF6OAK
PRELIMINARY LOCAL CLIMATOLOGICAL DATA (WS FORM: F-6)

                                          STATION:   OAKLAND AIRPORT
                                          MONTH:     JULY
                                          YEAR:      2013
                                          LATITUDE:   37 43 N
                                          LONGITUDE: 122 13 W

  TEMPERATURE IN F:       :PCPN:    SNOW:  WIND      :SUNSHINE: SKY     :PK WND
================================================================================
1   2   3   4   5  6A  6B    7    8   9   10  11  12  13   14  15   16   17  18
                                     12Z  AVG MX 2MIN
DY MAX MIN AVG DEP HDD CDD  WTR  SNW DPTH SPD SPD DIR MIN PSBL S-S WX    SPD DR
================================================================================

 1  83  59  71   8   0   6 0.00  0.0    0  8.0 21 290   M    M   4        41 320
 2  80  61  71   8   0   6 0.00  0.0    M 11.4 24 300   M    M   7        29 300
 3  84  61  73  10   0   8 0.00  0.0    0  8.5 21 300   M    M   7        33  60
 4  80  62  71   8   0   6 0.00  0.0    0  8.8 20 280   M    M   2        23 280
 5  68  59  64   1   1   0 0.00  0.0    0 13.7 23 260   M    M   6 18     26 250
 6  72  56  64   1   1   0 0.00  0.0    0  8.6 16 270   M    M   5        21 290
 7  72  57  65   2   0   0 0.00  0.0    0  8.9 20 300   M    M   5        35 280
 8  71  57  64   1   1   0 0.00  0.0    0  8.9 18 290   M    M   5        22 290
 9  76  56  66   3   0   1 0.00  0.0    0  8.9 21 280   M    M   4 1      25 290
10  71  57  64   1   1   0 0.00  0.0    0 11.0 23 290   M    M   7 8      29 350
11  68  56  62  -1   3   0 0.00  0.0    0  8.6 21 280   M    M   7 1      24 280
12  68  57  63   0   2   0 0.00  0.0    0 10.2 21 290   M    M   5 1       M  M
13  72  53  63   0   2   0 0.00  0.0    0  9.1 22 290   M    M   2        33 290
14  68  55  62  -1   3   0 0.00  0.0    0  9.8 18 290   M    M   5 1      32 330
15  69  54  62  -1   3   0 0.00  0.0    0 11.5 18 280   M    M   8        22 280
16  70  58  64   1   1   0    T  0.0    0 11.4 17 290   M    M   8        26 180
17  70  58  64   1   1   0 0.00  0.0    0  9.3 17 280   M    M   7        24 330
18  72  56  64   1   1   0 0.00  0.0    0  8.9 21 290   M    M   6         M  M
19  71  56  64   1   1   0 0.00  0.0    0  9.1 23 290   M    M   6 1      25 290
20  72  55  64   1   1   0 0.00  0.0    0  9.2 22 290   M    M   6 1      26 290
21  68  56  62  -1   3   0 0.00  0.0    0 10.0 20 310   M    M   7 1      35  10
22  70  56  63   0   2   0 0.00  0.0    0  9.3 16 330   M    M   8 1      29 330
23  72  59  66   3   0   1    T  0.0    0  7.6 16 300   M    M   7        20 350
24  74  57  66   3   0   1 0.00  0.0    0  8.0 16 290   M    M   3        20 290
25  69  55  62  -1   3   0 0.00  0.0    0 10.4 20 290   M    M   5        25 320
26  69  55  62  -1   3   0 0.00  0.0    0 10.5 22 290   M    M   7        31  80
27  68  57  63   0   2   0 0.00  0.0    0 10.8 22 300   M    M   8        25 300
28  68  57  63   0   2   0 0.00  0.0    0  8.8 21 280   M    M   7        23 270
29  70  57  64   1   1   0 0.00  0.0    0  9.5 21 280   M    M   6 18     38  80
30  68  56  62  -1   3   0 0.00  0.0    0  9.5 20 310   M    M   6 18     32 290
31  68  56  62  -1   3   0 0.00  0.0    0 10.0 18 250   M    M   6        28 320
================================================================================
SM 2221 1764        44  29    T      0.0 298.2          M      182
================================================================================
AV 71.6 56.9                               9.6 FASTST   M    M   6    MAX(MPH)
                                 MISC ---->  # 24 300               # 41  320
================================================================================
NOTES:
# LAST OF SEVERAL OCCURRENCES

COLUMN 17 PEAK WIND IN M.P.H.

PRELIMINARY LOCAL CLIMATOLOGICAL DATA (WS FORM: F-6) , PAGE 2

                                          STATION:  OAKLAND AIRPORT
                                          MONTH:    JULY
                                          YEAR:     2013
                                          LATITUDE:   37 43 N
                                          LONGITUDE: 122 13 W

[TEMPERATURE DATA]      [PRECIPITATION DATA]       SYMBOLS USED IN COLUMN 16

AVERAGE MONTHLY: 64.3   TOTAL FOR MONTH:      T    1 = FOG OR MIST
DPTR FM NORMAL:   1.4   DPTR FM NORMAL:   -0.01    2 = FOG REDUCING VISIBILITY
HIGHEST:    84 ON  3    GRTST 24HR    T  ON 23-23      TO 1/4 MILE OR LESS
LOWEST:     53 ON 13                               3 = THUNDER
                        SNOW, ICE PELLETS, HAIL    4 = ICE PELLETS
                        TOTAL MONTH:   0.0 INCH    5 = HAIL
                        GRTST 24HR     0.0         6 = FREEZING RAIN OR DRIZZLE
                        GRTST DEPTH:   0           7 = DUSTSTORM OR SANDSTORM:
                                                       VSBY 1/2 MILE OR LESS
                                                   8 = SMOKE OR HAZE
[NO. OF DAYS WITH]      [WEATHER - DAYS WITH]      9 = BLOWING SNOW
                                                   X = TORNADO
MAX 32 OR BELOW:   0    0.01 INCH OR MORE:   0
MAX 90 OR ABOVE:   0    0.10 INCH OR MORE:   0
MIN 32 OR BELOW:   0    0.50 INCH OR MORE:   0
MIN  0 OR BELOW:   0    1.00 INCH OR MORE:   0

[HDD (BASE 65) ]
TOTAL THIS MO.    44    CLEAR  (SCALE 0-3)   2
DPTR FM NORMAL   -39    PTCLDY (SCALE 4-7)  27
TOTAL FM JUL 1    44    CLOUDY (SCALE 8-10)  2
DPTR FM NORMAL   -39

[CDD (BASE 65) ]
TOTAL THIS MO.    29
DPTR FM NORMAL    11    [PRESSURE DATA]
TOTAL FM JAN 1   105    HIGHEST SLP 30.05 ON 16
DPTR FM NORMAL    53    LOWEST  SLP 29.70 ON  4

[REMARKS]
#FINAL-07-13#
