000
CXUS56 KMTR 011000
CF6OAK
PRELIMINARY LOCAL CLIMATOLOGICAL DATA (WS FORM: F-6)

                                          STATION:   OAKLAND AIRPORT
                                          MONTH:     MARCH
                                          YEAR:      2011
                                          LATITUDE:   37 43 N
                                          LONGITUDE: 122 13 W

  TEMPERATURE IN F:       :PCPN:    SNOW:  WIND      :SUNSHINE: SKY     :PK WND
================================================================================
1   2   3   4   5  6A  6B    7    8   9   10  11  12  13   14  15   16   17  18
                                     12Z  AVG MX 2MIN
DY MAX MIN AVG DEP HDD CDD  WTR  SNW DPTH SPD SPD DIR MIN PSBL S-S WX    SPD DR
================================================================================

 1  58  38  48  -6  17   0 0.01    M    0  8.1 22 150   M    M   6        93 320
 2  60  51  56   2   9   0 0.03  0.0    0 14.0 30 140   M    M   9 1      37 150
 3  62  46  54   0  11   0 0.00  0.0    0  4.4 12 310   M    M   5 1      29 210
 4  64  41  53  -2  12   0 0.00  0.0    0  3.4 28  90   M    M   6 1       M  M
 5  65  43  54  -1  11   0 0.02  0.0    0  4.5 15 270   M    M   8 1      17 310
 6  62  52  57   2   8   0 0.35  0.0    0  8.6 24 290   M    M  10 18     28 290
 7  57  50  54  -1  11   0 0.05  0.0    0 15.6 30 280   M    M   7 1      35 280
 8  60  48  54  -1  11   0 0.06    M    0  5.7 15 270   M    M   7 1      18 220
 9  61  49  55   0  10   0 0.00  0.0    0  4.3 15 290   M    M   7 18     17 290
10  60  44  52  -3  13   0 0.01    M    0  6.6 15 290   M    M   5 1      17 280
11  59  43  51  -4  14   0 0.00  0.0    0  8.7 18 290   M    M   5 1      22 260
12  61  45  53  -2  12   0 0.00  0.0    0  5.6 15 270   M    M   6        20  90
13  64  51  58   3   7   0 0.04  0.0    0  9.0 18 140   M    M   9 1      22 140
14  61  54  58   3   7   0 0.24  0.0    0  5.0 10 280   M    M   8 1      13 280
15  61  51  56   1   9   0 0.11  0.0    0  6.9 14 220   M    M  10 1       M  M
16  59  45  52  -3  13   0 0.15  0.0    0 10.7 20 290   M    M   9 1      23 290
17  59  40  50  -5  15   0 0.03  0.0    0  7.8 18 160   M    M   4        24 260
18  55  47  51  -4  14   0 0.73  0.0    0 17.4 31 150   M    M   9 138    37 150
19  51  44  48  -8  17   0 0.75  0.0    0 20.0 37 170   M    M   9 1      44 160
20  56  47  52  -4  13   0 0.12    M    0 11.8 36 190   M    M   7 1      44 190
21  58  44  51  -5  14   0    T    M    0 11.1 25 260   M    M   6        30 260
22  60  46  53  -3  12   0 0.10  0.0    0 13.1 28 140   M    M   8        35 140
23  58  49  54  -2  11   0 0.66    M    0 15.7 29 160   M    M  10 1      36 140
24  52  47  50  -6  15   0 0.88  0.0    0 18.5 38 150   M    M   8 1      45 150
25  57  48  53  -3  12   0 0.10    M    0 11.2 17 210   M    M   9 1      24 210
26  56  49  53  -3  12   0 0.53  0.0    0 13.4 28 150   M    M   8 1      31 260
27  59  42  51  -5  14   0 0.02  0.0    0  7.5 18 220   M    M   8 1      21 220
28  62  44  53  -3  12   0 0.00  0.0    0  8.6 18 280   M    M   3        22 280
29  65  44  55  -1  10   0 0.00  0.0    0  6.5 17 290   M    M   5        46 260
30  81  48  65   9   0   0 0.00  0.0    0  4.6 16 310   M    M   3        29 110
31  78  53  66  10   0   1 0.00  0.0    0  5.4 14 310   M    M   2        16 310
================================================================================
SM 1881 1443       346   1  4.99     0.0 293.7          M      216
================================================================================
AV 60.7 46.5                               9.5 FASTST   M    M   7    MAX(MPH)
                                 MISC ---->  # 38 150               # 93  320
================================================================================
NOTES:
# LAST OF SEVERAL OCCURRENCES

COLUMN 17 PEAK WIND IN M.P.H.

PRELIMINARY LOCAL CLIMATOLOGICAL DATA (WS FORM: F-6) , PAGE 2

                                          STATION:  OAKLAND AIRPORT
                                          MONTH:    MARCH
                                          YEAR:     2011
                                          LATITUDE:   37 43 N
                                          LONGITUDE: 122 13 W

[TEMPERATURE DATA]      [PRECIPITATION DATA]       SYMBOLS USED IN COLUMN 16

AVERAGE MONTHLY: 53.6   TOTAL FOR MONTH:   4.99    1 = FOG OR MIST
DPTR FM NORMAL:     M   DPTR FM NORMAL:    2.32    2 = FOG REDUCING VISIBILITY
HIGHEST:    81 ON 30    GRTST 24HR  0.88 ON 24-24      TO 1/4 MILE OR LESS
LOWEST:     38 ON  1                               3 = THUNDER
                        SNOW, ICE PELLETS, HAIL    4 = ICE PELLETS
                        TOTAL MONTH:   0.0 INCH    5 = HAIL
                        GRTST 24HR     0.0         6 = FREEZING RAIN OR DRIZZLE
                        GRTST DEPTH:   0           7 = DUSTSTORM OR SANDSTORM:
                                                       VSBY 1/2 MILE OR LESS
                                                   8 = SMOKE OR HAZE
[NO. OF DAYS WITH]      [WEATHER - DAYS WITH]      9 = BLOWING SNOW
                                                   X = TORNADO
MAX 32 OR BELOW:   0    0.01 INCH OR MORE:  21
MAX 90 OR ABOVE:   0    0.10 INCH OR MORE:  12
MIN 32 OR BELOW:   0    0.50 INCH OR MORE:   5
MIN  0 OR BELOW:   0    1.00 INCH OR MORE:   0

[HDD (BASE 65) ]
TOTAL THIS MO.   346    CLEAR  (SCALE 0-3)   3
DPTR FM NORMAL     3    PTCLDY (SCALE 4-7)  16
TOTAL FM JUL 1  2133    CLOUDY (SCALE 8-10) 12
DPTR FM NORMAL  -196

[CDD (BASE 65) ]
TOTAL THIS MO.     1
DPTR FM NORMAL     1    [PRESSURE DATA]
TOTAL FM JAN 1     3    HIGHEST SLP 30.30 ON  8
DPTR FM NORMAL     3    LOWEST  SLP 29.94 ON M

[REMARKS]
#FINAL-03-11#
