000
CXUS56 KMTR 011000
CF6OAK
PRELIMINARY LOCAL CLIMATOLOGICAL DATA (WS FORM: F-6)

                                          STATION:   OAKLAND AIRPORT
                                          MONTH:     APRIL
                                          YEAR:      2012
                                          LATITUDE:   37 43 N
                                          LONGITUDE: 122 13 W

  TEMPERATURE IN F:       :PCPN:    SNOW:  WIND      :SUNSHINE: SKY     :PK WND
================================================================================
1   2   3   4   5  6A  6B    7    8   9   10  11  12  13   14  15   16   17  18
                                     12Z  AVG MX 2MIN
DY MAX MIN AVG DEP HDD CDD  WTR  SNW DPTH SPD SPD DIR MIN PSBL S-S WX    SPD DR
================================================================================

 1  59  45  52  -4  13   0 0.00  0.0    0 14.0 28 290   M    M   2        33 300
 2  63  41  52  -4  13   0 0.00  0.0    0  7.7 20 280   M    M   5 1      25  90
 3  63  49  56   0   9   0    T    M    0  8.7 26 290   M    M   6 1      64  90
 4  59  45  52  -4  13   0 0.00  0.0    0 12.0 28 290   M    M   3        52 330
 5  57  41  49  -7  16   0 0.00  0.0    0 11.8 25 290   M    M   2        39 310
 6  59  36  48  -8  17   0 0.00  0.0    0  7.1 16 290   M    M   2        24 320
 7  65  38  52  -4  13   0 0.00  0.0    0  6.0 15 280   M    M   5         M  M
 8  63  39  51  -6  14   0 0.00  0.0    0  6.1 21 270   M    M   7         M  M
 9  64  44  54  -3  11   0 0.00  0.0    0  8.1 31 220   M    M   9        37 220
10  57  52  55  -2  10   0 0.46  0.0    0  7.0 17 150   M    M   9 1      20 140
11  61  51  56  -1   9   0 0.11  0.0    0 13.1 24 180   M    M   6 1      29 170
12  61  48  55  -2  10   0 1.20  0.0    0 14.4 35 260   M    M   9 13      M  M
13  57  47  52  -5  13   0 1.04  0.0    0 15.9 31 280   M    M   6 1      36 280
14  61  47  54  -3  11   0 0.00  0.0    0 11.5 21 310   M    M   3        28 310
15  62  47  55  -3  10   0 0.00  0.0    0  8.2 18 280   M    M   7        26 320
16  62  50  56  -2   9   0 0.00  0.0    0  8.0 17 280   M    M   5        18 280
17  62  52  57  -1   8   0 0.00  0.0    0  8.7 20 270   M    M   8        32 320
18  66  51  59   1   6   0 0.00  0.0    0 10.8 21 280   M    M   6        37 300
19  68  54  61   3   4   0 0.00  0.0    0  6.1 15 260   M    M   4        18 250
20  79  54  67   9   0   2 0.00  0.0    0  4.6 13 280   M    M   0        15 270
21  83  54  69  11   0   4 0.00  0.0    0  4.6 14 300   M    M   1        17 300
22  66  54  60   2   5   0 0.00  0.0    0 10.4 21 320   M    M   3        36 310
23  67  55  61   3   4   0 0.00  0.0    0 13.5 31 260   M    M   8        78 320
24  69  56  63   5   2   0 0.00  0.0    0  7.5 20 330   M    M   7        30 330
25  69  55  62   4   3   0 0.14  0.0    0  7.0 20 270   M    M   8 1      28  70
26  62  51  57  -1   8   0 0.03  0.0    0 16.5 26 270   M    M   6 1      33 240
27  67  45  56  -2   9   0 0.00  0.0    0  9.8 21 260   M    M   3        32 270
28  67  48  58   0   7   0 0.00  0.0    0  6.0 17 270   M    M   1         M  M
29  73  50  62   3   3   0 0.00  0.0    0  6.1 20 290   M    M   2         M  M
30  68  50  59   0   6   0 0.00  0.0    0  9.8 26  70   M    M   5        66  90
================================================================================
SM 1939 1449       256   6  2.98     0.0 281.0          M      148
================================================================================
AV 64.6 48.3                               9.4 FASTST   M    M   5    MAX(MPH)
                                 MISC ---->  # 35 260               # 78  320
================================================================================
NOTES:
# LAST OF SEVERAL OCCURRENCES

COLUMN 17 PEAK WIND IN M.P.H.

PRELIMINARY LOCAL CLIMATOLOGICAL DATA (WS FORM: F-6) , PAGE 2

                                          STATION:  OAKLAND AIRPORT
                                          MONTH:    APRIL
                                          YEAR:     2012
                                          LATITUDE:   37 43 N
                                          LONGITUDE: 122 13 W

[TEMPERATURE DATA]      [PRECIPITATION DATA]       SYMBOLS USED IN COLUMN 16

AVERAGE MONTHLY: 56.5   TOTAL FOR MONTH:   2.98    1 = FOG OR MIST
DPTR FM NORMAL:  -0.9   DPTR FM NORMAL:    1.64    2 = FOG REDUCING VISIBILITY
HIGHEST:    83 ON 21    GRTST 24HR  1.89 ON 12-13      TO 1/4 MILE OR LESS
LOWEST:     36 ON  6                               3 = THUNDER
                        SNOW, ICE PELLETS, HAIL    4 = ICE PELLETS
                        TOTAL MONTH:   0.0 INCH    5 = HAIL
                        GRTST 24HR     0.0         6 = FREEZING RAIN OR DRIZZLE
                        GRTST DEPTH:   0           7 = DUSTSTORM OR SANDSTORM:
                                                       VSBY 1/2 MILE OR LESS
                                                   8 = SMOKE OR HAZE
[NO. OF DAYS WITH]      [WEATHER - DAYS WITH]      9 = BLOWING SNOW
                                                   X = TORNADO
MAX 32 OR BELOW:   0    0.01 INCH OR MORE:   6
MAX 90 OR ABOVE:   0    0.10 INCH OR MORE:   5
MIN 32 OR BELOW:   0    0.50 INCH OR MORE:   2
MIN  0 OR BELOW:   0    1.00 INCH OR MORE:   2

[HDD (BASE 65) ]
TOTAL THIS MO.   256    CLEAR  (SCALE 0-3)  10
DPTR FM NORMAL    23    PTCLDY (SCALE 4-7)  15
TOTAL FM JUL 1  2582    CLOUDY (SCALE 8-10)  5
DPTR FM NORMAL    -4

[CDD (BASE 65) ]
TOTAL THIS MO.     6
DPTR FM NORMAL     1    [PRESSURE DATA]
TOTAL FM JAN 1     6    HIGHEST SLP 30.27 ON  2
DPTR FM NORMAL     0    LOWEST  SLP 29.73 ON 13

[REMARKS]
#FINAL-04-12#
