000
CXUS56 KMTR 011000
CF6OAK
PRELIMINARY LOCAL CLIMATOLOGICAL DATA (WS FORM: F-6)

                                          STATION:   OAKLAND AIRPORT
                                          MONTH:     JUNE
                                          YEAR:      2012
                                          LATITUDE:   37 43 N
                                          LONGITUDE: 122 13 W

  TEMPERATURE IN F:       :PCPN:    SNOW:  WIND      :SUNSHINE: SKY     :PK WND
================================================================================
1   2   3   4   5  6A  6B    7    8   9   10  11  12  13   14  15   16   17  18
                                     12Z  AVG MX 2MIN
DY MAX MIN AVG DEP HDD CDD  WTR  SNW DPTH SPD SPD DIR MIN PSBL S-S WX    SPD DR
================================================================================

 1  71  53  62   1   3   0 0.00  0.0    0  9.6 21 280   M    M   2        44  70
 2  65  52  59  -2   6   0    T  0.0    0 13.7 23 250   M    M   8        29 250
 3  66  51  59  -2   6   0    T  0.0    0 11.0 24 260   M    M   5        37 300
 4  61  52  57  -4   8   0 0.09  0.0    0 14.0 28 280   M    M   7 1      31 300
 5  66  50  58  -3   7   0 0.00  0.0    0 14.5 25 280   M    M   4        29 280
 6  66  47  57  -4   8   0 0.00  0.0    0  8.1 20 270   M    M   1        32 260
 7  67  49  58  -3   7   0 0.00  0.0    0  8.8 24 260   M    M   3        29 250
 8  68  49  59  -2   6   0 0.00  0.0    0  9.9 23 290   M    M   1        38 310
 9  76  47  62   0   3   0 0.00  0.0    0  9.1 24 280   M    M   0        26 280
10  82  50  66   4   0   1 0.00  0.0    0  4.7 15 280   M    M   0 8      28 290
11  83  53  68   6   0   3 0.00  0.0    0  7.1 21 290   M    M   0 18     23 290
12  72  49  61  -1   4   0 0.00  0.0    0  8.4 21 280   M    M   2        23 280
13  65  51  58  -4   7   0 0.00  0.0    0  8.8 20 270   M    M   4 1      22 280
14  65  51  58  -4   7   0 0.00  0.0    0 10.6 20 240   M    M   1 18     37 100
15  73  48  61  -1   4   0 0.00  0.0    0  8.4 18 290   M    M   2        22 290
16  85  52  69   7   0   4 0.00  0.0    0  5.0 17 300   M    M   4        21 300
17  73  53  63   1   2   0 0.00  0.0    0 12.2 24 310   M    M   3        29 300
18  65  52  59  -3   6   0 0.00  0.0    0  9.4 20 280   M    M   5        22 280
19  71  49  60  -3   5   0 0.00  0.0    0  7.5 22  60   M    M   1 1      33 280
20  81  50  66   3   0   1 0.00  0.0    0  7.6 22 290   M    M   1 1      38 280
21  58  51  55  -8  10   0 0.00  0.0    0 14.2 23 260   M    M   8 1      30 260
22  66  51  59  -4   6   0    T  0.0    0 11.9 24 100   M    M   9 8      37  70
23  66  52  59  -4   6   0 0.00  0.0    0 12.3 21 280   M    M   5        25  90
24  68  53  61  -2   4   0 0.00  0.0    0 12.4 22 270   M    M   2        29 320
25  68  54  61  -2   4   0 0.00  0.0    0  9.9 20 280   M    M   4        35 260
26  71  48  60  -3   5   0 0.00  0.0    0  8.7 22 270   M    M   2        38 360
27  71  51  61  -2   4   0 0.00  0.0    0  7.6 20 280   M    M   1        23 280
28  69  53  61  -2   4   0 0.00  0.0    0 10.9 24 260   M    M   5        31 290
29  68  56  62  -1   3   0 0.00  0.0    0 12.1 22 280   M    M   8        28 320
30  70  57  64   1   1   0    T  0.0    0 11.6 20 270   M    M   8 1      28 310
================================================================================
SM 2096 1534       136   9  0.09     0.0 300.0          M      106
================================================================================
AV 69.9 51.1                              10.0 FASTST   M    M   4    MAX(MPH)
                                 MISC ---->  # 28 280               # 44   70
================================================================================
NOTES:
# LAST OF SEVERAL OCCURRENCES

COLUMN 17 PEAK WIND IN M.P.H.

PRELIMINARY LOCAL CLIMATOLOGICAL DATA (WS FORM: F-6) , PAGE 2

                                          STATION:  OAKLAND AIRPORT
                                          MONTH:    JUNE
                                          YEAR:     2012
                                          LATITUDE:   37 43 N
                                          LONGITUDE: 122 13 W

[TEMPERATURE DATA]      [PRECIPITATION DATA]       SYMBOLS USED IN COLUMN 16

AVERAGE MONTHLY: 60.5   TOTAL FOR MONTH:   0.09    1 = FOG OR MIST
DPTR FM NORMAL:  -1.6   DPTR FM NORMAL:   -0.09    2 = FOG REDUCING VISIBILITY
HIGHEST:    85 ON 16    GRTST 24HR  0.09 ON  4- 4      TO 1/4 MILE OR LESS
LOWEST:     47 ON  9, 6                            3 = THUNDER
                        SNOW, ICE PELLETS, HAIL    4 = ICE PELLETS
                        TOTAL MONTH:   0.0 INCH    5 = HAIL
                        GRTST 24HR     0.0         6 = FREEZING RAIN OR DRIZZLE
                        GRTST DEPTH:   0           7 = DUSTSTORM OR SANDSTORM:
                                                       VSBY 1/2 MILE OR LESS
                                                   8 = SMOKE OR HAZE
[NO. OF DAYS WITH]      [WEATHER - DAYS WITH]      9 = BLOWING SNOW
                                                   X = TORNADO
MAX 32 OR BELOW:   0    0.01 INCH OR MORE:   1
MAX 90 OR ABOVE:   0    0.10 INCH OR MORE:   0
MIN 32 OR BELOW:   0    0.50 INCH OR MORE:   0
MIN  0 OR BELOW:   0    1.00 INCH OR MORE:   0

[HDD (BASE 65) ]
TOTAL THIS MO.   136    CLEAR  (SCALE 0-3)  16
DPTR FM NORMAL    33    PTCLDY (SCALE 4-7)  13
TOTAL FM JUL 1  2911    CLOUDY (SCALE 8-10)  1
DPTR FM NORMAL    38

[CDD (BASE 65) ]
TOTAL THIS MO.     9
DPTR FM NORMAL    -9    [PRESSURE DATA]
TOTAL FM JAN 1    16    HIGHEST SLP 30.02 ON  8
DPTR FM NORMAL   -18    LOWEST  SLP 29.76 ON 16

[REMARKS]
#FINAL-06-12#
