000
CXUS56 KMTR 011533
CF6OAK
PRELIMINARY LOCAL CLIMATOLOGICAL DATA (WS FORM: F-6)

                                          STATION:   OAKLAND AIRPORT
                                          MONTH:     DECEMBER
                                          YEAR:      2010
                                          LATITUDE:   37 43 N
                                          LONGITUDE: 122 13 W

  TEMPERATURE IN F:       :PCPN:    SNOW:  WIND      :SUNSHINE: SKY     :PK WND
================================================================================
1   2   3   4   5  6A  6B    7    8   9   10  11  12  13   14  15   16   17  18
                                     12Z  AVG MX 2MIN
DY MAX MIN AVG DEP HDD CDD  WTR  SNW DPTH SPD SPD DIR MIN PSBL S-S WX    SPD DR
================================================================================

 1  54  35  45  -7  20   0 0.00  0.0    0  3.8  9 140   M    M   3 18     10 140
 2  57  40  49  -3  16   0 0.02  0.0    0  1.8  8 160   M    M   3 18      9 220
 3  58  49  54   2  11   0 0.00  0.0    0  6.0 15 100   M    M  10 18     25  90
 4  59  47  53   2  12   0 0.01  0.0    0  3.1 10 140   M    M   9 18     13 140
 5  64  50  57   6   8   0 0.53  0.0    0  8.2 25 140   M    M   8 18     31 150
 6  63  46  55   4  10   0 0.06  0.0    0  9.7 26 140   M    M   6 1      33 140
 7  60  42  51   0  14   0 0.01  0.0    0  3.1 10 290   M    M   5 1      12 290
 8  57  48  53   2  12   0 0.72  0.0    0  5.5 15 110   M    M   9 1      17 110
 9  60  55  58   7   7   0 0.01  0.0    0  1.3  7 210   M    M   9 12      9 340
10  64  56  60   9   5   0    T  0.0    0  3.1  9 300   M    M   9 18     10 210
11  61  51  56   5   9   0 0.00  0.0    0  2.9 10 300   M    M   7 1      14 240
12  60  49  55   5  10   0 0.00  0.0    0  6.5 13 310   M    M   7 18     15 310
13  57  52  55   5  10   0 0.00  0.0    0  4.9 10  90   M    M   9 18     13  90
14  58  52  55   5  10   0 0.45  0.0    0  6.7 18 280   M    M  10 1      21 280
15  55  41  48  -2  17   0 0.01  0.0    0  3.6 12 300   M    M   6 1      13 300
16  53  36  45  -5  20   0 0.04  0.0    0  4.3  9  70   M    M   5 18     12  70
17  56  46  51   1  14   0 0.59  0.0    0  9.5 26 160   M    M  10 1      36 150
18  59  53  56   6   9   0 0.61  0.0    M  9.8 23 150   M    M   9 1      28 150
19  57  52  55   5  10   0 1.40  0.0    0 11.5 29 210   M    M   9 13     36 200
20  53  48  51   1  14   0    T  0.0    0 14.6 23 150   M    M   9        29 150
21  57  48  53   4  12   0 0.13  0.0    0 12.0 22 140   M    M   9        26 130
22  57  49  53   4  12   0 0.14  0.0    0  5.1 15 290   M    M   8 1      17 280
23  57  41  49   0  16   0 0.00  0.0    0  3.0 13 280   M    M   6 1      14 280
24  59  39  49   0  16   0 0.00  0.0    0  4.6 16 140   M    M   7 18     21 150
25  57  45  51   2  14   0 0.56  0.0    0 10.2 26 220   M    M   8 1      33 240
26  58  46  52   3  13   0 0.01  0.0    0  8.0 13 150   M    M   6        28 110
27  57  43  50   1  15   0 0.00  0.0    0  3.5 13 300   M    M   6 12     15 300
28  56  47  52   3  13   0 1.26  0.0    0  9.1 32 140   M    M  10 1      32 140
29  56  43  50   1  15   0 0.06  0.0    0 19.2 31 260   M    M   4 1      38 260
30  53  36  45  -4  20   0 0.00  0.0    0  5.0 15 280   M    M   3        22 280
31  50  34  42  -7  23   0    T  0.0    0  3.3  9 120   M    M   7        26 210
================================================================================
SM 1782 1419       407   0  6.62     0.0 202.9          M      226
================================================================================
AV 57.5 45.8                               6.5 FASTST   M    M   7    MAX(MPH)
                                 MISC ---->  # 32 140               # 38  260
================================================================================
NOTES:
# LAST OF SEVERAL OCCURRENCES

COLUMN 17 PEAK WIND IN M.P.H.

PRELIMINARY LOCAL CLIMATOLOGICAL DATA (WS FORM: F-6) , PAGE 2

                                          STATION:  OAKLAND AIRPORT
                                          MONTH:    DECEMBER
                                          YEAR:     2010
                                          LATITUDE:   37 43 N
                                          LONGITUDE: 122 13 W

[TEMPERATURE DATA]      [PRECIPITATION DATA]       SYMBOLS USED IN COLUMN 16

AVERAGE MONTHLY: 51.6   TOTAL FOR MONTH:   6.62    1 = FOG OR MIST
DPTR FM NORMAL:     M   DPTR FM NORMAL:    3.89    2 = FOG REDUCING VISIBILITY
HIGHEST:    64 ON 10, 5 GRTST 24HR  1.45 ON 18-19      TO 1/4 MILE OR LESS
LOWEST:     34 ON 31                               3 = THUNDER
                        SNOW, ICE PELLETS, HAIL    4 = ICE PELLETS
                        TOTAL MONTH:   0.0 INCH    5 = HAIL
                        GRTST 24HR     0.0         6 = FREEZING RAIN OR DRIZZLE
                        GRTST DEPTH:   0           7 = DUSTSTORM OR SANDSTORM:
                                                       VSBY 1/2 MILE OR LESS
                                                   8 = SMOKE OR HAZE
[NO. OF DAYS WITH]      [WEATHER - DAYS WITH]      9 = BLOWING SNOW
                                                   X = TORNADO
MAX 32 OR BELOW:   0    0.01 INCH OR MORE:  19
MAX 90 OR ABOVE:   0    0.10 INCH OR MORE:  10
MIN 32 OR BELOW:   0    0.50 INCH OR MORE:   7
MIN  0 OR BELOW:   0    1.00 INCH OR MORE:   2

[HDD (BASE 65) ]
TOTAL THIS MO.   407    CLEAR  (SCALE 0-3)   2
DPTR FM NORMAL   -76    PTCLDY (SCALE 4-7)  14
TOTAL FM JUL 1   905    CLOUDY (SCALE 8-10) 15
DPTR FM NORMAL  -204

[CDD (BASE 65) ]
TOTAL THIS MO.     0
DPTR FM NORMAL     0    [PRESSURE DATA]
TOTAL FM JAN 1   256    HIGHEST SLP 30.38 ON 27
DPTR FM NORMAL   108    LOWEST  SLP 29.51 ON 19

[REMARKS]
#FINAL-12-10#
