000
CXUS56 KMTR 011000
CF6OAK
PRELIMINARY LOCAL CLIMATOLOGICAL DATA (WS FORM: F-6)

                                          STATION:   OAKLAND AIRPORT
                                          MONTH:     AUGUST
                                          YEAR:      2013
                                          LATITUDE:   37 43 N
                                          LONGITUDE: 122 13 W

  TEMPERATURE IN F:       :PCPN:    SNOW:  WIND      :SUNSHINE: SKY     :PK WND
================================================================================
1   2   3   4   5  6A  6B    7    8   9   10  11  12  13   14  15   16   17  18
                                     12Z  AVG MX 2MIN
DY MAX MIN AVG DEP HDD CDD  WTR  SNW DPTH SPD SPD DIR MIN PSBL S-S WX    SPD DR
================================================================================

 1  68  54  61  -2   4   0 0.00  0.0    0  9.4 20 270   M    M   5        28 310
 2  69  55  62  -1   3   0 0.00  0.0    0  8.5 18 280   M    M   4        22 290
 3  69  54  62  -1   3   0 0.00  0.0    0 10.1 20 300   M    M   6        23 300
 4  67  55  61  -2   4   0    T  0.0    0 11.1 20 280   M    M   8 1      24 290
 5  65  55  60  -3   5   0 0.00  0.0    0  9.3 18 290   M    M   8        29 320
 6  67  55  61  -2   4   0 0.00  0.0    0 10.3 20 280   M    M   8        29 280
 7  72  55  64   1   1   0    T  0.0    0  9.5 17 260   M    M   8 1      26 330
 8  72  57  65   2   0   0 0.00  0.0    0 10.5 21 270   M    M   8        24 270
 9  69  56  63   0   2   0    T  0.0    0 10.3 20 280   M    M   8        21 290
10  70  59  65   1   0   0    T  0.0    0  9.3 20 280   M    M   8 1      29 280
11  67  56  62  -2   3   0    T  0.0    0  8.7 18 280   M    M   7 1      32 280
12  73  58  66   2   0   1 0.00  0.0    0  7.8 17 280   M    M   6        20 280
13  81  56  69   5   0   4 0.00  0.0    0  7.5 22  50   M    M   3        28  80
14  73  56  65   1   0   0 0.00  0.0    0  8.1 20 270   M    M   3        28 310
15  77  61  69   5   0   4 0.00  0.0    0 10.4 17 270   M    M   6        21 290
16  74  58  66   2   0   1 0.00  0.0    0  7.9 20 270   M    M   6 18     24 260
17  70  59  65   1   0   0 0.00  0.0    0  6.5 23 270   M    M   7        26 270
18  80  60  70   6   0   5 0.00  0.0    M  5.7 16 290   M    M   5        20 300
19  76  56  66   2   0   1 0.00  0.0    0  9.2 22 310   M    M   3        39 290
20  70  54  62  -2   3   0 0.00  0.0    0  9.0 20 310   M    M   5        25 300
21  66  53  60  -5   5   0 0.00  0.0    0 10.2 20 280   M    M   5         M 280
22  70  53  62  -3   3   0 0.00  0.0    0 11.8 21 280   M    M   6        29 320
23  66  58  62  -3   3   0 0.00  0.0    0  9.0 18 270   M    M   7        28 320
24  72  59  66   1   0   1 0.00  0.0    0  9.5 20 270   M    M   7        23 270
25  76  63  70   5   0   5    T  0.0    0  8.8 21 280   M    M   7 18      M  M
26  72  61  67   2   0   2 0.00  0.0    0  8.7 18 280   M    M   6         M  M
27  72  59  66   1   0   1 0.00  0.0    0  8.7 25 280   M    M   4        30 280
28  75  60  68   3   0   3 0.00  0.0    0  7.9 20 280   M    M   7        29 360
29  77  62  70   5   0   5 0.00  0.0    0  6.6 15 280   M    M   6        21 260
30  80  59  70   5   0   5 0.00  0.0    0  6.3 17 280   M    M   4        20 280
31  73  59  66   1   0   1 0.00  0.0    0  9.3 20 270   M    M   4        24 250
================================================================================
SM 2228 1775        43  39    T      0.0 275.9          M      185
================================================================================
AV 71.9 57.3                               8.9 FASTST   M    M   6    MAX(MPH)
                                 MISC ---->  # 25 280               # 39  290
================================================================================
NOTES:
# LAST OF SEVERAL OCCURRENCES

COLUMN 17 PEAK WIND IN M.P.H.

PRELIMINARY LOCAL CLIMATOLOGICAL DATA (WS FORM: F-6) , PAGE 2

                                          STATION:  OAKLAND AIRPORT
                                          MONTH:    AUGUST
                                          YEAR:     2013
                                          LATITUDE:   37 43 N
                                          LONGITUDE: 122 13 W

[TEMPERATURE DATA]      [PRECIPITATION DATA]       SYMBOLS USED IN COLUMN 16

AVERAGE MONTHLY: 64.6   TOTAL FOR MONTH:      T    1 = FOG OR MIST
DPTR FM NORMAL:   0.5   DPTR FM NORMAL:   -0.05    2 = FOG REDUCING VISIBILITY
HIGHEST:    81 ON 13    GRTST 24HR    T  ON 25-25      TO 1/4 MILE OR LESS
LOWEST:     53 ON 22,21                            3 = THUNDER
                        SNOW, ICE PELLETS, HAIL    4 = ICE PELLETS
                        TOTAL MONTH:   0.0 INCH    5 = HAIL
                        GRTST 24HR     0.0         6 = FREEZING RAIN OR DRIZZLE
                        GRTST DEPTH:   0           7 = DUSTSTORM OR SANDSTORM:
                                                       VSBY 1/2 MILE OR LESS
                                                   8 = SMOKE OR HAZE
[NO. OF DAYS WITH]      [WEATHER - DAYS WITH]      9 = BLOWING SNOW
                                                   X = TORNADO
MAX 32 OR BELOW:   0    0.01 INCH OR MORE:   0
MAX 90 OR ABOVE:   0    0.10 INCH OR MORE:   0
MIN 32 OR BELOW:   0    0.50 INCH OR MORE:   0
MIN  0 OR BELOW:   0    1.00 INCH OR MORE:   0

[HDD (BASE 65) ]
TOTAL THIS MO.    43    CLEAR  (SCALE 0-3)   2
DPTR FM NORMAL   -14    PTCLDY (SCALE 4-7)  28
TOTAL FM JUL 1    87    CLOUDY (SCALE 8-10)  1
DPTR FM NORMAL   -53

[CDD (BASE 65) ]
TOTAL THIS MO.    39
DPTR FM NORMAL    11    [PRESSURE DATA]
TOTAL FM JAN 1   144    HIGHEST SLP 30.12 ON  7
DPTR FM NORMAL    64    LOWEST  SLP 29.77 ON 18

[REMARKS]
#FINAL-08-13#
