000
CXUS56 KMTR 011000
CF6OAK
PRELIMINARY LOCAL CLIMATOLOGICAL DATA (WS FORM: F-6)

                                          STATION:   OAKLAND AIRPORT
                                          MONTH:     JULY
                                          YEAR:      2012
                                          LATITUDE:   37 43 N
                                          LONGITUDE: 122 13 W

  TEMPERATURE IN F:       :PCPN:    SNOW:  WIND      :SUNSHINE: SKY     :PK WND
================================================================================
1   2   3   4   5  6A  6B    7    8   9   10  11  12  13   14  15   16   17  18
                                     12Z  AVG MX 2MIN
DY MAX MIN AVG DEP HDD CDD  WTR  SNW DPTH SPD SPD DIR MIN PSBL S-S WX    SPD DR
================================================================================

 1  66  57  62  -1   3   0 0.00  0.0    0 10.7 22 270   M    M   9        29  90
 2  66  55  61  -2   4   0 0.00  0.0    0 13.4 23 250   M    M   6 1      28 170
 3  70  53  62  -1   3   0 0.00  0.0    0  7.0 23 260   M    M   3        33  80
 4  72  52  62  -1   3   0 0.00  0.0    0  8.9 20 250   M    M   2        29 330
 5  65  55  60  -3   5   0 0.00  0.0    0 12.0 20 270   M    M   6        24 250
 6  69  54  62  -1   3   0 0.00  0.0    0  7.5 16 280   M    M   5        26 100
 7  75  52  64   1   1   0 0.00  0.0    0  8.7 18 290   M    M   1        31 320
 8  65  53  59  -4   6   0 0.00  0.0    0 10.9 18 280   M    M   7        35 100
 9  65  54  60  -3   5   0 0.00  0.0    0  7.8 17 280   M    M   6        30  80
10  74  53  64   1   1   0 0.00  0.0    0  7.3 20 290   M    M   5 18     25  80
11  77  53  65   2   0   0 0.00  0.0    M  9.7 18 330   M    M   2 1      32 290
12  69  52  61  -2   4   0 0.00  0.0    0 10.1 24 290   M    M   3        35  90
13  61  52  57  -6   8   0    T  0.0    0 12.5 22 280   M    M   8 18     29 170
14  69  54  62  -1   3   0    T  0.0    0 10.0 20 300   M    M   6        28 290
15  67  54  61  -2   4   0 0.00  0.0    0  9.3 22 300   M    M   5 1      31 360
16  67  57  62  -1   3   0 0.01  0.0    0 16.3 26 210   M    M   7 1      30 230
17  69  56  63   0   2   0 0.02  0.0    0  9.9 18 290   M    M   7 1      29 320
18  68  57  63   0   2   0 0.00  0.0    0  9.3 17 270   M    M   6        21 260
19  71  55  63   0   2   0 0.00  0.0    0  9.3 18 260   M    M   5        25 270
20  74  57  66   3   0   1 0.00  0.0    0  8.6 20 290   M    M   5        22 270
21  83  54  69   6   0   4 0.00  0.0    0  8.3 18 290   M    M   1        21 300
22  71  54  63   0   2   0 0.00  0.0    0  9.6 22 290   M    M   3        35 320
23  74  55  65   2   0   0 0.00  0.0    0  8.3 20 300   M    M   4        23 320
24  70  54  62  -1   3   0 0.00  0.0    0  8.9 20 310   M    M   4        33 330
25  69  57  63   0   2   0 0.00  0.0    0  9.4 21 280   M    M   7         M 320
26  68  55  62  -1   3   0 0.00  0.0    0 10.4 20 300   M    M   8        23 270
27  68  55  62  -1   3   0 0.00  0.0    0 10.0 18 300   M    M   7         M 330
28  67  56  62  -1   3   0    T  0.0    0 11.5 21 280   M    M   6        25 280
29  69  55  62  -1   3   0    T  0.0    0  8.3 20 290   M    M   6        24 310
30  77  55  66   3   0   1 0.00  0.0    0  6.7 17 290   M    M   4 18     20 290
31  70  53  62  -1   3   0 0.00  0.0    0  9.2 18 300   M    M   1         M  M
================================================================================
SM 2165 1688        84   6  0.03     0.0 299.8          M      155
================================================================================
AV 69.8 54.5                               9.7 FASTST   M    M   5    MAX(MPH)
                                 MISC ---->  # 26 210               # 35  100
================================================================================
NOTES:
# LAST OF SEVERAL OCCURRENCES

COLUMN 17 PEAK WIND IN M.P.H.

PRELIMINARY LOCAL CLIMATOLOGICAL DATA (WS FORM: F-6) , PAGE 2

                                          STATION:  OAKLAND AIRPORT
                                          MONTH:    JULY
                                          YEAR:     2012
                                          LATITUDE:   37 43 N
                                          LONGITUDE: 122 13 W

[TEMPERATURE DATA]      [PRECIPITATION DATA]       SYMBOLS USED IN COLUMN 16

AVERAGE MONTHLY: 62.1   TOTAL FOR MONTH:   0.03    1 = FOG OR MIST
DPTR FM NORMAL:  -0.8   DPTR FM NORMAL:    0.02    2 = FOG REDUCING VISIBILITY
HIGHEST:    83 ON 21    GRTST 24HR  0.03 ON 16-17      TO 1/4 MILE OR LESS
LOWEST:     52 ON 13,12                            3 = THUNDER
                        SNOW, ICE PELLETS, HAIL    4 = ICE PELLETS
                        TOTAL MONTH:   0.0 INCH    5 = HAIL
                        GRTST 24HR     0.0         6 = FREEZING RAIN OR DRIZZLE
                        GRTST DEPTH:   0           7 = DUSTSTORM OR SANDSTORM:
                                                       VSBY 1/2 MILE OR LESS
                                                   8 = SMOKE OR HAZE
[NO. OF DAYS WITH]      [WEATHER - DAYS WITH]      9 = BLOWING SNOW
                                                   X = TORNADO
MAX 32 OR BELOW:   0    0.01 INCH OR MORE:   2
MAX 90 OR ABOVE:   0    0.10 INCH OR MORE:   0
MIN 32 OR BELOW:   0    0.50 INCH OR MORE:   0
MIN  0 OR BELOW:   0    1.00 INCH OR MORE:   0

[HDD (BASE 65) ]
TOTAL THIS MO.    84    CLEAR  (SCALE 0-3)   6
DPTR FM NORMAL     1    PTCLDY (SCALE 4-7)  24
TOTAL FM JUL 1    84    CLOUDY (SCALE 8-10)  1
DPTR FM NORMAL     1

[CDD (BASE 65) ]
TOTAL THIS MO.     6
DPTR FM NORMAL   -12    [PRESSURE DATA]
TOTAL FM JAN 1    22    HIGHEST SLP 30.04 ON 27
DPTR FM NORMAL   -30    LOWEST  SLP 29.79 ON 11

[REMARKS]
#FINAL-07-12#
