000
CXUS53 KOAX 011030
CF6OFK
PRELIMINARY LOCAL CLIMATOLOGICAL DATA (WS FORM: F-6)
STATION: NORFOLK NE
MONTH: NOVEMBER
YEAR: 2021
LATITUDE: 41 58 N
LONGITUDE: 97 26 W
TEMPERATURE IN F: :PCPN: SNOW: WIND :SUNSHINE: SKY :PK WND
================================================================================
1 2 3 4 5 6A 6B 7 8 9 10 11 12 13 14 15 16 17 18
12Z AVG MX 2MIN
DY MAX MIN AVG DEP HDD CDD WTR SNW DPTH SPD SPD DIR MIN PSBL S-S WX SPD DR
================================================================================
1 45 23 34 -9 31 0 0.00 0.0 0 3.1 9 360 M M 8 12 290
2 52 20 36 -7 29 0 0.00 0.0 0 2.4 10 200 M M 1 128 14 290
3 50 36 43 1 22 0 0.00 0.0 0 10.4 18 210 M M 7 25 210
4 55 33 44 2 21 0 0.00 0.0 0 8.9 17 160 M M 4 12 22 160
5 69 42 56 15 9 0 0.00 0.0 0 15.5 30 200 M M 0 40 190
6 74 37 56 15 9 0 0.00 0.0 0 7.1 21 190 M M 0 1 27 180
7 66 44 55 15 10 0 0.00 0.0 0 7.6 20 190 M M 0 26 190
8 61 40 51 11 14 0 0.00 0.0 0 10.6 23 40 M M 0 29 30
9 60 32 46 6 19 0 0.00 0.0 0 5.8 13 80 M M 0 16 40
10 55 40 48 9 17 0 0.13 0.0 0 9.8 29 330 M M 8 1 43 330
11 53 33 43 4 22 0 T T 0 21.8 41 290 M M 4 59 290
12 34 28 31 -7 34 0 T T 0 23.8 39 310 M M 10 53 320
13 50 20 35 -3 30 0 0.03 0.0 0 11.3 41 320 M M 6 54 320
14 51 33 42 5 23 0 0.00 0.0 0 8.0 26 310 M M 6 35 320
15 63 32 48 11 17 0 0.00 0.0 0 5.1 13 350 M M 1 15 340
16 74 35 55 19 10 0 0.00 0.0 0 11.1 26 360 M M 0 36 350
17 49 30 40 4 25 0 0.00 0.0 0 17.4 29 310 M M 1 42 320
18 43 21 32 -4 33 0 0.00 0.0 0 10.5 21 310 M M 0 27 310
19 52 27 40 5 25 0 0.00 0.0 0 13.3 31 200 M M 0 41 170
20 60 28 44 9 21 0 0.00 0.0 0 5.4 17 10 M M 5 8 21 10
21 44 26 35 1 30 0 0.00 0.0 0 10.1 28 340 M M 2 38 340
22 55 28 42 8 23 0 0.00 0.0 0 5.8 17 200 M M 2 22 200
23 71 29 50 17 15 0 0.00 0.0 0 15.8 33 190 M M 0 45 180
24 53 32 43 10 22 0 0.00 0.0 0 18.4 32 340 M M 2 45 330
25 34 19 27 -6 38 0 0.00 0.0 0 11.1 25 330 M M 4 36 320
26 69 26 48 16 17 0 0.00 0.0 0 5.2 15 270 M M 1 21 320
27 58 31 45 13 20 0 0.00 0.0 0 12.6 31 320 M M 1 42 320
28 54 20 37 6 28 0 0.00 0.0 0 8.0 17 200 M M 0 24 230
29 72 33 53 22 12 0 0.00 0.0 0 6.6 22 330 M M 0 8 29 330
30 59 35 47 17 18 0 0.00 0.0 0 6.7 20 210 M M 3 29 200
================================================================================
SM 1685 913 644 0 0.16 T 309.2 M 76
================================================================================
AV 56.2 30.4 10.3 FASTST M M 3 MAX(MPH)
MISC ----> # 41 290 59 290
================================================================================
NOTES:
# LAST OF SEVERAL OCCURRENCES
COLUMN 17 PEAK WIND IN M.P.H.
PRELIMINARY LOCAL CLIMATOLOGICAL DATA (WS FORM: F-6) , PAGE 2
STATION: NORFOLK NE
MONTH: NOVEMBER
YEAR: 2021
LATITUDE: 41 58 N
LONGITUDE: 97 26 W
[TEMPERATURE DATA] [PRECIPITATION DATA] SYMBOLS USED IN COLUMN 16
AVERAGE MONTHLY: 43.3 TOTAL FOR MONTH: 0.16 1 = FOG OR MIST
DPTR FM NORMAL: 6.5 DPTR FM NORMAL: -1.06 2 = FOG REDUCING VISIBILITY
HIGHEST: 74 ON 16, 6 GRTST 24HR 0.13 ON 10-10 TO 1/4 MILE OR LESS
LOWEST: 19 ON 25 3 = THUNDER
SNOW, ICE PELLETS, HAIL 4 = ICE PELLETS
TOTAL MONTH: T 5 = HAIL
GRTST 24HR T ON 11-11 6 = FREEZING RAIN OR DRIZZLE
GRTST DEPTH: 0 7 = DUSTSTORM OR SANDSTORM:
VSBY 1/2 MILE OR LESS
8 = SMOKE OR HAZE
[NO. OF DAYS WITH] [WEATHER - DAYS WITH] 9 = BLOWING SNOW
X = TORNADO
MAX 32 OR BELOW: 0 0.01 INCH OR MORE: 2
MAX 90 OR ABOVE: 0 0.10 INCH OR MORE: 1
MIN 32 OR BELOW: 18 0.50 INCH OR MORE: 0
MIN 0 OR BELOW: 0 1.00 INCH OR MORE: 0
[HDD (BASE 65) ]
TOTAL THIS MO. 644 CLEAR (SCALE 0-3) 19
DPTR FM NORMAL -204 PTCLDY (SCALE 4-7) 9
TOTAL FM JUL 1 997 CLOUDY (SCALE 8-10) 2
DPTR FM NORMAL -429
[CDD (BASE 65) ]
TOTAL THIS MO. 0
DPTR FM NORMAL 0 [PRESSURE DATA]
TOTAL FM JAN 1 1211 HIGHEST SLP 30.56 ON 25
DPTR FM NORMAL 304 LOWEST SLP 29.48 ON 16
[REMARKS]
#FINAL-11-21#