000
CXUS53 KOAX 010930
CF6OFK
PRELIMINARY LOCAL CLIMATOLOGICAL DATA (WS FORM: F-6)
STATION: NORFOLK NE
MONTH: SEPTEMBER
YEAR: 2021
LATITUDE: 41 58 N
LONGITUDE: 97 26 W
TEMPERATURE IN F: :PCPN: SNOW: WIND :SUNSHINE: SKY :PK WND
================================================================================
1 2 3 4 5 6A 6B 7 8 9 10 11 12 13 14 15 16 17 18
12Z AVG MX 2MIN
DY MAX MIN AVG DEP HDD CDD WTR SNW DPTH SPD SPD DIR MIN PSBL S-S WX SPD DR
================================================================================
1 79 62 71 2 0 6 0.00 0.0 0 12.2 23 130 M M 3 18 32 130
2 76 67 72 3 0 7 0.15 0.0 0 12.5 24 160 M M 6 1 33 130
3 71 62 67 -2 0 2 0.00 0.0 0 10.3 18 330 M M 9 18 26 330
4 80 61 71 3 0 6 0.00 0.0 0 4.8 12 330 M M 1 17 10
5 85 60 73 5 0 8 0.00 0.0 0 5.5 17 220 M M 1 24 210
6 90 59 75 7 0 10 0.00 0.0 0 6.9 17 180 M M 0 128 25 180
7 80 56 68 0 0 3 0.00 0.0 0 11.9 25 360 M M 0 35 340
8 82 52 67 0 0 2 0.00 0.0 0 7.4 17 300 M M 0 23 300
9 81 46 64 -3 1 0 0.00 0.0 0 4.0 13 170 M M 0 18 130
10 88 56 72 5 0 7 0.00 0.0 0 2.3 8 160 M M 0 10 150
11 94 61 78 12 0 13 0.00 0.0 0 5.8 15 340 M M 0 12 19 230
12 81 62 72 6 0 7 0.01 0.0 0 11.0 31 310 M M 1 3 50 310
13 82 56 69 3 0 4 0.00 0.0 0 4.5 13 360 M M 2 18 17 10
14 78 56 67 2 0 2 T 0.0 0 6.1 17 340 M M 5 1 23 330
15 83 48 66 1 0 1 0.00 0.0 0 10.4 24 170 M M 0 1 33 160
16 93 68 81 17 0 16 0.00 0.0 0 17.0 28 190 M M 0 40 180
17 76 55 66 2 0 1 0.26 0.0 0 9.0 28 310 M M 4 13 41 310
18 88 54 71 7 0 6 0.00 0.0 0 10.1 22 170 M M 3 31 200
19 90 69 80 17 0 15 0.00 0.0 0 18.4 30 170 M M 0 43 170
20 76 52 64 1 1 0 0.03 0.0 0 14.1 29 170 M M 5 3 37 180
21 71 42 57 -5 8 0 0.00 0.0 0 8.2 21 340 M M 0 31 350
22 74 36 55 -7 10 0 0.00 0.0 0 5.2 13 160 M M 0 17 170
23 83 48 66 4 0 1 0.00 0.0 0 9.6 18 160 M M 0 28 190
24 73 42 58 -3 7 0 T 0.0 0 9.0 23 330 M M 1 32 340
25 81 35 58 -3 7 0 0.00 0.0 0 10.3 24 220 M M 0 32 230
26 92 51 72 12 0 7 0.00 0.0 0 7.1 18 190 M M 0 26 200
27 92 52 72 12 0 7 0.00 0.0 0 4.8 13 90 M M 0 17 50
28 93 57 75 16 0 10 0.00 0.0 0 9.1 21 160 M M 0 8 27 140
29 79 58 69 10 0 4 0.03 0.0 0 8.1 15 130 M M 2 3 20 140
30 71 63 67 9 0 2 1.30 0.0 0 5.1 16 280 M M 9 138 24 300
================================================================================
SM 2462 1646 34 147 1.78 0.0 260.7 M 52
================================================================================
AV 82.1 54.9 8.7 FASTST M M 2 MAX(MPH)
MISC ----> 31 310 50 310
================================================================================
NOTES:
# LAST OF SEVERAL OCCURRENCES
COLUMN 17 PEAK WIND IN M.P.H.
PRELIMINARY LOCAL CLIMATOLOGICAL DATA (WS FORM: F-6) , PAGE 2
STATION: NORFOLK NE
MONTH: SEPTEMBER
YEAR: 2021
LATITUDE: 41 58 N
LONGITUDE: 97 26 W
[TEMPERATURE DATA] [PRECIPITATION DATA] SYMBOLS USED IN COLUMN 16
AVERAGE MONTHLY: 68.5 TOTAL FOR MONTH: 1.78 1 = FOG OR MIST
DPTR FM NORMAL: 4.1 DPTR FM NORMAL: -0.59 2 = FOG REDUCING VISIBILITY
HIGHEST: 94 ON 11 GRTST 24HR 1.30 ON 29-30 TO 1/4 MILE OR LESS
LOWEST: 35 ON 25 3 = THUNDER
SNOW, ICE PELLETS, HAIL 4 = ICE PELLETS
TOTAL MONTH: 0.0 INCH 5 = HAIL
GRTST 24HR 0.0 6 = FREEZING RAIN OR DRIZZLE
GRTST DEPTH: 0 7 = DUSTSTORM OR SANDSTORM:
VSBY 1/2 MILE OR LESS
8 = SMOKE OR HAZE
[NO. OF DAYS WITH] [WEATHER - DAYS WITH] 9 = BLOWING SNOW
X = TORNADO
MAX 32 OR BELOW: 0 0.01 INCH OR MORE: 6
MAX 90 OR ABOVE: 7 0.10 INCH OR MORE: 3
MIN 32 OR BELOW: 0 0.50 INCH OR MORE: 1
MIN 0 OR BELOW: 0 1.00 INCH OR MORE: 1
[HDD (BASE 65) ]
TOTAL THIS MO. 34 CLEAR (SCALE 0-3) 24
DPTR FM NORMAL -82 PTCLDY (SCALE 4-7) 4
TOTAL FM JUL 1 34 CLOUDY (SCALE 8-10) 2
DPTR FM NORMAL -97
[CDD (BASE 65) ]
TOTAL THIS MO. 147
DPTR FM NORMAL 51 [PRESSURE DATA]
TOTAL FM JAN 1 1201 HIGHEST SLP 30.40 ON 21
DPTR FM NORMAL 304 LOWEST SLP 29.57 ON 20
[REMARKS]
#FINAL-09-21#