000
CXUS53 KOAX 011333
CLMOFK
CLIMATE REPORT
NATIONAL WEATHER SERVICE OMAHA/VALLEY NE
733 AM CST FRI DEC 01 2023
...................................
...THE NORFOLK NE CLIMATE SUMMARY FOR THE MONTH OF NOVEMBER 2023...
CLIMATE NORMAL PERIOD 1991 TO 2020
CLIMATE RECORD PERIOD 1888 TO 2023
WEATHER OBSERVED NORMAL DEPART
VALUE DATE(S) VALUE FROM
NORMAL
................................................
TEMPERATURE (F)
HIGHEST 71 11/06
LOWEST 13 11/28
AVG. MAXIMUM 55.2 48.3 6.9
AVG. MINIMUM 27.9 25.2 2.7
MEAN 41.6 36.8 4.8
DAYS MAX >= 90 0
DAYS MAX <= 32 2
DAYS MIN <= 32 20
DAYS MIN <= 0 0
PRECIPITATION (INCHES)
RECORD
MAXIMUM 3.97 1983
MINIMUM T 1939
TOTALS 0.53 1.22 -0.69
DAYS >= .01 5
DAYS >= .10 2
DAYS >= .50 0
DAYS >= 1.00 0
GREATEST
24 HR. TOTAL 0.39 11/19 TO 11/20
SNOWFALL (INCHES)
RECORDS
TOTAL 22.6 1983
TOTALS 1.7 3.2 -1.5
SINCE 7/1 2.5
DAYS >= 1.0 1
GREATEST
SNOW DEPTH 1 11/25
11/26
24 HR TOTAL 1.7 11/24 TO 11/25
DEGREE DAYS
HEATING TOTAL 696 848 -152
SINCE 7/1 1126 1426 -300
COOLING TOTAL 0 0 0
SINCE 1/1 1226 907 319
................................................
WIND (MPH)
AVERAGE WIND SPEED 9.6
HIGHEST WIND SPEED/DIRECTION 35/340 DATE 11/21
HIGHEST GUST SPEED/DIRECTION 47/330 DATE 11/21
SKY COVER
AVERAGE SKY COVER 0.21
WEATHER CONDITIONS. NUMBER OF DAYS WITH
THUNDERSTORM 0 MIXED PRECIP 0
HEAVY RAIN 0 RAIN 1
LIGHT RAIN 3 FREEZING RAIN 0
LT FREEZING RAIN 0 HAIL 0
HEAVY SNOW 0 SNOW 0
LIGHT SNOW 4 SLEET 0
FOG 7 FOG W/VIS <= 1/4 MILE 0
HAZE 3
- INDICATES NEGATIVE NUMBERS.
R INDICATES RECORD WAS SET OR TIED.
MM INDICATES DATA IS MISSING.
T INDICATES TRACE AMOUNT.
&&
NOVEMBER IN NORFOLK WAS MUCH WARMER AND AND DRIER THAN NORMAL. THE
MONTH ENDED UP A WHOPPING 4.8 DEGREES ABOVE NORMAL FOR AVERAGE
TEMPERATURE AND 0.69 INCHES BELOW NORMAL FOR PRECIPITATION.
IT WAS THE 12TH WARMEST NOVEMBER ON RECORD (1893-2023).
NEW DAILY RECORDS FOR NOVEMBER 2023
DATE RECORD VALUE PREVIOUS RECORD
NONE
$$