000
CXUS54 KOUN 011520
CLMOKC
CLIMATE REPORT
NATIONAL WEATHER SERVICE NORMAN OK
920 AM CST THU FEB 01 2024
...................................
...THE OKLAHOMA CITY CLIMATE SUMMARY FOR THE MONTH OF JANUARY 2024...
CLIMATE NORMAL PERIOD 1991 TO 2020
CLIMATE RECORD PERIOD 1890 TO 2024
WEATHER OBSERVED NORMAL DEPART LAST YEAR`S
VALUE DATE(S) VALUE FROM VALUE
NORMAL
..............................................................
TEMPERATURE (F)
RECORD
HIGH 83 01/31/1911
LOW -11 01/19/1892
HIGHEST 72 70 2 72
LOWEST 1 8 -7 16
AVG. MAXIMUM 43.7 49.3 -5.6 54.4
AVG. MINIMUM 24.0 27.0 -3.0 31.0
MEAN 33.9 38.2 -4.3 42.7
DAYS MAX >= 90 0 0.0 0.0 0
DAYS MAX <= 32 7 2.9 4.1 2
DAYS MIN <= 32 24 21.8 2.2 20
DAYS MIN <= 0 0 0.0 0.0 0
PRECIPITATION (INCHES)
RECORD
MAXIMUM 5.64 1949
MINIMUM 0.00 1986
TOTALS 1.80 1.32 0.48 0.86
DAILY AVG. 0.06 0.04 0.02 0.03
DAYS >= .01 9 5.0 4.0 6
DAYS >= .10 6 2.3 3.7 2
DAYS >= .50 1 0.8 0.2 1
DAYS >= 1.00 0 0.3 -0.3 0
GREATEST
24 HR. TOTAL 0.56 01/26 TO 01/27
SNOWFALL (INCHES)
TOTALS 0.1 1.8 -1.7
SINCE 7/1 0.1 4.1 -4.0
DEGREE DAYS
HEATING TOTAL 956 832 124 685
SINCE 7/1 2136 2279 -143
..............................................................
WIND (MPH)
AVERAGE WIND SPEED 11.0
HIGHEST WIND SPEED/DIRECTION 41/310 DATE 01/09
HIGHEST GUST SPEED/DIRECTION 54/310 DATE 01/09
WEATHER CONDITIONS. NUMBER OF DAYS WITH
THUNDERSTORM 1 MIXED PRECIP 0
HEAVY RAIN 1 RAIN 2
LIGHT RAIN 10 FREEZING RAIN 0
LT FREEZING RAIN 2 HAIL 0
HEAVY SNOW 0 SNOW 0
LIGHT SNOW 4 SLEET 0
FOG 13 FOG W/VIS <= 1/4 MILE 5
HAZE 0
- INDICATES NEGATIVE NUMBERS.
R INDICATES RECORD WAS SET OR TIED.
MM INDICATES DATA IS MISSING.
T INDICATES TRACE AMOUNT.
...............................................................
RECORDS/REMARKS
NEW RECORD COLD MAXIMUM TEMPERATURE OF 8 DEGREES SET ON JAN 14.
TOTAL PRECIPITATION FOR 2024 IS 1.80 INCHES.
$$